{"id":870,"date":"2022-09-11T12:34:27","date_gmt":"2022-09-11T10:34:27","guid":{"rendered":"http:\/\/blogsaverroes.juntadeandalucia.es\/pre\/ceip\/?page_id=103"},"modified":"2023-10-25T22:04:53","modified_gmt":"2023-10-25T20:04:53","slug":"aula-matinal","status":"publish","type":"page","link":"https:\/\/blogsaverroes.juntadeandalucia.es\/ceipvirgendeloreto\/aula-matinal\/","title":{"rendered":"Aula Matinal"},"content":{"rendered":"<p><a href=\"https:\/\/blogsaverroes.juntadeandalucia.es\/ceipvirgendeloreto\/files\/2020\/08\/aula-matinal2.png\"><img loading=\"lazy\" decoding=\"async\" class=\"wp-image-2212 alignleft\" src=\"https:\/\/blogsaverroes.juntadeandalucia.es\/ceipvirgendeloreto\/files\/2020\/08\/aula-matinal2-300x264.png\" alt=\"\" width=\"247\" height=\"217\" srcset=\"https:\/\/blogsaverroes.juntadeandalucia.es\/ceipvirgendeloreto\/files\/2020\/08\/aula-matinal2-300x264.png 300w, https:\/\/blogsaverroes.juntadeandalucia.es\/ceipvirgendeloreto\/files\/2020\/08\/aula-matinal2-24x21.png 24w, https:\/\/blogsaverroes.juntadeandalucia.es\/ceipvirgendeloreto\/files\/2020\/08\/aula-matinal2-36x32.png 36w, https:\/\/blogsaverroes.juntadeandalucia.es\/ceipvirgendeloreto\/files\/2020\/08\/aula-matinal2-48x42.png 48w, https:\/\/blogsaverroes.juntadeandalucia.es\/ceipvirgendeloreto\/files\/2020\/08\/aula-matinal2.png 468w\" sizes=\"(max-width: 247px) 100vw, 247px\" \/><\/a><\/p>\n<p>&nbsp; &nbsp; &nbsp;El <strong>AULA MATINAL<\/strong> es un servicio de apoyo a las familias que consiste en la atenci\u00f3n educativa a los alumnos de las etapas de Infantil y Primaria durante el horario que oscila entre las<strong> 7:30 a las 9:00 h<\/strong>. de la ma\u00f1ana, de lunes a viernes. No obstante, los alumnos pueden iniciar esta actividad dentro de este tramo horario y no forzosamente a las 7:30h.<\/p>\n<p>&nbsp;<\/p>\n<p>&nbsp; &nbsp; &nbsp;Su objetivo principal es el de conciliar la vida familiar y escolar, ayudando as\u00ed a las familias en ese tramo horario de la ma\u00f1ana.<\/p>\n<p><strong>Empresa que realiza el servicio:<\/strong> &nbsp;<span style=\"color: #0000ff\"><strong>CELEMIN<\/strong><\/span>&nbsp;<\/p>\n<p><strong>Precio<\/strong>:&nbsp; 17,51\u20ac por mes o 1,33\u20ac \/d\u00eda (Acuerdo de 27 de julio de 2023 del Consejo de Gobierno).<\/p>\n<p>Se puede solicitar bonificaci\u00f3n para este servicio. Fecha de solicitud del 1 al 8 de septiembre<\/p>\n<p><strong>Bonificaciones<\/strong>: Las solicitudes de bonificaci\u00f3n \/ gratuidad podr\u00e1n realizarse telem\u00e1ticamente a trav\u00e9s de la Secretar\u00eda virtual presentando el anexo V de la orden de 17 de abril de 2017 de servicios complementarios.<\/p>\n<p><strong>P\u00e1gina web de la Consejer\u00eda de Educaci\u00f3n \/ Oficina virtual \/ Secretar\u00eda virtual de los centros \/ Solicitudes \/ Tr\u00e1mite general \/ Presentaci\u00f3n electr\u00f3nica general en centros educativos.<\/strong><\/p>\n<p>Enlace:&nbsp; &nbsp;<a href=\"https:\/\/www.juntadeandalucia.es\/educacion\/secretariavirtual\/accesoTramite\/462\/\">https:\/\/www.juntadeandalucia.es\/educacion\/secretariavirtual\/accesoTramite\/462\/<\/a><\/p>\n<p>&nbsp;<\/p>\n","protected":false},"excerpt":{"rendered":"<p>&nbsp; &nbsp; &nbsp;El AULA MATINAL es un servicio de apoyo a las familias que consiste en la atenci\u00f3n educativa a los alumnos de las etapas de Infantil y Primaria durante el horario que oscila&#46;&#46;&#46;<\/p>\n","protected":false},"author":1,"featured_media":0,"parent":0,"menu_order":0,"comment_status":"open","ping_status":"open","template":"","meta":{"ngg_post_thumbnail":0,"footnotes":"","_mc_calendar":[]},"aioseo_notices":[],"_links":{"self":[{"href":"https:\/\/blogsaverroes.juntadeandalucia.es\/ceipvirgendeloreto\/wp-json\/wp\/v2\/pages\/870"}],"collection":[{"href":"https:\/\/blogsaverroes.juntadeandalucia.es\/ceipvirgendeloreto\/wp-json\/wp\/v2\/pages"}],"about":[{"href":"https:\/\/blogsaverroes.juntadeandalucia.es\/ceipvirgendeloreto\/wp-json\/wp\/v2\/types\/page"}],"author":[{"embeddable":true,"href":"https:\/\/blogsaverroes.juntadeandalucia.es\/ceipvirgendeloreto\/wp-json\/wp\/v2\/users\/1"}],"replies":[{"embeddable":true,"href":"https:\/\/blogsaverroes.juntadeandalucia.es\/ceipvirgendeloreto\/wp-json\/wp\/v2\/comments?post=870"}],"version-history":[{"count":15,"href":"https:\/\/blogsaverroes.juntadeandalucia.es\/ceipvirgendeloreto\/wp-json\/wp\/v2\/pages\/870\/revisions"}],"predecessor-version":[{"id":2924,"href":"https:\/\/blogsaverroes.juntadeandalucia.es\/ceipvirgendeloreto\/wp-json\/wp\/v2\/pages\/870\/revisions\/2924"}],"wp:attachment":[{"href":"https:\/\/blogsaverroes.juntadeandalucia.es\/ceipvirgendeloreto\/wp-json\/wp\/v2\/media?parent=870"}],"curies":[{"name":"wp","href":"https:\/\/api.w.org\/{rel}","templated":true}]}}

<p><a href="https://blogsaverroes.juntadeandalucia.es/ceipvirgendeloreto/files/2020/08/aula-matinal2.png"><img loading="lazy" decoding="async" class="wp-image-2212 alignleft" src="https://blogsaverroes.juntadeandalucia.es/ceipvirgendeloreto/files/2020/08/aula-matinal2-300x264.png" alt="" width="247" height="217" srcset="https://blogsaverroes.juntadeandalucia.es/ceipvirgendeloreto/files/2020/08/aula-matinal2-300x264.png 300w, https://blogsaverroes.juntadeandalucia.es/ceipvirgendeloreto/files/2020/08/aula-matinal2-24x21.png 24w, https://blogsaverroes.juntadeandalucia.es/ceipvirgendeloreto/files/2020/08/aula-matinal2-36x32.png 36w, https://blogsaverroes.juntadeandalucia.es/ceipvirgendeloreto/files/2020/08/aula-matinal2-48x42.png 48w, https://blogsaverroes.juntadeandalucia.es/ceipvirgendeloreto/files/2020/08/aula-matinal2.png 468w" sizes="(max-width: 247px) 100vw, 247px" /></a></p>
<p>&nbsp; &nbsp; &nbsp;El <strong>AULA MATINAL</strong> es un servicio de apoyo a las familias que consiste en la atención educativa a los alumnos de las etapas de Infantil y Primaria durante el horario que oscila entre las<strong> 7:30 a las 9:00 h</strong>. de la mañana, de lunes a viernes. No obstante, los alumnos pueden iniciar esta actividad dentro de este tramo horario y no forzosamente a las 7:30h.</p>
<p>&nbsp;</p>
<p>&nbsp; &nbsp; &nbsp;Su objetivo principal es el de conciliar la vida familiar y escolar, ayudando así a las familias en ese tramo horario de la mañana.</p>
<p><strong>Empresa que realiza el servicio:</strong> &nbsp;<span style="color: #0000ff"><strong>CELEMIN</strong></span>&nbsp;</p>
<p><strong>Precio</strong>:&nbsp; 17,51€ por mes o 1,33€ /día (Acuerdo de 27 de julio de 2023 del Consejo de Gobierno).</p>
<p>Se puede solicitar bonificación para este servicio. Fecha de solicitud del 1 al 8 de septiembre</p>
<p><strong>Bonificaciones</strong>: Las solicitudes de bonificación / gratuidad podrán realizarse telemáticamente a través de la Secretaría virtual presentando el anexo V de la orden de 17 de abril de 2017 de servicios complementarios.</p>
<p><strong>Página web de la Consejería de Educación / Oficina virtual / Secretaría virtual de los centros / Solicitudes / Trámite general / Presentación electrónica general en centros educativos.</strong></p>
<p>Enlace:&nbsp; &nbsp;<a href="https://www.juntadeandalucia.es/educacion/secretariavirtual/accesoTramite/462/">https://www.juntadeandalucia.es/educacion/secretariavirtual/accesoTramite/462/</a></p>
<p>&nbsp;</p>

<p>&nbsp; &nbsp; &nbsp;El AULA MATINAL es un servicio de apoyo a las familias que consiste en la atención educativa a los alumnos de las etapas de Infantil y Primaria durante el horario que oscila&#46;&#46;&#46;</p>
