{"id":44,"date":"2015-03-13T08:42:15","date_gmt":"2015-03-13T08:42:15","guid":{"rendered":"http:\/\/blogsaverroes.juntadeandalucia.es\/pre\/ceip\/?page_id=44"},"modified":"2021-10-25T10:53:01","modified_gmt":"2021-10-25T08:53:01","slug":"planes-y-proyectos","status":"publish","type":"page","link":"https:\/\/blogsaverroes.juntadeandalucia.es\/ceipvirgendelrociocamas\/planes-y-proyectos\/","title":{"rendered":"Planes y Programas"},"content":{"rendered":"<p><img loading=\"lazy\" decoding=\"async\" class=\"size-medium wp-image-1667 aligncenter\" src=\"http:\/\/blogsaverroes.juntadeandalucia.es\/ceipvirgendelrociocamas\/files\/2015\/03\/planes-300x150.png\" alt=\"planes\" width=\"300\" height=\"150\" srcset=\"https:\/\/blogsaverroes.juntadeandalucia.es\/ceipvirgendelrociocamas\/files\/2015\/03\/planes-300x150.png 300w, https:\/\/blogsaverroes.juntadeandalucia.es\/ceipvirgendelrociocamas\/files\/2015\/03\/planes.png 640w\" sizes=\"(max-width: 300px) 100vw, 300px\" \/><\/p>\n<p>Este centro lleva a cabo los siguientes Planes y Programas. A continuaci\u00f3n se detallar\u00e1 el profesorado que los coordina:<\/p>\n<p>&nbsp;<\/p>\n<table style=\"width: 743px;border-color: #000000;background-color: #119ef0\">\n<tbody>\n<tr>\n<td style=\"width: 362.5px\"><span style=\"color: #ffffff\"><strong>PLANES<\/strong><\/span><\/td>\n<td style=\"width: 340.5px\"><span style=\"color: #ffffff\"><strong>COORDINADORES\/AS<\/strong><\/span><\/td>\n<\/tr>\n<tr>\n<td style=\"width: 362.5px\"><span style=\"color: #ffffff\"><strong>PLAN DE APERTURA<\/strong><\/span><\/td>\n<td style=\"width: 340.5px\"><span style=\"color: #ffffff\">Eugenio M\u00e9ndez Fern\u00e1ndez<\/span><\/td>\n<\/tr>\n<tr>\n<td style=\"width: 362.5px\"><span style=\"color: #ffffff\"><strong><a style=\"color: #ffffff\" href=\"http:\/\/blogsaverroes.juntadeandalucia.es\/ceipvirgendelrociocamas\/files\/2017\/04\/Plan-de-Autoprotecci\u00f3n-W.pdf\">PLAN DE RIESGOS LABORALES<\/a><\/strong><\/span><\/td>\n<td style=\"width: 340.5px\"><span style=\"color: #ffffff\">Manuel S\u00e1nchez del Valle<\/span><\/td>\n<\/tr>\n<tr>\n<td style=\"width: 362.5px\"><span style=\"color: #ffffff\"><strong><a style=\"color: #ffffff\" href=\"http:\/\/blogsaverroes.juntadeandalucia.es\/ceipvirgendelrociocamas\/files\/2015\/03\/WEB.-Proyecto-TIC-2.0.pdf\">PROYECTO TIC 2.0<\/a><\/strong><\/span><\/td>\n<td style=\"width: 340.5px\"><span style=\"color: #ffffff\">Eugenio M\u00e9ndez Fern\u00e1ndez<\/span><\/td>\n<\/tr>\n<tr>\n<td style=\"width: 362.5px\"><span style=\"color: #ffffff\"><strong><a style=\"color: #ffffff\" href=\"http:\/\/blogsaverroes.juntadeandalucia.es\/ceipvirgendelrociocamas\/files\/2015\/03\/WEB.-Biblioteca-organizaci\u00f3n-y-normas-de-uso.pdf\">PLAN DE LECTURA Y BIBLIOTECA<\/a><\/strong><\/span><\/td>\n<td style=\"width: 340.5px\"><span style=\"color: #ffffff\">Pilar Villegas Fuentes<\/span><\/td>\n<\/tr>\n<tr>\n<td style=\"width: 362.5px\"><span style=\"color: #ffffff\"><strong><a style=\"color: #ffffff\" href=\"http:\/\/blogsaverroes.juntadeandalucia.es\/ceipvirgendelrociocamas\/files\/2015\/03\/WEB.-Programa-Educativo-Creciendo-en-Salud.pdf\">PROGRAMA CRECIENDO EN SALUD<\/a><\/strong><\/span><\/td>\n<td style=\"width: 340.5px\"><span style=\"color: #ffffff\">Ver\u00f3nica Roiz Lafuente<\/span><\/td>\n<\/tr>\n<tr>\n<td style=\"width: 362.5px\"><span style=\"color: #ffffff\"><strong>PLAN DE IGUALDAD ENTRE HOMBRES Y MUJERES<\/strong><\/span><\/td>\n<td style=\"width: 340.5px\"><span style=\"color: #ffffff\">M\u00aa Carmen Garc\u00eda de Dionisio Aranda<\/span><\/td>\n<\/tr>\n<tr>\n<td style=\"width: 362.5px\"><span style=\"color: #ffffff\"><strong><a style=\"color: #ffffff\" href=\"http:\/\/blogsaverroes.juntadeandalucia.es\/ceipvirgendelrociocamas\/files\/2015\/03\/WEB.-PLAN-DE-MEJORAS-DE-LAS-COMPETENCIAS-B\u00c1SICAS.pdf\">PLAN DE MEJORAS DE LAS CCBB<\/a><\/strong><\/span><\/td>\n<td style=\"width: 340.5px\"><span style=\"color: #ffffff\">Participa todo el profesorado<\/span><\/td>\n<\/tr>\n<tr>\n<td style=\"width: 362.5px\"><span style=\"color: #ffffff\"><strong>PROYECTO EL QUINZET<\/strong><\/span><\/td>\n<td style=\"width: 340.5px\"><span style=\"color: #ffffff\">Participa todo el profesorado<\/span><\/td>\n<\/tr>\n<\/tbody>\n<\/table>\n<p>&nbsp;<\/p>\n<p>&nbsp;<\/p>\n","protected":false},"excerpt":{"rendered":"<p>Este centro lleva a cabo los siguientes Planes y Programas. A continuaci\u00f3n se detallar\u00e1 el profesorado que los coordina: &nbsp; PLANES COORDINADORES\/AS PLAN DE APERTURA Eugenio M\u00e9ndez Fern\u00e1ndez PLAN DE RIESGOS LABORALES Manuel S\u00e1nchez del Valle PROYECTO TIC 2.0 Eugenio M\u00e9ndez Fern\u00e1ndez PLAN DE LECTURA Y BIBLIOTECA Pilar Villegas Fuentes PROGRAMA CRECIENDO EN SALUD Ver\u00f3nica &hellip; <\/p>\n<p><a class=\"more-link btn\" href=\"https:\/\/blogsaverroes.juntadeandalucia.es\/ceipvirgendelrociocamas\/planes-y-proyectos\/\">Seguir leyendo<\/a><\/p>\n","protected":false},"author":1,"featured_media":0,"parent":0,"menu_order":0,"comment_status":"closed","ping_status":"closed","template":"","meta":{"ngg_post_thumbnail":0,"footnotes":"","_mc_calendar":[]},"aioseo_notices":[],"_links":{"self":[{"href":"https:\/\/blogsaverroes.juntadeandalucia.es\/ceipvirgendelrociocamas\/wp-json\/wp\/v2\/pages\/44"}],"collection":[{"href":"https:\/\/blogsaverroes.juntadeandalucia.es\/ceipvirgendelrociocamas\/wp-json\/wp\/v2\/pages"}],"about":[{"href":"https:\/\/blogsaverroes.juntadeandalucia.es\/ceipvirgendelrociocamas\/wp-json\/wp\/v2\/types\/page"}],"author":[{"embeddable":true,"href":"https:\/\/blogsaverroes.juntadeandalucia.es\/ceipvirgendelrociocamas\/wp-json\/wp\/v2\/users\/1"}],"replies":[{"embeddable":true,"href":"https:\/\/blogsaverroes.juntadeandalucia.es\/ceipvirgendelrociocamas\/wp-json\/wp\/v2\/comments?post=44"}],"version-history":[{"count":15,"href":"https:\/\/blogsaverroes.juntadeandalucia.es\/ceipvirgendelrociocamas\/wp-json\/wp\/v2\/pages\/44\/revisions"}],"predecessor-version":[{"id":5981,"href":"https:\/\/blogsaverroes.juntadeandalucia.es\/ceipvirgendelrociocamas\/wp-json\/wp\/v2\/pages\/44\/revisions\/5981"}],"wp:attachment":[{"href":"https:\/\/blogsaverroes.juntadeandalucia.es\/ceipvirgendelrociocamas\/wp-json\/wp\/v2\/media?parent=44"}],"curies":[{"name":"wp","href":"https:\/\/api.w.org\/{rel}","templated":true}]}}