{"id":5872,"date":"2021-03-12T08:26:18","date_gmt":"2021-03-12T07:26:18","guid":{"rendered":"https:\/\/blogsaverroes.juntadeandalucia.es\/ceipvirgendelrociocamas\/?page_id=5872"},"modified":"2025-04-29T12:53:05","modified_gmt":"2025-04-29T10:53:05","slug":"impulsa","status":"publish","type":"page","link":"https:\/\/blogsaverroes.juntadeandalucia.es\/ceipvirgendelrociocamas\/impulsa\/","title":{"rendered":"M\u00c1S EQUIDAD"},"content":{"rendered":"<p style=\"text-align: center\">Desde el curso 2024\/2025 el Programa Impulsa pasa a llamarse <strong>\u00abM\u00c1S EQUIDAD\u00bb<\/strong>. Este curso se van a llevar a cabo bajo este proyecto una salida al \u00abBosque Suspendido\u00bb en Bollullos de la Mitaci\u00f3n\u00bb<\/p>\n<p style=\"text-align: center\"><a href=\"https:\/\/blogsaverroes.juntadeandalucia.es\/ceipvirgendelrociocamas\/photo-2025-04-25-13-29-39\/\"><img loading=\"lazy\" decoding=\"async\" class=\" wp-image-6770 aligncenter\" src=\"https:\/\/blogsaverroes.juntadeandalucia.es\/ceipvirgendelrociocamas\/files\/2025\/04\/PHOTO-2025-04-25-13-29-39-300x233.jpg\" alt=\"\" width=\"403\" height=\"313\" srcset=\"https:\/\/blogsaverroes.juntadeandalucia.es\/ceipvirgendelrociocamas\/files\/2025\/04\/PHOTO-2025-04-25-13-29-39-300x233.jpg 300w, https:\/\/blogsaverroes.juntadeandalucia.es\/ceipvirgendelrociocamas\/files\/2025\/04\/PHOTO-2025-04-25-13-29-39-1024x796.jpg 1024w, https:\/\/blogsaverroes.juntadeandalucia.es\/ceipvirgendelrociocamas\/files\/2025\/04\/PHOTO-2025-04-25-13-29-39-768x597.jpg 768w, https:\/\/blogsaverroes.juntadeandalucia.es\/ceipvirgendelrociocamas\/files\/2025\/04\/PHOTO-2025-04-25-13-29-39-1536x1194.jpg 1536w, https:\/\/blogsaverroes.juntadeandalucia.es\/ceipvirgendelrociocamas\/files\/2025\/04\/PHOTO-2025-04-25-13-29-39-750x583.jpg 750w, https:\/\/blogsaverroes.juntadeandalucia.es\/ceipvirgendelrociocamas\/files\/2025\/04\/PHOTO-2025-04-25-13-29-39.jpg 1600w\" sizes=\"(max-width: 403px) 100vw, 403px\" \/><\/a> <a href=\"https:\/\/blogsaverroes.juntadeandalucia.es\/ceipvirgendelrociocamas\/photo-2025-04-25-13-36-41\/\"><img loading=\"lazy\" decoding=\"async\" class=\" wp-image-6769 aligncenter\" src=\"https:\/\/blogsaverroes.juntadeandalucia.es\/ceipvirgendelrociocamas\/files\/2025\/04\/PHOTO-2025-04-25-13-36-41-300x176.jpg\" alt=\"\" width=\"474\" height=\"278\" srcset=\"https:\/\/blogsaverroes.juntadeandalucia.es\/ceipvirgendelrociocamas\/files\/2025\/04\/PHOTO-2025-04-25-13-36-41-300x176.jpg 300w, https:\/\/blogsaverroes.juntadeandalucia.es\/ceipvirgendelrociocamas\/files\/2025\/04\/PHOTO-2025-04-25-13-36-41-1024x599.jpg 1024w, https:\/\/blogsaverroes.juntadeandalucia.es\/ceipvirgendelrociocamas\/files\/2025\/04\/PHOTO-2025-04-25-13-36-41-768x449.jpg 768w, https:\/\/blogsaverroes.juntadeandalucia.es\/ceipvirgendelrociocamas\/files\/2025\/04\/PHOTO-2025-04-25-13-36-41-1536x899.jpg 1536w, https:\/\/blogsaverroes.juntadeandalucia.es\/ceipvirgendelrociocamas\/files\/2025\/04\/PHOTO-2025-04-25-13-36-41-750x439.jpg 750w, https:\/\/blogsaverroes.juntadeandalucia.es\/ceipvirgendelrociocamas\/files\/2025\/04\/PHOTO-2025-04-25-13-36-41.jpg 1600w\" sizes=\"(max-width: 474px) 100vw, 474px\" \/><\/a><\/p>\n<p>&nbsp;<\/p>\n<p>&nbsp;<\/p>\n<p>&nbsp;<\/p>\n<p>Por segundo a\u00f1o consecutivo nuestro Centro va a participar del Programa Impulsa. Tras el \u00e9xito del curso pasado, aportando al profesorado y al alumnado formaci\u00f3n en materia socioeducativa, este a\u00f1o el Programa va enfocado al alumnado de 5\u00ba, 6\u00ba y Grupo Multinivel.<\/p>\n<h1 style=\"text-align: center\"><strong><span style=\"color: #ff0000\"><a style=\"color: #ff0000\" href=\"https:\/\/blogsaverroes.juntadeandalucia.es\/ceipvirgendelrociocamas\/files\/2021\/03\/YO-APORTO-BIEN-2.pdf\">YO APORTO BIEN<\/a><\/span><\/strong><\/h1>\n<div class=\"embed-container\"><iframe title=\"Yo aporto bien\" src=\"https:\/\/e.issuu.com\/embed.html?u=alfaqueque&#038;d=yo_aporto_bien__2_\" style=\"border:none; width: 750px; height: 575px;\" allow=\"clipboard-write,allow-top-navigation,allow-top-navigation-by-user-activation,allow-downloads,allow-scripts,allow-same-origin,allow-popups,allow-modals,allow-popups-to-escape-sandbox,allow-forms\"  allowfullscreen=\"true\"><\/iframe><\/div>\n<p>&nbsp;<\/p>\n","protected":false},"excerpt":{"rendered":"<p>Desde el curso 2024\/2025 el Programa Impulsa pasa a llamarse \u00abM\u00c1S EQUIDAD\u00bb. Este curso se van a llevar a cabo bajo este proyecto una salida al \u00abBosque Suspendido\u00bb en Bollullos de la Mitaci\u00f3n\u00bb &nbsp; &nbsp; &nbsp; Por segundo a\u00f1o consecutivo nuestro Centro va a participar del Programa Impulsa. Tras el \u00e9xito del curso pasado, aportando &hellip; <\/p>\n<p><a class=\"more-link btn\" href=\"https:\/\/blogsaverroes.juntadeandalucia.es\/ceipvirgendelrociocamas\/impulsa\/\">Seguir leyendo<\/a><\/p>\n","protected":false},"author":4920,"featured_media":0,"parent":0,"menu_order":0,"comment_status":"closed","ping_status":"closed","template":"","meta":{"ngg_post_thumbnail":0,"footnotes":"","_mc_calendar":[]},"aioseo_notices":[],"_links":{"self":[{"href":"https:\/\/blogsaverroes.juntadeandalucia.es\/ceipvirgendelrociocamas\/wp-json\/wp\/v2\/pages\/5872"}],"collection":[{"href":"https:\/\/blogsaverroes.juntadeandalucia.es\/ceipvirgendelrociocamas\/wp-json\/wp\/v2\/pages"}],"about":[{"href":"https:\/\/blogsaverroes.juntadeandalucia.es\/ceipvirgendelrociocamas\/wp-json\/wp\/v2\/types\/page"}],"author":[{"embeddable":true,"href":"https:\/\/blogsaverroes.juntadeandalucia.es\/ceipvirgendelrociocamas\/wp-json\/wp\/v2\/users\/4920"}],"replies":[{"embeddable":true,"href":"https:\/\/blogsaverroes.juntadeandalucia.es\/ceipvirgendelrociocamas\/wp-json\/wp\/v2\/comments?post=5872"}],"version-history":[{"count":8,"href":"https:\/\/blogsaverroes.juntadeandalucia.es\/ceipvirgendelrociocamas\/wp-json\/wp\/v2\/pages\/5872\/revisions"}],"predecessor-version":[{"id":6772,"href":"https:\/\/blogsaverroes.juntadeandalucia.es\/ceipvirgendelrociocamas\/wp-json\/wp\/v2\/pages\/5872\/revisions\/6772"}],"wp:attachment":[{"href":"https:\/\/blogsaverroes.juntadeandalucia.es\/ceipvirgendelrociocamas\/wp-json\/wp\/v2\/media?parent=5872"}],"curies":[{"name":"wp","href":"https:\/\/api.w.org\/{rel}","templated":true}]}}