{"id":332,"date":"2026-03-05T10:48:20","date_gmt":"2026-03-05T09:48:20","guid":{"rendered":"https:\/\/blogsaverroes.juntadeandalucia.es\/ceipvirgendelunavva\/?page_id=332"},"modified":"2026-04-16T11:29:13","modified_gmt":"2026-04-16T09:29:13","slug":"programas-culturales","status":"publish","type":"page","link":"https:\/\/blogsaverroes.juntadeandalucia.es\/ceipvirgendelunavva\/proa-transformate\/programas-culturales\/","title":{"rendered":"PROGRAMAS CULTURALES"},"content":{"rendered":"<p><img loading=\"lazy\" decoding=\"async\" class=\"aligncenter\" src=\"https:\/\/www.juntadeandalucia.es\/educacion\/eaprendizaje\/wp-content\/uploads\/2025\/09\/Logos-Programas-Culturales.png\" width=\"246\" height=\"246\" \/><\/p>\n<p class=\"cvGsUA direction-ltr align-justify para-style-body\"><span class=\"a_GcMg font-feature-liga-off font-feature-clig-off font-feature-calt-off text-decoration-none text-strikethrough-none\">Los <strong>Programas Culturales<\/strong> forman parte de una estrategia que busca facilitar el acceso del alumnado a los bienes culturales, as\u00ed como fomentar su participaci\u00f3n activa, creativa y cr\u00edtica en el entorno cultural.<\/span><\/p>\n<p class=\"cvGsUA direction-ltr align-justify para-style-body\"><span class=\"a_GcMg font-feature-liga-off font-feature-clig-off font-feature-calt-off text-decoration-none text-strikethrough-none\">Los centros educativos desarrollan proyectos interdisciplinarios y vivenciales, situando la cultura como un elemento esencial para la construcci\u00f3n de identidades, la cohesi\u00f3n social y el aprendizaje significativo.<\/span><\/p>\n<p>En concreto, este programa contempla los siguientes objetivos:<\/p>\n<ul>\n<li><span class=\"a_GcMg font-feature-liga-off font-feature-clig-off font-feature-calt-off text-decoration-none text-strikethrough-none\">Potenciar el desarrollo de la competencia cultural y art\u00edstica del alumnado.<\/span><\/li>\n<li><span class=\"a_GcMg font-feature-liga-off font-feature-clig-off font-feature-calt-off text-decoration-none text-strikethrough-none\">Favorecer la apropiaci\u00f3n, disfrute y respeto del patrimonio y la cultura andaluza.<\/span><\/li>\n<li><span class=\"a_GcMg font-feature-liga-off font-feature-clig-off font-feature-calt-off text-decoration-none text-strikethrough-none\">Promover la creaci\u00f3n colectiva, el pensamiento cr\u00edtico y la expresi\u00f3n emocional.<\/span><\/li>\n<li><span class=\"a_GcMg font-feature-liga-off font-feature-clig-off font-feature-calt-off text-decoration-none text-strikethrough-none\">Facilitar la integraci\u00f3n del arte y la cultura en el curr\u00edculo desde metodolog\u00edas activas.<\/span><\/li>\n<li><span class=\"a_GcMg font-feature-liga-off font-feature-clig-off font-feature-calt-off text-decoration-none text-strikethrough-none\">Establecer v\u00ednculos entre la escuela, el entorno y los agentes culturales.<\/span><\/li>\n<\/ul>\n<p>Desde nuestro centro, todos los cursos acuden al Teatro Municipal de nuestra localidad para visionar distintos espect\u00e1culos de distintos \u00e1mbitos y dirigidos a los distintos niveles ofertadas por la empresa ABECEDARIA.<\/p>\n","protected":false},"excerpt":{"rendered":"<p>Los Programas Culturales forman parte de una estrategia que busca facilitar el acceso del alumnado a los bienes culturales, as\u00ed como fomentar su participaci\u00f3n activa, creativa y cr\u00edtica en el entorno cultural. Los centros educativos desarrollan proyectos interdisciplinarios y vivenciales, situando la cultura como un elemento esencial para la construcci\u00f3n de identidades, la cohesi\u00f3n social &hellip; <\/p>\n<p><a class=\"more-link btn\" href=\"https:\/\/blogsaverroes.juntadeandalucia.es\/ceipvirgendelunavva\/proa-transformate\/programas-culturales\/\">Seguir leyendo<\/a><\/p>\n","protected":false},"author":21377,"featured_media":0,"parent":12,"menu_order":0,"comment_status":"closed","ping_status":"closed","template":"","meta":{"footnotes":""},"aioseo_notices":[],"_links":{"self":[{"href":"https:\/\/blogsaverroes.juntadeandalucia.es\/ceipvirgendelunavva\/wp-json\/wp\/v2\/pages\/332"}],"collection":[{"href":"https:\/\/blogsaverroes.juntadeandalucia.es\/ceipvirgendelunavva\/wp-json\/wp\/v2\/pages"}],"about":[{"href":"https:\/\/blogsaverroes.juntadeandalucia.es\/ceipvirgendelunavva\/wp-json\/wp\/v2\/types\/page"}],"author":[{"embeddable":true,"href":"https:\/\/blogsaverroes.juntadeandalucia.es\/ceipvirgendelunavva\/wp-json\/wp\/v2\/users\/21377"}],"replies":[{"embeddable":true,"href":"https:\/\/blogsaverroes.juntadeandalucia.es\/ceipvirgendelunavva\/wp-json\/wp\/v2\/comments?post=332"}],"version-history":[{"count":6,"href":"https:\/\/blogsaverroes.juntadeandalucia.es\/ceipvirgendelunavva\/wp-json\/wp\/v2\/pages\/332\/revisions"}],"predecessor-version":[{"id":447,"href":"https:\/\/blogsaverroes.juntadeandalucia.es\/ceipvirgendelunavva\/wp-json\/wp\/v2\/pages\/332\/revisions\/447"}],"up":[{"embeddable":true,"href":"https:\/\/blogsaverroes.juntadeandalucia.es\/ceipvirgendelunavva\/wp-json\/wp\/v2\/pages\/12"}],"wp:attachment":[{"href":"https:\/\/blogsaverroes.juntadeandalucia.es\/ceipvirgendelunavva\/wp-json\/wp\/v2\/media?parent=332"}],"curies":[{"name":"wp","href":"https:\/\/api.w.org\/{rel}","templated":true}]}}