{"id":144,"date":"2015-03-17T07:46:28","date_gmt":"2015-03-17T07:46:28","guid":{"rendered":"http:\/\/blogsaverroes.juntadeandalucia.es\/pre\/ceip\/?page_id=144"},"modified":"2021-10-31T16:02:16","modified_gmt":"2021-10-31T16:02:16","slug":"orientacion","status":"publish","type":"page","link":"https:\/\/blogsaverroes.juntadeandalucia.es\/ceipvirgendemontemayor\/orientacion\/","title":{"rendered":"E.O.E"},"content":{"rendered":"<p>\u201cLos <strong>Equipos de Orientaci\u00f3n Educativa (EOE)<\/strong> son unidades b\u00e1sicas de orientaci\u00f3n psicopedag\u00f3gica, que mediante el desarrollo de funciones especializadas en las \u00e1reas de orientaci\u00f3n educativa, atenci\u00f3n al alumnado con necesidades educativas especiales, compensaci\u00f3n educativa y apoyo a la funci\u00f3n tutorial del profesorado act\u00faan en el conjunto de centros de una zona\u201d.(Decreto 213\/1995, de 12 de septiembre).<\/p>\n<p><img loading=\"lazy\" decoding=\"async\" class=\"aligncenter\" src=\"https:\/\/www.maristassevilla.net\/wp-content\/uploads\/sites\/13\/2021\/01\/orientacion.jpg\" alt=\"EQUIPO DE ORIENTACI\u00d3N Y L\u00cdNEAS DE TRABAJO - Maristas SevillaMaristas Sevilla\" width=\"464\" height=\"226\"><\/p>\n<ul>\n<li><strong><u>LOS OBJETIVOS DEL EOE:<\/u><\/strong>\n<ul>\n<li>Facilitar la socializaci\u00f3n. Posibilitando el desarrollo personal y social<\/li>\n<li>Facilitar la adaptaci\u00f3n escolar. Adaptar no para controlar, ni para dirigir, si no para ofertar ayudas para que los alumnos para que se comprendan mejor as\u00ed mimos, al mundo que les rodea y desarrollen su propio proyecto vital y profesional.<\/li>\n<li>Prevenir las dificultades de aprendizaje, desarrollando habilidades para aprender a aprender.<\/li>\n<li>Potenciar la vinculaci\u00f3n de la escuela y la familia.<\/li>\n<li>Personalizar la educaci\u00f3n, para que esta se ajuste a las peculiaridades y potencialidades del alumno y de los grupos.<\/li>\n<li>Iniciar a los alumnos en el uso de las t\u00e9cnicas de estudio y trabajo intelectual, que le permita adquirir un sentido cr\u00edtico favorezca la autonom\u00eda personal.<\/li>\n<li>Posibilitar la coordinaci\u00f3n del trabajo del profesorado, teniendo en cuenta las necesidades, los intereses y las expectativas del alumno y prestando atenci\u00f3n a las ideas y opiniones e las familias.<\/li>\n<\/ul>\n<\/li>\n<\/ul>\n<ul>\n<li><strong><u>FINALIDADES DEL EOE: <\/u><\/strong>\n<ul>\n<li>Anticipadora y Preventiva de las dificultades, que optimice los procesos de ense\u00f1anza y aprendizaje.<\/li>\n<li>Combativa de la desigualdad en el \u00e1mbito educativo.<\/li>\n<li>Favorecedora de la diversidad.<\/li>\n<li>Preparadora para la vida. Educar es orientar para la vida.<\/li>\n<\/ul>\n<\/li>\n<\/ul>\n<p><strong><u>HORARIOS DE NUESTROS PROFESIONALES:<\/u><\/strong><\/p>\n<ul>\n<li><strong>Orientadora (Manuela Camacho Mart\u00edn):<\/strong> Lunes, martes y jueves semanales.<\/li>\n<li><strong>Educadora Social (Lina Cuaresma):<\/strong> Lunes (quincenal, 2\u00aa y 4\u00aa semana de cada mes) y mi\u00e9rcoles de la 1\u00aa y 3\u00aa semana del mes.<\/li>\n<li><strong>Logopeda (Mar\u00eda Nieto):<\/strong> Martes de la 2\u00aa semana del mes.<\/li>\n<li><strong>M\u00e9dico (en espera).<\/strong><\/li>\n<\/ul>\n","protected":false},"excerpt":{"rendered":"<p>\u201cLos Equipos de Orientaci\u00f3n Educativa (EOE) son unidades b\u00e1sicas de orientaci\u00f3n psicopedag\u00f3gica, que mediante el desarrollo de funciones especializadas en las \u00e1reas de orientaci\u00f3n educativa, atenci\u00f3n al alumnado con necesidades educativas especiales, compensaci\u00f3n educativa&#46;&#46;&#46;<\/p>\n","protected":false},"author":1,"featured_media":0,"parent":0,"menu_order":0,"comment_status":"closed","ping_status":"open","template":"","meta":{"ngg_post_thumbnail":0,"footnotes":"","_mc_calendar":[]},"aioseo_notices":[],"_links":{"self":[{"href":"https:\/\/blogsaverroes.juntadeandalucia.es\/ceipvirgendemontemayor\/wp-json\/wp\/v2\/pages\/144"}],"collection":[{"href":"https:\/\/blogsaverroes.juntadeandalucia.es\/ceipvirgendemontemayor\/wp-json\/wp\/v2\/pages"}],"about":[{"href":"https:\/\/blogsaverroes.juntadeandalucia.es\/ceipvirgendemontemayor\/wp-json\/wp\/v2\/types\/page"}],"author":[{"embeddable":true,"href":"https:\/\/blogsaverroes.juntadeandalucia.es\/ceipvirgendemontemayor\/wp-json\/wp\/v2\/users\/1"}],"replies":[{"embeddable":true,"href":"https:\/\/blogsaverroes.juntadeandalucia.es\/ceipvirgendemontemayor\/wp-json\/wp\/v2\/comments?post=144"}],"version-history":[{"count":9,"href":"https:\/\/blogsaverroes.juntadeandalucia.es\/ceipvirgendemontemayor\/wp-json\/wp\/v2\/pages\/144\/revisions"}],"predecessor-version":[{"id":5015,"href":"https:\/\/blogsaverroes.juntadeandalucia.es\/ceipvirgendemontemayor\/wp-json\/wp\/v2\/pages\/144\/revisions\/5015"}],"wp:attachment":[{"href":"https:\/\/blogsaverroes.juntadeandalucia.es\/ceipvirgendemontemayor\/wp-json\/wp\/v2\/media?parent=144"}],"curies":[{"name":"wp","href":"https:\/\/api.w.org\/{rel}","templated":true}]}}