{"id":42,"date":"2015-03-13T08:40:47","date_gmt":"2015-03-13T08:40:47","guid":{"rendered":"http:\/\/blogsaverroes.juntadeandalucia.es\/pre\/ceip\/?page_id=42"},"modified":"2022-03-04T12:21:11","modified_gmt":"2022-03-04T12:21:11","slug":"equipo-directivo","status":"publish","type":"page","link":"https:\/\/blogsaverroes.juntadeandalucia.es\/ceipvirgendesetefilla\/equipo-directivo\/","title":{"rendered":"Equipo directivo"},"content":{"rendered":"<p><a href=\"https:\/\/blogsaverroes.juntadeandalucia.es\/ceipvirgendesetefilla\/files\/2020\/11\/2.png\"><img loading=\"lazy\" decoding=\"async\" class=\"alignnone size-medium wp-image-2283\" src=\"https:\/\/blogsaverroes.juntadeandalucia.es\/ceipvirgendesetefilla\/files\/2020\/11\/2-300x195.png\" alt=\"\" width=\"300\" height=\"195\" srcset=\"https:\/\/blogsaverroes.juntadeandalucia.es\/ceipvirgendesetefilla\/files\/2020\/11\/2-300x195.png 300w, https:\/\/blogsaverroes.juntadeandalucia.es\/ceipvirgendesetefilla\/files\/2020\/11\/2-1024x665.png 1024w, https:\/\/blogsaverroes.juntadeandalucia.es\/ceipvirgendesetefilla\/files\/2020\/11\/2-768x499.png 768w, https:\/\/blogsaverroes.juntadeandalucia.es\/ceipvirgendesetefilla\/files\/2020\/11\/2-1536x998.png 1536w, https:\/\/blogsaverroes.juntadeandalucia.es\/ceipvirgendesetefilla\/files\/2020\/11\/2-24x16.png 24w, https:\/\/blogsaverroes.juntadeandalucia.es\/ceipvirgendesetefilla\/files\/2020\/11\/2-36x23.png 36w, https:\/\/blogsaverroes.juntadeandalucia.es\/ceipvirgendesetefilla\/files\/2020\/11\/2-48x31.png 48w, https:\/\/blogsaverroes.juntadeandalucia.es\/ceipvirgendesetefilla\/files\/2020\/11\/2.png 1600w\" sizes=\"(max-width: 300px) 100vw, 300px\" \/><\/a><\/p>\n<p><i>\u00bb A menudo, los logros dependen de un&nbsp;grupo de personas comprometidas luchando por un mismo fin. En este Centro, somos conscientes y creemos en el valor que tiene trabajar en equipo,&nbsp;otorgarle a cada participante de la comunidad educativa su lugar, y sobre todo, brindarle la oportunidad de aprender participando. Es por ello, que somos un GRAN EQUIPO, que lucha por PEQUE\u00d1OS SUE\u00d1OS, que se convierten en GRANDES METAS\u00bb.<\/i><\/p>\n<p><strong>Direcci\u00f3n: Aurelio&nbsp;Mart\u00ednez Fern\u00e1ndez<\/strong><\/p>\n<p><strong>Jefatura de estudios: Ana Requena Prieto<\/strong><\/p>\n<p><strong>Secretar\u00eda: Antonia Sof\u00eda Yuste Garc\u00eda<\/strong><\/p>\n","protected":false},"excerpt":{"rendered":"<p>\u00bb A menudo, los logros dependen de un&nbsp;grupo de personas comprometidas luchando por un mismo fin. En este Centro, somos conscientes y creemos en el valor que tiene trabajar en equipo,&nbsp;otorgarle a cada participante&#46;&#46;&#46;<\/p>\n","protected":false},"author":1,"featured_media":0,"parent":0,"menu_order":0,"comment_status":"closed","ping_status":"open","template":"","meta":{"ngg_post_thumbnail":0,"footnotes":"","_mc_calendar":[]},"aioseo_notices":[],"_links":{"self":[{"href":"https:\/\/blogsaverroes.juntadeandalucia.es\/ceipvirgendesetefilla\/wp-json\/wp\/v2\/pages\/42"}],"collection":[{"href":"https:\/\/blogsaverroes.juntadeandalucia.es\/ceipvirgendesetefilla\/wp-json\/wp\/v2\/pages"}],"about":[{"href":"https:\/\/blogsaverroes.juntadeandalucia.es\/ceipvirgendesetefilla\/wp-json\/wp\/v2\/types\/page"}],"author":[{"embeddable":true,"href":"https:\/\/blogsaverroes.juntadeandalucia.es\/ceipvirgendesetefilla\/wp-json\/wp\/v2\/users\/1"}],"replies":[{"embeddable":true,"href":"https:\/\/blogsaverroes.juntadeandalucia.es\/ceipvirgendesetefilla\/wp-json\/wp\/v2\/comments?post=42"}],"version-history":[{"count":7,"href":"https:\/\/blogsaverroes.juntadeandalucia.es\/ceipvirgendesetefilla\/wp-json\/wp\/v2\/pages\/42\/revisions"}],"predecessor-version":[{"id":2469,"href":"https:\/\/blogsaverroes.juntadeandalucia.es\/ceipvirgendesetefilla\/wp-json\/wp\/v2\/pages\/42\/revisions\/2469"}],"wp:attachment":[{"href":"https:\/\/blogsaverroes.juntadeandalucia.es\/ceipvirgendesetefilla\/wp-json\/wp\/v2\/media?parent=42"}],"curies":[{"name":"wp","href":"https:\/\/api.w.org\/{rel}","templated":true}]}}

<p><a href="https://blogsaverroes.juntadeandalucia.es/ceipvirgendesetefilla/files/2020/11/2.png"><img loading="lazy" decoding="async" class="alignnone size-medium wp-image-2283" src="https://blogsaverroes.juntadeandalucia.es/ceipvirgendesetefilla/files/2020/11/2-300x195.png" alt="" width="300" height="195" srcset="https://blogsaverroes.juntadeandalucia.es/ceipvirgendesetefilla/files/2020/11/2-300x195.png 300w, https://blogsaverroes.juntadeandalucia.es/ceipvirgendesetefilla/files/2020/11/2-1024x665.png 1024w, https://blogsaverroes.juntadeandalucia.es/ceipvirgendesetefilla/files/2020/11/2-768x499.png 768w, https://blogsaverroes.juntadeandalucia.es/ceipvirgendesetefilla/files/2020/11/2-1536x998.png 1536w, https://blogsaverroes.juntadeandalucia.es/ceipvirgendesetefilla/files/2020/11/2-24x16.png 24w, https://blogsaverroes.juntadeandalucia.es/ceipvirgendesetefilla/files/2020/11/2-36x23.png 36w, https://blogsaverroes.juntadeandalucia.es/ceipvirgendesetefilla/files/2020/11/2-48x31.png 48w, https://blogsaverroes.juntadeandalucia.es/ceipvirgendesetefilla/files/2020/11/2.png 1600w" sizes="(max-width: 300px) 100vw, 300px" /></a></p>
<p><i>» A menudo, los logros dependen de un&nbsp;grupo de personas comprometidas luchando por un mismo fin. En este Centro, somos conscientes y creemos en el valor que tiene trabajar en equipo,&nbsp;otorgarle a cada participante de la comunidad educativa su lugar, y sobre todo, brindarle la oportunidad de aprender participando. Es por ello, que somos un GRAN EQUIPO, que lucha por PEQUEÑOS SUEÑOS, que se convierten en GRANDES METAS».</i></p>
<p><strong>Dirección: Aurelio&nbsp;Martínez Fernández</strong></p>
<p><strong>Jefatura de estudios: Ana Requena Prieto</strong></p>
<p><strong>Secretaría: Antonia Sofía Yuste García</strong></p>
