{"id":2519,"date":"2021-02-11T09:51:56","date_gmt":"2021-02-11T09:51:56","guid":{"rendered":"https:\/\/blogsaverroes.juntadeandalucia.es\/ceipvistaalegre\/?page_id=2519"},"modified":"2022-06-16T14:03:25","modified_gmt":"2022-06-16T12:03:25","slug":"proyecto-historico-local-phl","status":"publish","type":"page","link":"https:\/\/blogsaverroes.juntadeandalucia.es\/ceipvistaalegre\/proyecto-historico-local-phl\/","title":{"rendered":"Proyecto Hist\u00f3rico Local PHL"},"content":{"rendered":"<p><a href=\"https:\/\/blogsaverroes.juntadeandalucia.es\/ceipvistaalegre\/files\/2021\/02\/Logo-Proyecto-Hist\u00f3rico.jpg\"><img loading=\"lazy\" decoding=\"async\" class=\"wp-image-2655 alignleft\" src=\"https:\/\/blogsaverroes.juntadeandalucia.es\/ceipvistaalegre\/files\/2021\/02\/Logo-Proyecto-Hist\u00f3rico.jpg\" alt=\"\" width=\"208\" height=\"206\" srcset=\"https:\/\/blogsaverroes.juntadeandalucia.es\/ceipvistaalegre\/files\/2021\/02\/Logo-Proyecto-Hist\u00f3rico.jpg 717w, https:\/\/blogsaverroes.juntadeandalucia.es\/ceipvistaalegre\/files\/2021\/02\/Logo-Proyecto-Hist\u00f3rico-300x297.jpg 300w, https:\/\/blogsaverroes.juntadeandalucia.es\/ceipvistaalegre\/files\/2021\/02\/Logo-Proyecto-Hist\u00f3rico-150x150.jpg 150w\" sizes=\"(max-width: 208px) 100vw, 208px\" \/><\/a><\/p>\n<p>El <strong>Proyecto Hist\u00f3rico Local (PHL)<\/strong> del CEIP Vista Alegre, lleva funcionando desde hace casi 10 a\u00f1os con el objetivo de dar a conocer la Historia y el Patrimonio de nuestra localidad, Sanl\u00facar de Barrameda, que durante muchos a\u00f1os estuvo oculta o poco estudiada en las aulas.<\/p>\n<p>&nbsp;<\/p>\n<p>&nbsp;<\/p>\n<p>&nbsp;<\/p>\n<p>El PHL est\u00e1 organizado en ciclos de 5 a\u00f1os o cursos escolares. En un momento de cada a\u00f1o, todo el alumnado realizar\u00e1 un proyecto de investigaci\u00f3n (adaptado a su nivel) por estas<strong> 5 etapas de la Historia de Sanl\u00facar,<\/strong> que a continuaci\u00f3n exponemos:<\/p>\n<ol>\n<li>Tartessos y la Edad Antigua. \u00bfY la Atl\u00e1ntida?<\/li>\n<li>La fundaci\u00f3n de Sanl\u00facar: los Guzmanes y Al-\u00c1ndalus en la Edad Media.<\/li>\n<li>Sanl\u00facar y la circunnavegaci\u00f3n de Magallanes y El Cano. Los cargadores de Indias.<\/li>\n<li>Sanl\u00facar en tiempos de Godoy. La constituci\u00f3n de 1812.<\/li>\n<li>Sanl\u00facar, referente tur\u00edstico en el s.XIX. Los Montpensier.<\/li>\n<\/ol>\n<p><img loading=\"lazy\" decoding=\"async\" class=\"alignnone wp-image-3188 size-full\" src=\"https:\/\/blogsaverroes.juntadeandalucia.es\/ceipvistaalegre\/files\/2022\/06\/Presentaci\u00f3n1-1.jpg\" alt=\"\" width=\"1280\" height=\"720\" srcset=\"https:\/\/blogsaverroes.juntadeandalucia.es\/ceipvistaalegre\/files\/2022\/06\/Presentaci\u00f3n1-1.jpg 1280w, https:\/\/blogsaverroes.juntadeandalucia.es\/ceipvistaalegre\/files\/2022\/06\/Presentaci\u00f3n1-1-300x169.jpg 300w, https:\/\/blogsaverroes.juntadeandalucia.es\/ceipvistaalegre\/files\/2022\/06\/Presentaci\u00f3n1-1-1024x576.jpg 1024w, https:\/\/blogsaverroes.juntadeandalucia.es\/ceipvistaalegre\/files\/2022\/06\/Presentaci\u00f3n1-1-768x432.jpg 768w\" sizes=\"(max-width: 1280px) 100vw, 1280px\" \/><\/p>\n<p>De esta forma, desde que un alumno entra en 3 a\u00f1os hasta que termina su escolaridad en 6\u00ba de Primaria, habr\u00e1 disfrutado de la posibilidad de <strong>investigar la Historia de Sanl\u00facar<\/strong> en las 5 etapas, al menos, en 2 ocasiones.<\/p>\n<p>La<strong> investigaci\u00f3n siempre se inicia con un objeto<\/strong>, documento, mapa, cuadro&#8230; que evoque un misterio por resolver. A partir de ah\u00ed, se pide colaboraci\u00f3n a los ni\u00f1os\/as que comienzan a <strong>recabar informaci\u00f3n a trav\u00e9s de m\u00faltiples medios<\/strong> (biblioteca, textos, b\u00fasquedas en Internet, colaboraci\u00f3n familiar&#8230;) que van <strong>exponiendo y debatiendo<\/strong> <a href=\"https:\/\/blogsaverroes.juntadeandalucia.es\/ceipvistaalegre\/files\/2021\/02\/Infograf\u00eda-Proyecto-Hist\u00f3rico.jpg\"><img loading=\"lazy\" decoding=\"async\" class=\"wp-image-2663  alignleft\" src=\"https:\/\/blogsaverroes.juntadeandalucia.es\/ceipvistaalegre\/files\/2021\/02\/Infograf\u00eda-Proyecto-Hist\u00f3rico-225x300.jpg\" alt=\"\" width=\"201\" height=\"268\" srcset=\"https:\/\/blogsaverroes.juntadeandalucia.es\/ceipvistaalegre\/files\/2021\/02\/Infograf\u00eda-Proyecto-Hist\u00f3rico-225x300.jpg 225w, https:\/\/blogsaverroes.juntadeandalucia.es\/ceipvistaalegre\/files\/2021\/02\/Infograf\u00eda-Proyecto-Hist\u00f3rico.jpg 720w\" sizes=\"(max-width: 201px) 100vw, 201px\" \/><\/a>en clase, con la ayuda de sus<strong> profesores, que orientan y dan forma a la investigaci\u00f3n<\/strong> para lograr objetivos presentes en la propia programaci\u00f3n. Durante ese proceso, siempre <strong>se organiza una excursi\u00f3n para poder conocer in situ todo el patrimonio local<\/strong> referente a dicha etapa de la Historia. Al final, la investigaci\u00f3n <strong>genera un portafolios de escritura del proyecto<\/strong> (un informe o proyecto de investigaci\u00f3n por escrito, a mano o digital) con los esquemas, res\u00famenes, conclusiones y un enorme mapa conceptual con el que dan respuesta a la pregunta o misterio que lo inici\u00f3. Todos estos aprendizajes se exponen en una <strong>fiesta de despedida del proyecto<\/strong>, donde el alumnado expone todo lo aprendido con vestimentas de la \u00e9poca, m\u00fasica, arte, talleres, juegos, representaciones teatrales&#8230; con las que <strong>concluir todo el trabajo y el empe\u00f1o<\/strong> puesto en el proyecto. Para finalizar, todos los materiales y productos generados suelen <strong>publicarse a trav\u00e9s de las redes sociales<\/strong>, revista del colegio y web del centro.<\/p>\n<p>Veamos algunos de los ejemplos de actividades realizadas en nuestros proyectos hist\u00f3ricos.<\/p>\nngg_shortcode_0_placeholder\n","protected":false},"excerpt":{"rendered":"<p>El Proyecto Hist\u00f3rico Local (PHL) del CEIP Vista Alegre, lleva funcionando desde hace casi 10 a\u00f1os con el objetivo de dar a conocer la Historia&hellip;<\/p>\n","protected":false},"author":3443,"featured_media":0,"parent":0,"menu_order":0,"comment_status":"closed","ping_status":"closed","template":"","meta":{"ngg_post_thumbnail":0,"footnotes":"","_mc_calendar":[]},"aioseo_notices":[],"_links":{"self":[{"href":"https:\/\/blogsaverroes.juntadeandalucia.es\/ceipvistaalegre\/wp-json\/wp\/v2\/pages\/2519"}],"collection":[{"href":"https:\/\/blogsaverroes.juntadeandalucia.es\/ceipvistaalegre\/wp-json\/wp\/v2\/pages"}],"about":[{"href":"https:\/\/blogsaverroes.juntadeandalucia.es\/ceipvistaalegre\/wp-json\/wp\/v2\/types\/page"}],"author":[{"embeddable":true,"href":"https:\/\/blogsaverroes.juntadeandalucia.es\/ceipvistaalegre\/wp-json\/wp\/v2\/users\/3443"}],"replies":[{"embeddable":true,"href":"https:\/\/blogsaverroes.juntadeandalucia.es\/ceipvistaalegre\/wp-json\/wp\/v2\/comments?post=2519"}],"version-history":[{"count":7,"href":"https:\/\/blogsaverroes.juntadeandalucia.es\/ceipvistaalegre\/wp-json\/wp\/v2\/pages\/2519\/revisions"}],"predecessor-version":[{"id":3189,"href":"https:\/\/blogsaverroes.juntadeandalucia.es\/ceipvistaalegre\/wp-json\/wp\/v2\/pages\/2519\/revisions\/3189"}],"wp:attachment":[{"href":"https:\/\/blogsaverroes.juntadeandalucia.es\/ceipvistaalegre\/wp-json\/wp\/v2\/media?parent=2519"}],"curies":[{"name":"wp","href":"https:\/\/api.w.org\/{rel}","templated":true}]}}

Proyecto Histórico Local PHL

<p><a href="https://blogsaverroes.juntadeandalucia.es/ceipvistaalegre/files/2021/02/Logo-Proyecto-Histórico.jpg"><img loading="lazy" decoding="async" class="wp-image-2655 alignleft" src="https://blogsaverroes.juntadeandalucia.es/ceipvistaalegre/files/2021/02/Logo-Proyecto-Histórico.jpg" alt="" width="208" height="206" srcset="https://blogsaverroes.juntadeandalucia.es/ceipvistaalegre/files/2021/02/Logo-Proyecto-Histórico.jpg 717w, https://blogsaverroes.juntadeandalucia.es/ceipvistaalegre/files/2021/02/Logo-Proyecto-Histórico-300x297.jpg 300w, https://blogsaverroes.juntadeandalucia.es/ceipvistaalegre/files/2021/02/Logo-Proyecto-Histórico-150x150.jpg 150w" sizes="(max-width: 208px) 100vw, 208px" /></a></p>
<p>El <strong>Proyecto Histórico Local (PHL)</strong> del CEIP Vista Alegre, lleva funcionando desde hace casi 10 años con el objetivo de dar a conocer la Historia y el Patrimonio de nuestra localidad, Sanlúcar de Barrameda, que durante muchos años estuvo oculta o poco estudiada en las aulas.</p>
<p>&nbsp;</p>
<p>&nbsp;</p>
<p>&nbsp;</p>
<p>El PHL está organizado en ciclos de 5 años o cursos escolares. En un momento de cada año, todo el alumnado realizará un proyecto de investigación (adaptado a su nivel) por estas<strong> 5 etapas de la Historia de Sanlúcar,</strong> que a continuación exponemos:</p>
<ol>
<li>Tartessos y la Edad Antigua. ¿Y la Atlántida?</li>
<li>La fundación de Sanlúcar: los Guzmanes y Al-Ándalus en la Edad Media.</li>
<li>Sanlúcar y la circunnavegación de Magallanes y El Cano. Los cargadores de Indias.</li>
<li>Sanlúcar en tiempos de Godoy. La constitución de 1812.</li>
<li>Sanlúcar, referente turístico en el s.XIX. Los Montpensier.</li>
</ol>
<p><img loading="lazy" decoding="async" class="alignnone wp-image-3188 size-full" src="https://blogsaverroes.juntadeandalucia.es/ceipvistaalegre/files/2022/06/Presentación1-1.jpg" alt="" width="1280" height="720" srcset="https://blogsaverroes.juntadeandalucia.es/ceipvistaalegre/files/2022/06/Presentación1-1.jpg 1280w, https://blogsaverroes.juntadeandalucia.es/ceipvistaalegre/files/2022/06/Presentación1-1-300x169.jpg 300w, https://blogsaverroes.juntadeandalucia.es/ceipvistaalegre/files/2022/06/Presentación1-1-1024x576.jpg 1024w, https://blogsaverroes.juntadeandalucia.es/ceipvistaalegre/files/2022/06/Presentación1-1-768x432.jpg 768w" sizes="(max-width: 1280px) 100vw, 1280px" /></p>
<p>De esta forma, desde que un alumno entra en 3 años hasta que termina su escolaridad en 6º de Primaria, habrá disfrutado de la posibilidad de <strong>investigar la Historia de Sanlúcar</strong> en las 5 etapas, al menos, en 2 ocasiones.</p>
<p>La<strong> investigación siempre se inicia con un objeto</strong>, documento, mapa, cuadro&#8230; que evoque un misterio por resolver. A partir de ahí, se pide colaboración a los niños/as que comienzan a <strong>recabar información a través de múltiples medios</strong> (biblioteca, textos, búsquedas en Internet, colaboración familiar&#8230;) que van <strong>exponiendo y debatiendo</strong> <a href="https://blogsaverroes.juntadeandalucia.es/ceipvistaalegre/files/2021/02/Infografía-Proyecto-Histórico.jpg"><img loading="lazy" decoding="async" class="wp-image-2663  alignleft" src="https://blogsaverroes.juntadeandalucia.es/ceipvistaalegre/files/2021/02/Infografía-Proyecto-Histórico-225x300.jpg" alt="" width="201" height="268" srcset="https://blogsaverroes.juntadeandalucia.es/ceipvistaalegre/files/2021/02/Infografía-Proyecto-Histórico-225x300.jpg 225w, https://blogsaverroes.juntadeandalucia.es/ceipvistaalegre/files/2021/02/Infografía-Proyecto-Histórico.jpg 720w" sizes="(max-width: 201px) 100vw, 201px" /></a>en clase, con la ayuda de sus<strong> profesores, que orientan y dan forma a la investigación</strong> para lograr objetivos presentes en la propia programación. Durante ese proceso, siempre <strong>se organiza una excursión para poder conocer in situ todo el patrimonio local</strong> referente a dicha etapa de la Historia. Al final, la investigación <strong>genera un portafolios de escritura del proyecto</strong> (un informe o proyecto de investigación por escrito, a mano o digital) con los esquemas, resúmenes, conclusiones y un enorme mapa conceptual con el que dan respuesta a la pregunta o misterio que lo inició. Todos estos aprendizajes se exponen en una <strong>fiesta de despedida del proyecto</strong>, donde el alumnado expone todo lo aprendido con vestimentas de la época, música, arte, talleres, juegos, representaciones teatrales&#8230; con las que <strong>concluir todo el trabajo y el empeño</strong> puesto en el proyecto. Para finalizar, todos los materiales y productos generados suelen <strong>publicarse a través de las redes sociales</strong>, revista del colegio y web del centro.</p>
<p>Veamos algunos de los ejemplos de actividades realizadas en nuestros proyectos históricos.</p>
ngg_shortcode_0_placeholder

<p>El Proyecto Histórico Local (PHL) del CEIP Vista Alegre, lleva funcionando desde hace casi 10 años con el objetivo de dar a conocer la Historia&hellip;</p>
