{"id":2531,"date":"2021-02-11T09:54:50","date_gmt":"2021-02-11T09:54:50","guid":{"rendered":"https:\/\/blogsaverroes.juntadeandalucia.es\/ceipvistaalegre\/?page_id=2531"},"modified":"2022-05-17T19:22:40","modified_gmt":"2022-05-17T17:22:40","slug":"educacion-emocional-2","status":"publish","type":"page","link":"https:\/\/blogsaverroes.juntadeandalucia.es\/ceipvistaalegre\/educacion-emocional-2\/","title":{"rendered":"Educaci\u00f3n Emocional"},"content":{"rendered":"<p><img loading=\"lazy\" decoding=\"async\" class=\"n3VNCb alignleft\" src=\"https:\/\/massnegocios.com\/images\/educacion.jpg\" alt=\"Resultado de imagen de educacion emocional\" width=\"210\" height=\"118\" data-noaft=\"1\">Las&nbsp;<strong>emociones forman parte consustancial de nuestra vida<\/strong>, de nuestro d\u00eda a d\u00eda. Condicionan nuestras ideas, razonamientos, actitudes, y finalmente, nuestras acciones. Sin embargo, durante mucho tiempo, la escuela tradicional olvid\u00f3 sistem\u00e1ticamente que los ni\u00f1os\/as (y a menudo, tambi\u00e9n el profesorado y las familias) no son ladrillos que se apilan sobre una pared, u objetos inanimados que autom\u00e1ticamente producen de forma rentable. Afortunadamente, de un tiempo a esta parte, las propias leyes educativas ya recogen en el curr\u00edculum de Primaria y Secundaria, la necesidad de que nuestros alumnos\/as aprendan a reconocer, definir y gestionar sus emociones, como un pilar b\u00e1sico de su desarrollo integral y un derecho humano b\u00e1sico. El bienestar individual y social, la atenci\u00f3n y concentraci\u00f3n, la empat\u00eda, la cooperaci\u00f3n emocional, el respeto a las ideas y emociones entre iguales, la expresi\u00f3n oral\u2026 entre otras, son consecuencias directas, y muy positivas, del trabajo de las emociones en las aulas.<\/p>\n<p><strong><a href=\"https:\/\/blogsaverroes.juntadeandalucia.es\/ceipvistaalegre\/files\/2021\/02\/IMG-20160125-WA0057.jpg\"><img loading=\"lazy\" decoding=\"async\" class=\" wp-image-2705 aligncenter\" src=\"https:\/\/blogsaverroes.juntadeandalucia.es\/ceipvistaalegre\/files\/2021\/02\/IMG-20160125-WA0057-1024x768.jpg\" alt=\"\" width=\"403\" height=\"303\" srcset=\"https:\/\/blogsaverroes.juntadeandalucia.es\/ceipvistaalegre\/files\/2021\/02\/IMG-20160125-WA0057-1024x768.jpg 1024w, https:\/\/blogsaverroes.juntadeandalucia.es\/ceipvistaalegre\/files\/2021\/02\/IMG-20160125-WA0057-300x225.jpg 300w, https:\/\/blogsaverroes.juntadeandalucia.es\/ceipvistaalegre\/files\/2021\/02\/IMG-20160125-WA0057-768x576.jpg 768w, https:\/\/blogsaverroes.juntadeandalucia.es\/ceipvistaalegre\/files\/2021\/02\/IMG-20160125-WA0057-1536x1152.jpg 1536w, https:\/\/blogsaverroes.juntadeandalucia.es\/ceipvistaalegre\/files\/2021\/02\/IMG-20160125-WA0057.jpg 1600w\" sizes=\"(max-width: 403px) 100vw, 403px\" \/><\/a><\/strong><\/p>\n<p><span style=\"color: #0000ee\"><b><u>&nbsp;<\/u><\/b><\/span><\/p>\n<p>Bajo esta premisa,&nbsp;<strong>el profesorado del CEIP Vista Alegre lleva a\u00f1os form\u00e1ndose en Educaci\u00f3n Emocional y ampliando, en horario y acciones concretas, su conocimiento te\u00f3rico y pr\u00e1ctico en la materia<\/strong>. En este sentido, est\u00e1 siendo fundamental la tarea de nuestra Orientadora de referencia, Pilar Espejo, no s\u00f3lo en la atenci\u00f3n directa con el alumnado, sino tambi\u00e9n en la formaci\u00f3n del profesorado.&nbsp;<\/p>\n<p><a href=\"https:\/\/blogsaverroes.juntadeandalucia.es\/ceipvistaalegre\/files\/2021\/02\/P_20191022_135507_vHDR_On-scaled.jpg\"><img loading=\"lazy\" decoding=\"async\" class=\"wp-image-2704 aligncenter\" src=\"https:\/\/blogsaverroes.juntadeandalucia.es\/ceipvistaalegre\/files\/2021\/02\/P_20191022_135507_vHDR_On-576x1024.jpg\" alt=\"\" width=\"258\" height=\"459\" srcset=\"https:\/\/blogsaverroes.juntadeandalucia.es\/ceipvistaalegre\/files\/2021\/02\/P_20191022_135507_vHDR_On-576x1024.jpg 576w, https:\/\/blogsaverroes.juntadeandalucia.es\/ceipvistaalegre\/files\/2021\/02\/P_20191022_135507_vHDR_On-169x300.jpg 169w, https:\/\/blogsaverroes.juntadeandalucia.es\/ceipvistaalegre\/files\/2021\/02\/P_20191022_135507_vHDR_On-768x1365.jpg 768w, https:\/\/blogsaverroes.juntadeandalucia.es\/ceipvistaalegre\/files\/2021\/02\/P_20191022_135507_vHDR_On-864x1536.jpg 864w, https:\/\/blogsaverroes.juntadeandalucia.es\/ceipvistaalegre\/files\/2021\/02\/P_20191022_135507_vHDR_On-1152x2048.jpg 1152w, https:\/\/blogsaverroes.juntadeandalucia.es\/ceipvistaalegre\/files\/2021\/02\/P_20191022_135507_vHDR_On-scaled.jpg 901w\" sizes=\"(max-width: 258px) 100vw, 258px\" \/><\/a><\/p>\n<p>En este nuevo curso 2021-2022 estrenamos una nueva \u00e1rea de Educaci\u00f3n Emocional en el CEIP Vista Alegre, dotada de una sesi\u00f3n semanal de una hora en los cursos de 3\u00ba, 4\u00ba, 5\u00ba y 6\u00ba de Primaria, horario de libre configuraci\u00f3n de los centros de Primaria (Orden del 15 de Enero de 2021) y cuenta con <strong>acreditaci\u00f3n oficial de la Delegaci\u00f3n Provincial de Educaci\u00f3n <\/strong>y el visto bueno de la Inspecci\u00f3n Educativa. Su objetivo principal es aprender a percibir, comprender y regular las propias emociones, y las de los dem\u00e1s, siendo una excelente forma de desarrollo de la denominada Inteligencia Emocional, dentro del \u00e1mbito de la Salud Mental y Emocional.&nbsp;<br \/>\n<img loading=\"lazy\" decoding=\"async\" class=\"size-full wp-image-3130 aligncenter\" src=\"https:\/\/blogsaverroes.juntadeandalucia.es\/ceipvistaalegre\/files\/2022\/05\/C\u00edrculo-emocional.png\" alt=\"\" width=\"505\" height=\"233\" srcset=\"https:\/\/blogsaverroes.juntadeandalucia.es\/ceipvistaalegre\/files\/2022\/05\/C\u00edrculo-emocional.png 505w, https:\/\/blogsaverroes.juntadeandalucia.es\/ceipvistaalegre\/files\/2022\/05\/C\u00edrculo-emocional-300x138.png 300w\" sizes=\"(max-width: 505px) 100vw, 505px\" \/>&nbsp;<\/p>\n<p>Esa primera toma de contacto con la educaci\u00f3n emocional est\u00e1 demostrando enormes beneficios no s\u00f3lo a nivel personal, sino social. El bienestar individual y social, la integraci\u00f3n, la empat\u00eda, la cooperaci\u00f3n, el respeto a las ideas y emociones entre iguales, entre otras, son consecuencias directas, y muy positivas, del trabajo de las emociones en las aulas. Bajo ese paraguas, se ha demostrado en nuestro centro un menor \u00edndice de agresividad, acoso y violencia escolar.&nbsp;<\/p>\n<p>&nbsp;<\/p>\n<p><img loading=\"lazy\" decoding=\"async\" class=\"size-full wp-image-3131 aligncenter\" src=\"https:\/\/blogsaverroes.juntadeandalucia.es\/ceipvistaalegre\/files\/2022\/05\/Coraz\u00f3n-emocional.png\" alt=\"\" width=\"267\" height=\"366\" srcset=\"https:\/\/blogsaverroes.juntadeandalucia.es\/ceipvistaalegre\/files\/2022\/05\/Coraz\u00f3n-emocional.png 267w, https:\/\/blogsaverroes.juntadeandalucia.es\/ceipvistaalegre\/files\/2022\/05\/Coraz\u00f3n-emocional-219x300.png 219w\" sizes=\"(max-width: 267px) 100vw, 267px\" \/><\/p>\n<p>&nbsp;<\/p>\n<p>&nbsp;<\/p>\n","protected":false},"excerpt":{"rendered":"<p>Las&nbsp;emociones forman parte consustancial de nuestra vida, de nuestro d\u00eda a d\u00eda. Condicionan nuestras ideas, razonamientos, actitudes, y finalmente, nuestras acciones. Sin embargo, durante mucho&hellip;<\/p>\n","protected":false},"author":3443,"featured_media":0,"parent":0,"menu_order":0,"comment_status":"closed","ping_status":"closed","template":"","meta":{"ngg_post_thumbnail":0,"footnotes":"","_mc_calendar":[]},"aioseo_notices":[],"_links":{"self":[{"href":"https:\/\/blogsaverroes.juntadeandalucia.es\/ceipvistaalegre\/wp-json\/wp\/v2\/pages\/2531"}],"collection":[{"href":"https:\/\/blogsaverroes.juntadeandalucia.es\/ceipvistaalegre\/wp-json\/wp\/v2\/pages"}],"about":[{"href":"https:\/\/blogsaverroes.juntadeandalucia.es\/ceipvistaalegre\/wp-json\/wp\/v2\/types\/page"}],"author":[{"embeddable":true,"href":"https:\/\/blogsaverroes.juntadeandalucia.es\/ceipvistaalegre\/wp-json\/wp\/v2\/users\/3443"}],"replies":[{"embeddable":true,"href":"https:\/\/blogsaverroes.juntadeandalucia.es\/ceipvistaalegre\/wp-json\/wp\/v2\/comments?post=2531"}],"version-history":[{"count":7,"href":"https:\/\/blogsaverroes.juntadeandalucia.es\/ceipvistaalegre\/wp-json\/wp\/v2\/pages\/2531\/revisions"}],"predecessor-version":[{"id":3133,"href":"https:\/\/blogsaverroes.juntadeandalucia.es\/ceipvistaalegre\/wp-json\/wp\/v2\/pages\/2531\/revisions\/3133"}],"wp:attachment":[{"href":"https:\/\/blogsaverroes.juntadeandalucia.es\/ceipvistaalegre\/wp-json\/wp\/v2\/media?parent=2531"}],"curies":[{"name":"wp","href":"https:\/\/api.w.org\/{rel}","templated":true}]}}

Educación Emocional

<p><img loading="lazy" decoding="async" class="n3VNCb alignleft" src="https://massnegocios.com/images/educacion.jpg" alt="Resultado de imagen de educacion emocional" width="210" height="118" data-noaft="1">Las&nbsp;<strong>emociones forman parte consustancial de nuestra vida</strong>, de nuestro día a día. Condicionan nuestras ideas, razonamientos, actitudes, y finalmente, nuestras acciones. Sin embargo, durante mucho tiempo, la escuela tradicional olvidó sistemáticamente que los niños/as (y a menudo, también el profesorado y las familias) no son ladrillos que se apilan sobre una pared, u objetos inanimados que automáticamente producen de forma rentable. Afortunadamente, de un tiempo a esta parte, las propias leyes educativas ya recogen en el currículum de Primaria y Secundaria, la necesidad de que nuestros alumnos/as aprendan a reconocer, definir y gestionar sus emociones, como un pilar básico de su desarrollo integral y un derecho humano básico. El bienestar individual y social, la atención y concentración, la empatía, la cooperación emocional, el respeto a las ideas y emociones entre iguales, la expresión oral… entre otras, son consecuencias directas, y muy positivas, del trabajo de las emociones en las aulas.</p>
<p><strong><a href="https://blogsaverroes.juntadeandalucia.es/ceipvistaalegre/files/2021/02/IMG-20160125-WA0057.jpg"><img loading="lazy" decoding="async" class=" wp-image-2705 aligncenter" src="https://blogsaverroes.juntadeandalucia.es/ceipvistaalegre/files/2021/02/IMG-20160125-WA0057-1024x768.jpg" alt="" width="403" height="303" srcset="https://blogsaverroes.juntadeandalucia.es/ceipvistaalegre/files/2021/02/IMG-20160125-WA0057-1024x768.jpg 1024w, https://blogsaverroes.juntadeandalucia.es/ceipvistaalegre/files/2021/02/IMG-20160125-WA0057-300x225.jpg 300w, https://blogsaverroes.juntadeandalucia.es/ceipvistaalegre/files/2021/02/IMG-20160125-WA0057-768x576.jpg 768w, https://blogsaverroes.juntadeandalucia.es/ceipvistaalegre/files/2021/02/IMG-20160125-WA0057-1536x1152.jpg 1536w, https://blogsaverroes.juntadeandalucia.es/ceipvistaalegre/files/2021/02/IMG-20160125-WA0057.jpg 1600w" sizes="(max-width: 403px) 100vw, 403px" /></a></strong></p>
<p><span style="color: #0000ee"><b><u>&nbsp;</u></b></span></p>
<p>Bajo esta premisa,&nbsp;<strong>el profesorado del CEIP Vista Alegre lleva años formándose en Educación Emocional y ampliando, en horario y acciones concretas, su conocimiento teórico y práctico en la materia</strong>. En este sentido, está siendo fundamental la tarea de nuestra Orientadora de referencia, Pilar Espejo, no sólo en la atención directa con el alumnado, sino también en la formación del profesorado.&nbsp;</p>
<p><a href="https://blogsaverroes.juntadeandalucia.es/ceipvistaalegre/files/2021/02/P_20191022_135507_vHDR_On-scaled.jpg"><img loading="lazy" decoding="async" class="wp-image-2704 aligncenter" src="https://blogsaverroes.juntadeandalucia.es/ceipvistaalegre/files/2021/02/P_20191022_135507_vHDR_On-576x1024.jpg" alt="" width="258" height="459" srcset="https://blogsaverroes.juntadeandalucia.es/ceipvistaalegre/files/2021/02/P_20191022_135507_vHDR_On-576x1024.jpg 576w, https://blogsaverroes.juntadeandalucia.es/ceipvistaalegre/files/2021/02/P_20191022_135507_vHDR_On-169x300.jpg 169w, https://blogsaverroes.juntadeandalucia.es/ceipvistaalegre/files/2021/02/P_20191022_135507_vHDR_On-768x1365.jpg 768w, https://blogsaverroes.juntadeandalucia.es/ceipvistaalegre/files/2021/02/P_20191022_135507_vHDR_On-864x1536.jpg 864w, https://blogsaverroes.juntadeandalucia.es/ceipvistaalegre/files/2021/02/P_20191022_135507_vHDR_On-1152x2048.jpg 1152w, https://blogsaverroes.juntadeandalucia.es/ceipvistaalegre/files/2021/02/P_20191022_135507_vHDR_On-scaled.jpg 901w" sizes="(max-width: 258px) 100vw, 258px" /></a></p>
<p>En este nuevo curso 2021-2022 estrenamos una nueva área de Educación Emocional en el CEIP Vista Alegre, dotada de una sesión semanal de una hora en los cursos de 3º, 4º, 5º y 6º de Primaria, horario de libre configuración de los centros de Primaria (Orden del 15 de Enero de 2021) y cuenta con <strong>acreditación oficial de la Delegación Provincial de Educación </strong>y el visto bueno de la Inspección Educativa. Su objetivo principal es aprender a percibir, comprender y regular las propias emociones, y las de los demás, siendo una excelente forma de desarrollo de la denominada Inteligencia Emocional, dentro del ámbito de la Salud Mental y Emocional.&nbsp;<br />
<img loading="lazy" decoding="async" class="size-full wp-image-3130 aligncenter" src="https://blogsaverroes.juntadeandalucia.es/ceipvistaalegre/files/2022/05/Círculo-emocional.png" alt="" width="505" height="233" srcset="https://blogsaverroes.juntadeandalucia.es/ceipvistaalegre/files/2022/05/Círculo-emocional.png 505w, https://blogsaverroes.juntadeandalucia.es/ceipvistaalegre/files/2022/05/Círculo-emocional-300x138.png 300w" sizes="(max-width: 505px) 100vw, 505px" />&nbsp;</p>
<p>Esa primera toma de contacto con la educación emocional está demostrando enormes beneficios no sólo a nivel personal, sino social. El bienestar individual y social, la integración, la empatía, la cooperación, el respeto a las ideas y emociones entre iguales, entre otras, son consecuencias directas, y muy positivas, del trabajo de las emociones en las aulas. Bajo ese paraguas, se ha demostrado en nuestro centro un menor índice de agresividad, acoso y violencia escolar.&nbsp;</p>
<p>&nbsp;</p>
<p><img loading="lazy" decoding="async" class="size-full wp-image-3131 aligncenter" src="https://blogsaverroes.juntadeandalucia.es/ceipvistaalegre/files/2022/05/Corazón-emocional.png" alt="" width="267" height="366" srcset="https://blogsaverroes.juntadeandalucia.es/ceipvistaalegre/files/2022/05/Corazón-emocional.png 267w, https://blogsaverroes.juntadeandalucia.es/ceipvistaalegre/files/2022/05/Corazón-emocional-219x300.png 219w" sizes="(max-width: 267px) 100vw, 267px" /></p>
<p>&nbsp;</p>
<p>&nbsp;</p>

<p>Las&nbsp;emociones forman parte consustancial de nuestra vida, de nuestro día a día. Condicionan nuestras ideas, razonamientos, actitudes, y finalmente, nuestras acciones. Sin embargo, durante mucho&hellip;</p>
