{"id":2608,"date":"2021-02-15T19:51:46","date_gmt":"2021-02-15T19:51:46","guid":{"rendered":"https:\/\/blogsaverroes.juntadeandalucia.es\/ceipvistaalegre\/?page_id=2608"},"modified":"2021-02-22T10:55:48","modified_gmt":"2021-02-22T10:55:48","slug":"que-es-expo-alegre","status":"publish","type":"page","link":"https:\/\/blogsaverroes.juntadeandalucia.es\/ceipvistaalegre\/que-es-expo-alegre\/","title":{"rendered":"\u00bfQu\u00e9 es expo-Alegre?"},"content":{"rendered":"<p><a href=\"https:\/\/blogsaverroes.juntadeandalucia.es\/ceipvistaalegre\/files\/2021\/02\/1613986395037-scaled.jpg\"><img loading=\"lazy\" decoding=\"async\" class=\"wp-image-2692  aligncenter\" src=\"https:\/\/blogsaverroes.juntadeandalucia.es\/ceipvistaalegre\/files\/2021\/02\/1613986395037-1024x473.jpg\" alt=\"ExpoAlegre\" width=\"509\" height=\"235\" srcset=\"https:\/\/blogsaverroes.juntadeandalucia.es\/ceipvistaalegre\/files\/2021\/02\/1613986395037-1024x473.jpg 1024w, https:\/\/blogsaverroes.juntadeandalucia.es\/ceipvistaalegre\/files\/2021\/02\/1613986395037-300x138.jpg 300w, https:\/\/blogsaverroes.juntadeandalucia.es\/ceipvistaalegre\/files\/2021\/02\/1613986395037-768x354.jpg 768w, https:\/\/blogsaverroes.juntadeandalucia.es\/ceipvistaalegre\/files\/2021\/02\/1613986395037-1536x709.jpg 1536w, https:\/\/blogsaverroes.juntadeandalucia.es\/ceipvistaalegre\/files\/2021\/02\/1613986395037-2048x945.jpg 2048w, https:\/\/blogsaverroes.juntadeandalucia.es\/ceipvistaalegre\/files\/2021\/02\/1613986395037-scaled.jpg 1600w\" sizes=\"(max-width: 509px) 100vw, 509px\" \/><\/a>ExpoAlegre es una plataforma que utiliza el centro para la exposici\u00f3n y publicaci\u00f3n de trabajos de investigaci\u00f3n por parte del alumnado, convirti\u00e9ndose en un referente que motiva a alumnado y profesorado a desarrollar la fundamental tarea de despertar constantemente nuestra curiosidad como cient\u00edficos. Con ello involucramos varias competencias b\u00e1sicas en juego, tal como plantea la legislaci\u00f3n educativa:<\/p>\n<ul>\n<li>La competencia de Conocimiento e interacci\u00f3n con el mundo f\u00edsico<\/li>\n<li>La Competencia Matem\u00e1tica<\/li>\n<li>Competencia Social y Ciudadana<\/li>\n<li>Aprender a Aprender.<\/li>\n<li>Autonom\u00eda e iniciativa personal<\/li>\n<li>Comunicaci\u00f3n Ling\u00fc\u00edstica<\/li>\n<\/ul>\n<p>De esta forma, el centro instala 2 paneles fijos para realizar exposiciones temporales de estos trabajos, que adem\u00e1s se acompa\u00f1an de fotograf\u00edas o v\u00eddeos, tanto del proceso como del producto, que luego se comparten con las familias a trav\u00e9s de esta web y de nuestras redes sociales. La idea, con el tiempo, es convertir al centro tambi\u00e9n en un peque\u00f1o museo de ciencias, interactivo y cercano a la comunidad educativa.<\/p>\n<p>&nbsp;<\/p>\n","protected":false},"excerpt":{"rendered":"<p>ExpoAlegre es una plataforma que utiliza el centro para la exposici\u00f3n y publicaci\u00f3n de trabajos de investigaci\u00f3n por parte del alumnado, convirti\u00e9ndose en un referente&hellip;<\/p>\n","protected":false},"author":3443,"featured_media":0,"parent":0,"menu_order":0,"comment_status":"closed","ping_status":"closed","template":"","meta":{"ngg_post_thumbnail":0,"footnotes":"","_mc_calendar":[]},"aioseo_notices":[],"_links":{"self":[{"href":"https:\/\/blogsaverroes.juntadeandalucia.es\/ceipvistaalegre\/wp-json\/wp\/v2\/pages\/2608"}],"collection":[{"href":"https:\/\/blogsaverroes.juntadeandalucia.es\/ceipvistaalegre\/wp-json\/wp\/v2\/pages"}],"about":[{"href":"https:\/\/blogsaverroes.juntadeandalucia.es\/ceipvistaalegre\/wp-json\/wp\/v2\/types\/page"}],"author":[{"embeddable":true,"href":"https:\/\/blogsaverroes.juntadeandalucia.es\/ceipvistaalegre\/wp-json\/wp\/v2\/users\/3443"}],"replies":[{"embeddable":true,"href":"https:\/\/blogsaverroes.juntadeandalucia.es\/ceipvistaalegre\/wp-json\/wp\/v2\/comments?post=2608"}],"version-history":[{"count":5,"href":"https:\/\/blogsaverroes.juntadeandalucia.es\/ceipvistaalegre\/wp-json\/wp\/v2\/pages\/2608\/revisions"}],"predecessor-version":[{"id":2694,"href":"https:\/\/blogsaverroes.juntadeandalucia.es\/ceipvistaalegre\/wp-json\/wp\/v2\/pages\/2608\/revisions\/2694"}],"wp:attachment":[{"href":"https:\/\/blogsaverroes.juntadeandalucia.es\/ceipvistaalegre\/wp-json\/wp\/v2\/media?parent=2608"}],"curies":[{"name":"wp","href":"https:\/\/api.w.org\/{rel}","templated":true}]}}