{"id":2611,"date":"2021-02-15T19:52:07","date_gmt":"2021-02-15T19:52:07","guid":{"rendered":"https:\/\/blogsaverroes.juntadeandalucia.es\/ceipvistaalegre\/?page_id=2611"},"modified":"2021-02-22T12:28:14","modified_gmt":"2021-02-22T12:28:14","slug":"que-es-alegrarte","status":"publish","type":"page","link":"https:\/\/blogsaverroes.juntadeandalucia.es\/ceipvistaalegre\/que-es-alegrarte\/","title":{"rendered":"\u00bfQu\u00e9 es AlegrArte?"},"content":{"rendered":"<p><a href=\"https:\/\/blogsaverroes.juntadeandalucia.es\/ceipvistaalegre\/files\/2015\/10\/slider_07_1138_500.jpg\"><img loading=\"lazy\" decoding=\"async\" class=\"wp-image-2073 aligncenter\" src=\"https:\/\/blogsaverroes.juntadeandalucia.es\/ceipvistaalegre\/files\/2015\/10\/slider_07_1138_500-1024x450.jpg\" alt=\"\" width=\"484\" height=\"213\" srcset=\"https:\/\/blogsaverroes.juntadeandalucia.es\/ceipvistaalegre\/files\/2015\/10\/slider_07_1138_500-1024x450.jpg 1024w, https:\/\/blogsaverroes.juntadeandalucia.es\/ceipvistaalegre\/files\/2015\/10\/slider_07_1138_500-300x132.jpg 300w, https:\/\/blogsaverroes.juntadeandalucia.es\/ceipvistaalegre\/files\/2015\/10\/slider_07_1138_500.jpg 1138w\" sizes=\"(max-width: 484px) 100vw, 484px\" \/><\/a><\/p>\n<p>AlegrArte consiste en una exposici\u00f3n de todos los trabajos art\u00edsticos de nuestro alumnado, a trav\u00e9s de los tablones de los que disponen en el centro. Dichos trabajos ser\u00e1n fotografiados y compartidos a trav\u00e9s de nuestra web y redes sociales con la intenci\u00f3n de conectar los productos art\u00edsticos con la Comunidad Educativa, sirviendo como eje motivador de la expresi\u00f3n art\u00edstica, tanto pl\u00e1stica como musical.<\/p>\n<p>Las<a href=\"https:\/\/elpais.com\/cultura\/2020\/01\/09\/actualidad\/1578585325_165215.html\"> investigaciones sobre neurociencia y arte,<\/a> demuestran que la Educaci\u00f3n Art\u00edstica es clave para un completo desarrollo psicol\u00f3gico, social y emocional de los ni\u00f1os\/as. La escuela debe fomentar herramientas para que puedan expresar sus ideas, experiencias y emociones a trav\u00e9s del arte. Pero la art\u00edstica no puede ser considerada una asignatura m\u00e1s, o un area menor. Nuestro centro, desde hace a\u00f1os, plantea la Educaci\u00f3n Art\u00edstica como una parte clave e imprescindible de los proyectos que se desarrollan en el aula. De tal manera que est\u00e9 integrada en las din\u00e1micas y no como un area apartada o separada de la vida escolar.<\/p>\n<p>AlegrArte es el espacio donde nuestro alumnado podr\u00e1 publicar y compartir a la Comunidad Educativa todo lo que saben, sienten y quieren expresar.<\/p>\n<p><a href=\"https:\/\/blogsaverroes.juntadeandalucia.es\/ceipvistaalegre\/files\/2021\/02\/P_20180913_123913_vHDR_Auto-scaled.jpg\"><img loading=\"lazy\" decoding=\"async\" class=\"alignnone size-large wp-image-2699\" src=\"https:\/\/blogsaverroes.juntadeandalucia.es\/ceipvistaalegre\/files\/2021\/02\/P_20180913_123913_vHDR_Auto-768x1024.jpg\" alt=\"\" width=\"768\" height=\"1024\" srcset=\"https:\/\/blogsaverroes.juntadeandalucia.es\/ceipvistaalegre\/files\/2021\/02\/P_20180913_123913_vHDR_Auto-768x1024.jpg 768w, https:\/\/blogsaverroes.juntadeandalucia.es\/ceipvistaalegre\/files\/2021\/02\/P_20180913_123913_vHDR_Auto-225x300.jpg 225w, https:\/\/blogsaverroes.juntadeandalucia.es\/ceipvistaalegre\/files\/2021\/02\/P_20180913_123913_vHDR_Auto-1152x1536.jpg 1152w, https:\/\/blogsaverroes.juntadeandalucia.es\/ceipvistaalegre\/files\/2021\/02\/P_20180913_123913_vHDR_Auto-1536x2048.jpg 1536w, https:\/\/blogsaverroes.juntadeandalucia.es\/ceipvistaalegre\/files\/2021\/02\/P_20180913_123913_vHDR_Auto-scaled.jpg 1200w\" sizes=\"(max-width: 768px) 100vw, 768px\" \/><\/a><\/p>\n","protected":false},"excerpt":{"rendered":"<p>AlegrArte consiste en una exposici\u00f3n de todos los trabajos art\u00edsticos de nuestro alumnado, a trav\u00e9s de los tablones de los que disponen en el centro.&hellip;<\/p>\n","protected":false},"author":3443,"featured_media":0,"parent":0,"menu_order":0,"comment_status":"closed","ping_status":"closed","template":"","meta":{"ngg_post_thumbnail":0,"footnotes":"","_mc_calendar":[]},"aioseo_notices":[],"_links":{"self":[{"href":"https:\/\/blogsaverroes.juntadeandalucia.es\/ceipvistaalegre\/wp-json\/wp\/v2\/pages\/2611"}],"collection":[{"href":"https:\/\/blogsaverroes.juntadeandalucia.es\/ceipvistaalegre\/wp-json\/wp\/v2\/pages"}],"about":[{"href":"https:\/\/blogsaverroes.juntadeandalucia.es\/ceipvistaalegre\/wp-json\/wp\/v2\/types\/page"}],"author":[{"embeddable":true,"href":"https:\/\/blogsaverroes.juntadeandalucia.es\/ceipvistaalegre\/wp-json\/wp\/v2\/users\/3443"}],"replies":[{"embeddable":true,"href":"https:\/\/blogsaverroes.juntadeandalucia.es\/ceipvistaalegre\/wp-json\/wp\/v2\/comments?post=2611"}],"version-history":[{"count":5,"href":"https:\/\/blogsaverroes.juntadeandalucia.es\/ceipvistaalegre\/wp-json\/wp\/v2\/pages\/2611\/revisions"}],"predecessor-version":[{"id":2701,"href":"https:\/\/blogsaverroes.juntadeandalucia.es\/ceipvistaalegre\/wp-json\/wp\/v2\/pages\/2611\/revisions\/2701"}],"wp:attachment":[{"href":"https:\/\/blogsaverroes.juntadeandalucia.es\/ceipvistaalegre\/wp-json\/wp\/v2\/media?parent=2611"}],"curies":[{"name":"wp","href":"https:\/\/api.w.org\/{rel}","templated":true}]}}

¿Qué es AlegrArte?

<p><a href="https://blogsaverroes.juntadeandalucia.es/ceipvistaalegre/files/2015/10/slider_07_1138_500.jpg"><img loading="lazy" decoding="async" class="wp-image-2073 aligncenter" src="https://blogsaverroes.juntadeandalucia.es/ceipvistaalegre/files/2015/10/slider_07_1138_500-1024x450.jpg" alt="" width="484" height="213" srcset="https://blogsaverroes.juntadeandalucia.es/ceipvistaalegre/files/2015/10/slider_07_1138_500-1024x450.jpg 1024w, https://blogsaverroes.juntadeandalucia.es/ceipvistaalegre/files/2015/10/slider_07_1138_500-300x132.jpg 300w, https://blogsaverroes.juntadeandalucia.es/ceipvistaalegre/files/2015/10/slider_07_1138_500.jpg 1138w" sizes="(max-width: 484px) 100vw, 484px" /></a></p>
<p>AlegrArte consiste en una exposición de todos los trabajos artísticos de nuestro alumnado, a través de los tablones de los que disponen en el centro. Dichos trabajos serán fotografiados y compartidos a través de nuestra web y redes sociales con la intención de conectar los productos artísticos con la Comunidad Educativa, sirviendo como eje motivador de la expresión artística, tanto plástica como musical.</p>
<p>Las<a href="https://elpais.com/cultura/2020/01/09/actualidad/1578585325_165215.html"> investigaciones sobre neurociencia y arte,</a> demuestran que la Educación Artística es clave para un completo desarrollo psicológico, social y emocional de los niños/as. La escuela debe fomentar herramientas para que puedan expresar sus ideas, experiencias y emociones a través del arte. Pero la artística no puede ser considerada una asignatura más, o un area menor. Nuestro centro, desde hace años, plantea la Educación Artística como una parte clave e imprescindible de los proyectos que se desarrollan en el aula. De tal manera que esté integrada en las dinámicas y no como un area apartada o separada de la vida escolar.</p>
<p>AlegrArte es el espacio donde nuestro alumnado podrá publicar y compartir a la Comunidad Educativa todo lo que saben, sienten y quieren expresar.</p>
<p><a href="https://blogsaverroes.juntadeandalucia.es/ceipvistaalegre/files/2021/02/P_20180913_123913_vHDR_Auto-scaled.jpg"><img loading="lazy" decoding="async" class="alignnone size-large wp-image-2699" src="https://blogsaverroes.juntadeandalucia.es/ceipvistaalegre/files/2021/02/P_20180913_123913_vHDR_Auto-768x1024.jpg" alt="" width="768" height="1024" srcset="https://blogsaverroes.juntadeandalucia.es/ceipvistaalegre/files/2021/02/P_20180913_123913_vHDR_Auto-768x1024.jpg 768w, https://blogsaverroes.juntadeandalucia.es/ceipvistaalegre/files/2021/02/P_20180913_123913_vHDR_Auto-225x300.jpg 225w, https://blogsaverroes.juntadeandalucia.es/ceipvistaalegre/files/2021/02/P_20180913_123913_vHDR_Auto-1152x1536.jpg 1152w, https://blogsaverroes.juntadeandalucia.es/ceipvistaalegre/files/2021/02/P_20180913_123913_vHDR_Auto-1536x2048.jpg 1536w, https://blogsaverroes.juntadeandalucia.es/ceipvistaalegre/files/2021/02/P_20180913_123913_vHDR_Auto-scaled.jpg 1200w" sizes="(max-width: 768px) 100vw, 768px" /></a></p>

<p>AlegrArte consiste en una exposición de todos los trabajos artísticos de nuestro alumnado, a través de los tablones de los que disponen en el centro.&hellip;</p>
