{"id":871,"date":"2015-03-16T07:25:46","date_gmt":"2015-03-16T07:25:46","guid":{"rendered":"http:\/\/blogsaverroes.juntadeandalucia.es\/pre\/ceip\/?page_id=106"},"modified":"2024-09-18T12:45:40","modified_gmt":"2024-09-18T10:45:40","slug":"ctmtartessos","status":"publish","type":"page","link":"https:\/\/blogsaverroes.juntadeandalucia.es\/ceipvistaalegre\/ctmtartessos\/","title":{"rendered":"C.T.M. Tartessos"},"content":{"rendered":"<p><img loading=\"lazy\" decoding=\"async\" class=\"alignnone size-full wp-image-3438\" src=\"https:\/\/blogsaverroes.juntadeandalucia.es\/ceipvistaalegre\/files\/2024\/09\/tartessos.jpg\" alt=\"\" width=\"225\" height=\"225\" srcset=\"https:\/\/blogsaverroes.juntadeandalucia.es\/ceipvistaalegre\/files\/2024\/09\/tartessos.jpg 225w, https:\/\/blogsaverroes.juntadeandalucia.es\/ceipvistaalegre\/files\/2024\/09\/tartessos-150x150.jpg 150w\" sizes=\"(max-width: 225px) 100vw, 225px\" \/><img loading=\"lazy\" decoding=\"async\" class=\"alignnone  wp-image-3445\" src=\"https:\/\/blogsaverroes.juntadeandalucia.es\/ceipvistaalegre\/files\/2024\/09\/descarga-1-1.jpg\" alt=\"\" width=\"300\" height=\"225\"><\/p>\n<p>El club de tenis de mesa \u00abTARTESSOS\u00bb tiene su sede en nuestro centro desde 2022,ofertando formaci\u00f3n y entrenamiento en el gimnasio del centro, aprobado por la Delegaci\u00f3n de C\u00e1diz, en horario de 16:00h a 21:00h. La entrada al centro se realiza por la c\/ Alonso Cano.<\/p>\n<p><strong>HORARIO DE ENTRENAMIENTOS&nbsp;<\/strong><\/p>\n<ul>\n<li>De 6 a 10 a\u00f1os. Martes y jueves de 16:00-17:00<\/li>\n<li>+10 a\u00f1os y no federados- Martes y jueves de 17:00 a 18:00<\/li>\n<li>Federados (Divisi\u00f3n de honor, senior no federados) 18:00-19:00<\/li>\n<li>Federados (Ligas nacionales y andaluzas) Martes, Jueves y Viernes de 19:00 a 20:00h<\/li>\n<li>S\u00e1bados, domingos y festivos (Competiciones)<\/li>\n<\/ul>\n<p>&nbsp;<\/p>\n<p>INFORMACI\u00d3N<\/p>\n<p>Tfno: 678406502&nbsp; &nbsp;gedesan@hotmail.com<\/p>\n","protected":false},"excerpt":{"rendered":"<p>El club de tenis de mesa \u00abTARTESSOS\u00bb tiene su sede en nuestro centro desde 2022,ofertando formaci\u00f3n y entrenamiento en el gimnasio del centro, aprobado por&hellip;<\/p>\n","protected":false},"author":1,"featured_media":0,"parent":0,"menu_order":0,"comment_status":"closed","ping_status":"open","template":"page-cs.php","meta":{"ngg_post_thumbnail":0,"footnotes":"","_mc_calendar":[]},"aioseo_notices":[],"_links":{"self":[{"href":"https:\/\/blogsaverroes.juntadeandalucia.es\/ceipvistaalegre\/wp-json\/wp\/v2\/pages\/871"}],"collection":[{"href":"https:\/\/blogsaverroes.juntadeandalucia.es\/ceipvistaalegre\/wp-json\/wp\/v2\/pages"}],"about":[{"href":"https:\/\/blogsaverroes.juntadeandalucia.es\/ceipvistaalegre\/wp-json\/wp\/v2\/types\/page"}],"author":[{"embeddable":true,"href":"https:\/\/blogsaverroes.juntadeandalucia.es\/ceipvistaalegre\/wp-json\/wp\/v2\/users\/1"}],"replies":[{"embeddable":true,"href":"https:\/\/blogsaverroes.juntadeandalucia.es\/ceipvistaalegre\/wp-json\/wp\/v2\/comments?post=871"}],"version-history":[{"count":12,"href":"https:\/\/blogsaverroes.juntadeandalucia.es\/ceipvistaalegre\/wp-json\/wp\/v2\/pages\/871\/revisions"}],"predecessor-version":[{"id":3448,"href":"https:\/\/blogsaverroes.juntadeandalucia.es\/ceipvistaalegre\/wp-json\/wp\/v2\/pages\/871\/revisions\/3448"}],"wp:attachment":[{"href":"https:\/\/blogsaverroes.juntadeandalucia.es\/ceipvistaalegre\/wp-json\/wp\/v2\/media?parent=871"}],"curies":[{"name":"wp","href":"https:\/\/api.w.org\/{rel}","templated":true}]}}