{"id":99,"date":"2024-09-13T07:22:54","date_gmt":"2024-09-13T05:22:54","guid":{"rendered":"http:\/\/blogsaverroes.juntadeandalucia.es\/pre\/ceip\/?page_id=99"},"modified":"2025-09-04T11:14:46","modified_gmt":"2025-09-04T09:14:46","slug":"comedor-escolar","status":"publish","type":"page","link":"https:\/\/blogsaverroes.juntadeandalucia.es\/ceipvistaalegre\/comedor-escolar\/","title":{"rendered":"Comedor escolar. Informaci\u00f3n general y horarios"},"content":{"rendered":"<p><img loading=\"lazy\" decoding=\"async\" class=\"size-medium wp-image-2673 alignright\" src=\"https:\/\/blogsaverroes.juntadeandalucia.es\/ceipvistaalegre\/files\/2021\/02\/P_20170912_140559_vHDR_On-300x169.jpg\" alt=\"\" width=\"300\" height=\"169\" srcset=\"https:\/\/blogsaverroes.juntadeandalucia.es\/ceipvistaalegre\/files\/2021\/02\/P_20170912_140559_vHDR_On-300x169.jpg 300w, https:\/\/blogsaverroes.juntadeandalucia.es\/ceipvistaalegre\/files\/2021\/02\/P_20170912_140559_vHDR_On-1024x576.jpg 1024w, https:\/\/blogsaverroes.juntadeandalucia.es\/ceipvistaalegre\/files\/2021\/02\/P_20170912_140559_vHDR_On-768x432.jpg 768w, https:\/\/blogsaverroes.juntadeandalucia.es\/ceipvistaalegre\/files\/2021\/02\/P_20170912_140559_vHDR_On-1536x864.jpg 1536w, https:\/\/blogsaverroes.juntadeandalucia.es\/ceipvistaalegre\/files\/2021\/02\/P_20170912_140559_vHDR_On-2048x1152.jpg 2048w, https:\/\/blogsaverroes.juntadeandalucia.es\/ceipvistaalegre\/files\/2021\/02\/P_20170912_140559_vHDR_On-scaled.jpg 1600w\" sizes=\"(max-width: 300px) 100vw, 300px\" \/><\/p>\n<p><strong>Nuestro centro cuenta con servicio de comedor desde hace 15 a\u00f1os<\/strong>, y diariamente sirve almuerzos con una dieta saludable, nutritiva y del gusto de nuestro alumnado. Para su supervisi\u00f3n general e informaci\u00f3n a las familias, existe la figura del Coordinador del Plan de Apertura y Comedor Escolar, que en nuestro centro es el propio Director del Centro, a quien pueden dirigirse para solventar cualquier duda al respecto a trav\u00e9s de la aplicaci\u00f3n PASEN.<\/p>\n<p>El edificio est\u00e1 perfectamente acondicionado y climatizado, cuenta con cocina, ba\u00f1os propios y un sal\u00f3n-comedor con un aforo m\u00e1ximo para 100 ni\u00f1os\/as, aunque autorizado para un cupo de 90 comensales que, dependiendo de la demanda, puede llegar a organizarse hasta en dos turnos.<\/p>\n<p style=\"text-align: center\"><strong>HORARIOS<\/strong><\/p>\n<p><strong>El horario general de uso es de 14:00h a 15:45h<\/strong>. Aunque las familias pueden recoger a los ni\u00f1os\/as en horario de <strong>14:30-14:45 (usuarios de Ed. Infantil)<\/strong> y de <strong>14:45 a 15:00 (Ed. Primaria).<\/strong><\/p>\n<p>&nbsp;<\/p>\n<p style=\"text-align: center\"><strong>EMPRESA ADJUDICATARIA<\/strong><\/p>\n<p><strong>En la actualidad la empresa adjudicataria es MEDITERR\u00c1NEA<\/strong>, que presta un servicio atendido por varias monitoras cuyo n\u00famero depende de la cantidad de usuarios del comedor, pero se supervisa que el n\u00famero sea el establecido por normativa para el n\u00famero de alumnos que existe en sala.<\/p>\n<p>Las familias podr\u00e1n registrarse en la web de familias para poder notificar dichas ausencias, consultar<br \/>\nrecibos, visualizar el men\u00fa&#8230;.. <a href=\"http:\/\/andalucia.mediterranea-group.com\/\"><strong>http:\/\/andalucia.mediterranea-group.com\/<\/strong><\/a><\/p>\n<p>Para poder registrarse en la web, el usuario debe tener registrado un correo electr\u00f3nico en la ficha del alumno. Si no puede registrarse correctamente contacte con nosotros a trav\u00e9s del mail para subsanar la incidencia. <strong>La web estar\u00e1 disponible una vez se publique el listado definitivo de bonificaciones.<\/strong><\/p>\n<p>Con respecto a las normas de la empresa adjudicataria y sus canales de comunicaci\u00f3n, a continuaci\u00f3n os dejamos dos documentos con toda la informaci\u00f3n que necesitan para el curso.&nbsp;<\/p>\n<table style=\"border-collapse: collapse;width: 100%;height: 72px\">\n<tbody>\n<tr style=\"height: 48px\">\n<td style=\"width: 50.8149%;height: 48px;text-align: center\"><strong>Carta de presentaci\u00f3n y normas de MEDITERR\u00c1NEA<\/strong><\/td>\n<td style=\"width: 49.1851%;height: 48px;text-align: center\"><strong>Contacto con MEDITERR\u00c1NEA<\/strong><\/td>\n<\/tr>\n<tr style=\"height: 24px\">\n<td style=\"width: 50.8149%;height: 24px\"><a href=\"https:\/\/drive.google.com\/file\/d\/1lw4Osaw8YdAhdhcXR8QJI7pBVrtCP6-V\/view?usp=drive_link\" target=\"_blank\" rel=\"noopener\"><img loading=\"lazy\" decoding=\"async\" class=\"aligncenter wp-image-2667\" src=\"https:\/\/blogsaverroes.juntadeandalucia.es\/ceipvistaalegre\/files\/2021\/02\/downloadpdf.png\" alt=\"\" width=\"59\" height=\"59\" srcset=\"https:\/\/blogsaverroes.juntadeandalucia.es\/ceipvistaalegre\/files\/2021\/02\/downloadpdf.png 225w, https:\/\/blogsaverroes.juntadeandalucia.es\/ceipvistaalegre\/files\/2021\/02\/downloadpdf-150x150.png 150w\" sizes=\"(max-width: 59px) 100vw, 59px\" \/><\/a><\/td>\n<td style=\"width: 49.1851%;height: 24px\"><a href=\"https:\/\/drive.google.com\/file\/d\/1RpKUY5uzC97HUfbowmuoon-mSI3w5D8y\/view?usp=drive_link\" target=\"_blank\" rel=\"noopener\"><img loading=\"lazy\" decoding=\"async\" class=\"aligncenter wp-image-2667\" src=\"https:\/\/blogsaverroes.juntadeandalucia.es\/ceipvistaalegre\/files\/2021\/02\/downloadpdf.png\" alt=\"\" width=\"58\" height=\"58\" srcset=\"https:\/\/blogsaverroes.juntadeandalucia.es\/ceipvistaalegre\/files\/2021\/02\/downloadpdf.png 225w, https:\/\/blogsaverroes.juntadeandalucia.es\/ceipvistaalegre\/files\/2021\/02\/downloadpdf-150x150.png 150w\" sizes=\"(max-width: 58px) 100vw, 58px\" \/><\/a><\/td>\n<\/tr>\n<\/tbody>\n<\/table>\n<p>De forma general, el correo de contacto para cualquier informaci\u00f3n, solicitud o duda, es el siguiente:<\/p>\n<p><strong>administracion.cadiz@mediterranea-group.com<\/strong><\/p>\n<p>&nbsp;<\/p>\n<p><strong>A trav\u00e9s de PASEN, las familias dispondr\u00e1n mensualmente de toda la informaci\u00f3n<\/strong> con respecto a los men\u00fas semanales, los alimentos utilizados y nutrientes que lo componen.<\/p>\n<p><img loading=\"lazy\" decoding=\"async\" class=\"alignnone size-medium wp-image-2632\" src=\"https:\/\/blogsaverroes.juntadeandalucia.es\/ceipvistaalegre\/files\/2021\/02\/Comedor-1-300x219.png\" alt=\"\" width=\"300\" height=\"219\" srcset=\"https:\/\/blogsaverroes.juntadeandalucia.es\/ceipvistaalegre\/files\/2021\/02\/Comedor-1-300x219.png 300w, https:\/\/blogsaverroes.juntadeandalucia.es\/ceipvistaalegre\/files\/2021\/02\/Comedor-1-1024x749.png 1024w, https:\/\/blogsaverroes.juntadeandalucia.es\/ceipvistaalegre\/files\/2021\/02\/Comedor-1-768x562.png 768w, https:\/\/blogsaverroes.juntadeandalucia.es\/ceipvistaalegre\/files\/2021\/02\/Comedor-1.png 1064w\" sizes=\"(max-width: 300px) 100vw, 300px\" \/><\/p>\n","protected":false},"excerpt":{"rendered":"<p>Nuestro centro cuenta con servicio de comedor desde hace 15 a\u00f1os, y diariamente sirve almuerzos con una dieta saludable, nutritiva y del gusto de nuestro&hellip;<\/p>\n","protected":false},"author":1,"featured_media":0,"parent":0,"menu_order":0,"comment_status":"closed","ping_status":"open","template":"","meta":{"ngg_post_thumbnail":0,"footnotes":"","_mc_calendar":[]},"aioseo_notices":[],"_links":{"self":[{"href":"https:\/\/blogsaverroes.juntadeandalucia.es\/ceipvistaalegre\/wp-json\/wp\/v2\/pages\/99"}],"collection":[{"href":"https:\/\/blogsaverroes.juntadeandalucia.es\/ceipvistaalegre\/wp-json\/wp\/v2\/pages"}],"about":[{"href":"https:\/\/blogsaverroes.juntadeandalucia.es\/ceipvistaalegre\/wp-json\/wp\/v2\/types\/page"}],"author":[{"embeddable":true,"href":"https:\/\/blogsaverroes.juntadeandalucia.es\/ceipvistaalegre\/wp-json\/wp\/v2\/users\/1"}],"replies":[{"embeddable":true,"href":"https:\/\/blogsaverroes.juntadeandalucia.es\/ceipvistaalegre\/wp-json\/wp\/v2\/comments?post=99"}],"version-history":[{"count":21,"href":"https:\/\/blogsaverroes.juntadeandalucia.es\/ceipvistaalegre\/wp-json\/wp\/v2\/pages\/99\/revisions"}],"predecessor-version":[{"id":3851,"href":"https:\/\/blogsaverroes.juntadeandalucia.es\/ceipvistaalegre\/wp-json\/wp\/v2\/pages\/99\/revisions\/3851"}],"wp:attachment":[{"href":"https:\/\/blogsaverroes.juntadeandalucia.es\/ceipvistaalegre\/wp-json\/wp\/v2\/media?parent=99"}],"curies":[{"name":"wp","href":"https:\/\/api.w.org\/{rel}","templated":true}]}}

Comedor escolar. Información general y horarios

<p><img loading="lazy" decoding="async" class="size-medium wp-image-2673 alignright" src="https://blogsaverroes.juntadeandalucia.es/ceipvistaalegre/files/2021/02/P_20170912_140559_vHDR_On-300x169.jpg" alt="" width="300" height="169" srcset="https://blogsaverroes.juntadeandalucia.es/ceipvistaalegre/files/2021/02/P_20170912_140559_vHDR_On-300x169.jpg 300w, https://blogsaverroes.juntadeandalucia.es/ceipvistaalegre/files/2021/02/P_20170912_140559_vHDR_On-1024x576.jpg 1024w, https://blogsaverroes.juntadeandalucia.es/ceipvistaalegre/files/2021/02/P_20170912_140559_vHDR_On-768x432.jpg 768w, https://blogsaverroes.juntadeandalucia.es/ceipvistaalegre/files/2021/02/P_20170912_140559_vHDR_On-1536x864.jpg 1536w, https://blogsaverroes.juntadeandalucia.es/ceipvistaalegre/files/2021/02/P_20170912_140559_vHDR_On-2048x1152.jpg 2048w, https://blogsaverroes.juntadeandalucia.es/ceipvistaalegre/files/2021/02/P_20170912_140559_vHDR_On-scaled.jpg 1600w" sizes="(max-width: 300px) 100vw, 300px" /></p>
<p><strong>Nuestro centro cuenta con servicio de comedor desde hace 15 años</strong>, y diariamente sirve almuerzos con una dieta saludable, nutritiva y del gusto de nuestro alumnado. Para su supervisión general e información a las familias, existe la figura del Coordinador del Plan de Apertura y Comedor Escolar, que en nuestro centro es el propio Director del Centro, a quien pueden dirigirse para solventar cualquier duda al respecto a través de la aplicación PASEN.</p>
<p>El edificio está perfectamente acondicionado y climatizado, cuenta con cocina, baños propios y un salón-comedor con un aforo máximo para 100 niños/as, aunque autorizado para un cupo de 90 comensales que, dependiendo de la demanda, puede llegar a organizarse hasta en dos turnos.</p>
<p style="text-align: center"><strong>HORARIOS</strong></p>
<p><strong>El horario general de uso es de 14:00h a 15:45h</strong>. Aunque las familias pueden recoger a los niños/as en horario de <strong>14:30-14:45 (usuarios de Ed. Infantil)</strong> y de <strong>14:45 a 15:00 (Ed. Primaria).</strong></p>
<p>&nbsp;</p>
<p style="text-align: center"><strong>EMPRESA ADJUDICATARIA</strong></p>
<p><strong>En la actualidad la empresa adjudicataria es MEDITERRÁNEA</strong>, que presta un servicio atendido por varias monitoras cuyo número depende de la cantidad de usuarios del comedor, pero se supervisa que el número sea el establecido por normativa para el número de alumnos que existe en sala.</p>
<p>Las familias podrán registrarse en la web de familias para poder notificar dichas ausencias, consultar<br />
recibos, visualizar el menú&#8230;.. <a href="http://andalucia.mediterranea-group.com/"><strong>http://andalucia.mediterranea-group.com/</strong></a></p>
<p>Para poder registrarse en la web, el usuario debe tener registrado un correo electrónico en la ficha del alumno. Si no puede registrarse correctamente contacte con nosotros a través del mail para subsanar la incidencia. <strong>La web estará disponible una vez se publique el listado definitivo de bonificaciones.</strong></p>
<p>Con respecto a las normas de la empresa adjudicataria y sus canales de comunicación, a continuación os dejamos dos documentos con toda la información que necesitan para el curso.&nbsp;</p>
<table style="border-collapse: collapse;width: 100%;height: 72px">
<tbody>
<tr style="height: 48px">
<td style="width: 50.8149%;height: 48px;text-align: center"><strong>Carta de presentación y normas de MEDITERRÁNEA</strong></td>
<td style="width: 49.1851%;height: 48px;text-align: center"><strong>Contacto con MEDITERRÁNEA</strong></td>
</tr>
<tr style="height: 24px">
<td style="width: 50.8149%;height: 24px"><a href="https://drive.google.com/file/d/1lw4Osaw8YdAhdhcXR8QJI7pBVrtCP6-V/view?usp=drive_link" target="_blank" rel="noopener"><img loading="lazy" decoding="async" class="aligncenter wp-image-2667" src="https://blogsaverroes.juntadeandalucia.es/ceipvistaalegre/files/2021/02/downloadpdf.png" alt="" width="59" height="59" srcset="https://blogsaverroes.juntadeandalucia.es/ceipvistaalegre/files/2021/02/downloadpdf.png 225w, https://blogsaverroes.juntadeandalucia.es/ceipvistaalegre/files/2021/02/downloadpdf-150x150.png 150w" sizes="(max-width: 59px) 100vw, 59px" /></a></td>
<td style="width: 49.1851%;height: 24px"><a href="https://drive.google.com/file/d/1RpKUY5uzC97HUfbowmuoon-mSI3w5D8y/view?usp=drive_link" target="_blank" rel="noopener"><img loading="lazy" decoding="async" class="aligncenter wp-image-2667" src="https://blogsaverroes.juntadeandalucia.es/ceipvistaalegre/files/2021/02/downloadpdf.png" alt="" width="58" height="58" srcset="https://blogsaverroes.juntadeandalucia.es/ceipvistaalegre/files/2021/02/downloadpdf.png 225w, https://blogsaverroes.juntadeandalucia.es/ceipvistaalegre/files/2021/02/downloadpdf-150x150.png 150w" sizes="(max-width: 58px) 100vw, 58px" /></a></td>
</tr>
</tbody>
</table>
<p>De forma general, el correo de contacto para cualquier información, solicitud o duda, es el siguiente:</p>
<p><strong>administracion.cadiz@mediterranea-group.com</strong></p>
<p>&nbsp;</p>
<p><strong>A través de PASEN, las familias dispondrán mensualmente de toda la información</strong> con respecto a los menús semanales, los alimentos utilizados y nutrientes que lo componen.</p>
<p><img loading="lazy" decoding="async" class="alignnone size-medium wp-image-2632" src="https://blogsaverroes.juntadeandalucia.es/ceipvistaalegre/files/2021/02/Comedor-1-300x219.png" alt="" width="300" height="219" srcset="https://blogsaverroes.juntadeandalucia.es/ceipvistaalegre/files/2021/02/Comedor-1-300x219.png 300w, https://blogsaverroes.juntadeandalucia.es/ceipvistaalegre/files/2021/02/Comedor-1-1024x749.png 1024w, https://blogsaverroes.juntadeandalucia.es/ceipvistaalegre/files/2021/02/Comedor-1-768x562.png 768w, https://blogsaverroes.juntadeandalucia.es/ceipvistaalegre/files/2021/02/Comedor-1.png 1064w" sizes="(max-width: 300px) 100vw, 300px" /></p>

<p>Nuestro centro cuenta con servicio de comedor desde hace 15 años, y diariamente sirve almuerzos con una dieta saludable, nutritiva y del gusto de nuestro&hellip;</p>
