{"id":200,"date":"2015-03-17T10:04:24","date_gmt":"2015-03-17T10:04:24","guid":{"rendered":"http:\/\/blogsaverroes.juntadeandalucia.es\/pre\/ceip\/?page_id=200"},"modified":"2026-04-12T14:55:03","modified_gmt":"2026-04-12T14:55:03","slug":"quienes-formamos-el-ampa","status":"publish","type":"page","link":"https:\/\/blogsaverroes.juntadeandalucia.es\/ceipvr\/quienes-formamos-el-ampa\/","title":{"rendered":"\u00bfQuienes formamos el AMPA?"},"content":{"rendered":"<p>La Asociaci\u00f3n de Madres y Padres <strong>SEMBRANDO FUTURO <\/strong>est\u00e1 gestionada por la siguiente <strong>Junta Directiva<\/strong>.<\/p>\n<ul>\n<li><span style=\"font-size: medium\"><span lang=\"es-ES\"><b>Presidencia<\/b><\/span><\/span><span style=\"font-size: medium\"><span lang=\"es-ES\">: Delia Muresan<\/span><\/span><\/li>\n<li><span style=\"font-size: medium\"><span lang=\"es-ES\"><b>Secretar\u00eda<\/b><\/span><\/span><span style=\"font-size: medium\"><span lang=\"es-ES\">: Mar\u00eda Florica Zubascu&nbsp;<\/span><\/span><\/li>\n<li><span style=\"font-size: medium\"><span lang=\"es-ES\"><b>Tesorer\u00eda<\/b><\/span><\/span><span style=\"font-size: medium\"><span lang=\"es-ES\">: <\/span><\/span><span style=\"font-size: medium\"><span lang=\"es-ES\">Cristina Simion<\/span><\/span><\/li>\n<li lang=\"es-ES\"><span style=\"font-size: medium\"><span lang=\"es-ES\"><b>Vocal<\/b><\/span><\/span><span style=\"font-size: medium\"><span lang=\"es-ES\">: F\u00e1tima Zahra Alami<\/span><\/span><span style=\"font-size: medium\"><span lang=\"es-ES\"> Ouali&nbsp;<\/span><\/span><\/li>\n<li><span style=\"font-size: medium\"><span lang=\"es-ES\"><b>Vocal<\/b><\/span><\/span><span style=\"font-size: medium\"><span lang=\"es-ES\">: Liliame Achahboun Moulay <\/span><\/span><\/li>\n<li><span style=\"font-size: medium\"><span lang=\"es-ES\"><b>Vocal<\/b><\/span><\/span><span style=\"font-size: medium\"><span lang=\"es-ES\">: Saloua El Hamdi<\/span><\/span><\/li>\n<\/ul>\n<h3>Ponte en contacto con nosotros\/as en el email: ampasembrandofuturovr@gmail.com<\/h3>\n<p>&nbsp;<\/p>\n","protected":false},"excerpt":{"rendered":"<p>La Asociaci\u00f3n de Madres y Padres SEMBRANDO FUTURO est\u00e1 gestionada por la siguiente Junta Directiva. Presidencia: Delia Muresan Secretar\u00eda: Mar\u00eda Florica Zubascu&nbsp; Tesorer\u00eda: Cristina Simion Vocal: F\u00e1tima Zahra Alami Ouali&nbsp; Vocal: Liliame Achahboun Moulay Vocal: Saloua El Hamdi Ponte en contacto con nosotros\/as en el&#46;&#46;&#46;<\/p>\n","protected":false},"author":1,"featured_media":0,"parent":0,"menu_order":0,"comment_status":"closed","ping_status":"open","template":"","meta":{"ngg_post_thumbnail":0,"footnotes":"","_mc_calendar":[]},"aioseo_notices":[],"_links":{"self":[{"href":"https:\/\/blogsaverroes.juntadeandalucia.es\/ceipvr\/wp-json\/wp\/v2\/pages\/200"}],"collection":[{"href":"https:\/\/blogsaverroes.juntadeandalucia.es\/ceipvr\/wp-json\/wp\/v2\/pages"}],"about":[{"href":"https:\/\/blogsaverroes.juntadeandalucia.es\/ceipvr\/wp-json\/wp\/v2\/types\/page"}],"author":[{"embeddable":true,"href":"https:\/\/blogsaverroes.juntadeandalucia.es\/ceipvr\/wp-json\/wp\/v2\/users\/1"}],"replies":[{"embeddable":true,"href":"https:\/\/blogsaverroes.juntadeandalucia.es\/ceipvr\/wp-json\/wp\/v2\/comments?post=200"}],"version-history":[{"count":5,"href":"https:\/\/blogsaverroes.juntadeandalucia.es\/ceipvr\/wp-json\/wp\/v2\/pages\/200\/revisions"}],"predecessor-version":[{"id":8794,"href":"https:\/\/blogsaverroes.juntadeandalucia.es\/ceipvr\/wp-json\/wp\/v2\/pages\/200\/revisions\/8794"}],"wp:attachment":[{"href":"https:\/\/blogsaverroes.juntadeandalucia.es\/ceipvr\/wp-json\/wp\/v2\/media?parent=200"}],"curies":[{"name":"wp","href":"https:\/\/api.w.org\/{rel}","templated":true}]}}