{"id":2406,"date":"2020-11-23T18:06:42","date_gmt":"2020-11-23T18:06:42","guid":{"rendered":"https:\/\/blogsaverroes.juntadeandalucia.es\/ceipvr\/?page_id=2406"},"modified":"2026-03-04T19:08:01","modified_gmt":"2026-03-04T19:08:01","slug":"creciendo-en-salud","status":"publish","type":"page","link":"https:\/\/blogsaverroes.juntadeandalucia.es\/ceipvr\/creciendo-en-salud\/","title":{"rendered":"PROGRAMA ESCOLAR DE CONSUMO DE FRUTAS, HORTALIZAS Y LECHE"},"content":{"rendered":"<p><a href=\"https:\/\/blogsaverroes.juntadeandalucia.es\/ceipvr\/files\/2025\/11\/7.-Programa-Escolar-de-consumo-de-frutas-hortalizas-y-leche-y-sus-medidas-de-acompanamiento.png\"><img fetchpriority=\"high\" decoding=\"async\" class=\"size-medium wp-image-8019 alignleft\" src=\"https:\/\/blogsaverroes.juntadeandalucia.es\/ceipvr\/files\/2025\/11\/7.-Programa-Escolar-de-consumo-de-frutas-hortalizas-y-leche-y-sus-medidas-de-acompanamiento-300x300.png\" alt=\"\" width=\"300\" height=\"300\" srcset=\"https:\/\/blogsaverroes.juntadeandalucia.es\/ceipvr\/files\/2025\/11\/7.-Programa-Escolar-de-consumo-de-frutas-hortalizas-y-leche-y-sus-medidas-de-acompanamiento-300x300.png 300w, https:\/\/blogsaverroes.juntadeandalucia.es\/ceipvr\/files\/2025\/11\/7.-Programa-Escolar-de-consumo-de-frutas-hortalizas-y-leche-y-sus-medidas-de-acompanamiento-150x150.png 150w, https:\/\/blogsaverroes.juntadeandalucia.es\/ceipvr\/files\/2025\/11\/7.-Programa-Escolar-de-consumo-de-frutas-hortalizas-y-leche-y-sus-medidas-de-acompanamiento-80x80.png 80w, https:\/\/blogsaverroes.juntadeandalucia.es\/ceipvr\/files\/2025\/11\/7.-Programa-Escolar-de-consumo-de-frutas-hortalizas-y-leche-y-sus-medidas-de-acompanamiento-320x320.png 320w, https:\/\/blogsaverroes.juntadeandalucia.es\/ceipvr\/files\/2025\/11\/7.-Programa-Escolar-de-consumo-de-frutas-hortalizas-y-leche-y-sus-medidas-de-acompanamiento.png 450w\" sizes=\"(max-width: 300px) 100vw, 300px\" \/><\/a>El Programa Escolar de Consumo de Frutas, Hortalizas y Leche y sus Medidas de Acompa\u00f1amiento es impulsado por la Consejer\u00eda de Desarrollo Educativo y Formaci\u00f3n Profesional en colaboraci\u00f3n con la Consejer\u00eda de Agricultura, Pesca, Agua y Desarrollo Rural y la Consejer\u00eda de Salud y Consumo como recurso para el desarrollo y la promoci\u00f3n del Programa H\u00e1bitos de Vida Saludable.<br \/>\nAdem\u00e1s del reparto de leche, fruta y hortalizas, el Programa contempla otras medidas de acompa\u00f1amiento como la entrega de aceite de oliva virgen extra para la celebraci\u00f3n de un desayuno saludable, la visita de un Frutib\u00fas (ludoteca itinerante) y\/o de un kit para el mantenimiento de huertos escolares.<\/p>\n<h2><span style=\"color: #0000ff\">Coordinadora: Ana Mar\u00eda Callejas Cort\u00e9s.<\/span><\/h2>\n","protected":false},"excerpt":{"rendered":"<p>El Programa Escolar de Consumo de Frutas, Hortalizas y Leche y sus Medidas de Acompa\u00f1amiento es impulsado por la Consejer\u00eda de Desarrollo Educativo y Formaci\u00f3n Profesional en colaboraci\u00f3n con la Consejer\u00eda de Agricultura, Pesca, Agua y Desarrollo Rural y la Consejer\u00eda de Salud y Consumo&#46;&#46;&#46;<\/p>\n","protected":false},"author":10667,"featured_media":0,"parent":0,"menu_order":0,"comment_status":"closed","ping_status":"closed","template":"","meta":{"ngg_post_thumbnail":0,"footnotes":"","_mc_calendar":[]},"aioseo_notices":[],"_links":{"self":[{"href":"https:\/\/blogsaverroes.juntadeandalucia.es\/ceipvr\/wp-json\/wp\/v2\/pages\/2406"}],"collection":[{"href":"https:\/\/blogsaverroes.juntadeandalucia.es\/ceipvr\/wp-json\/wp\/v2\/pages"}],"about":[{"href":"https:\/\/blogsaverroes.juntadeandalucia.es\/ceipvr\/wp-json\/wp\/v2\/types\/page"}],"author":[{"embeddable":true,"href":"https:\/\/blogsaverroes.juntadeandalucia.es\/ceipvr\/wp-json\/wp\/v2\/users\/10667"}],"replies":[{"embeddable":true,"href":"https:\/\/blogsaverroes.juntadeandalucia.es\/ceipvr\/wp-json\/wp\/v2\/comments?post=2406"}],"version-history":[{"count":11,"href":"https:\/\/blogsaverroes.juntadeandalucia.es\/ceipvr\/wp-json\/wp\/v2\/pages\/2406\/revisions"}],"predecessor-version":[{"id":8554,"href":"https:\/\/blogsaverroes.juntadeandalucia.es\/ceipvr\/wp-json\/wp\/v2\/pages\/2406\/revisions\/8554"}],"wp:attachment":[{"href":"https:\/\/blogsaverroes.juntadeandalucia.es\/ceipvr\/wp-json\/wp\/v2\/media?parent=2406"}],"curies":[{"name":"wp","href":"https:\/\/api.w.org\/{rel}","templated":true}]}}

<p><a href="https://blogsaverroes.juntadeandalucia.es/ceipvr/files/2025/11/7.-Programa-Escolar-de-consumo-de-frutas-hortalizas-y-leche-y-sus-medidas-de-acompanamiento.png"><img fetchpriority="high" decoding="async" class="size-medium wp-image-8019 alignleft" src="https://blogsaverroes.juntadeandalucia.es/ceipvr/files/2025/11/7.-Programa-Escolar-de-consumo-de-frutas-hortalizas-y-leche-y-sus-medidas-de-acompanamiento-300x300.png" alt="" width="300" height="300" srcset="https://blogsaverroes.juntadeandalucia.es/ceipvr/files/2025/11/7.-Programa-Escolar-de-consumo-de-frutas-hortalizas-y-leche-y-sus-medidas-de-acompanamiento-300x300.png 300w, https://blogsaverroes.juntadeandalucia.es/ceipvr/files/2025/11/7.-Programa-Escolar-de-consumo-de-frutas-hortalizas-y-leche-y-sus-medidas-de-acompanamiento-150x150.png 150w, https://blogsaverroes.juntadeandalucia.es/ceipvr/files/2025/11/7.-Programa-Escolar-de-consumo-de-frutas-hortalizas-y-leche-y-sus-medidas-de-acompanamiento-80x80.png 80w, https://blogsaverroes.juntadeandalucia.es/ceipvr/files/2025/11/7.-Programa-Escolar-de-consumo-de-frutas-hortalizas-y-leche-y-sus-medidas-de-acompanamiento-320x320.png 320w, https://blogsaverroes.juntadeandalucia.es/ceipvr/files/2025/11/7.-Programa-Escolar-de-consumo-de-frutas-hortalizas-y-leche-y-sus-medidas-de-acompanamiento.png 450w" sizes="(max-width: 300px) 100vw, 300px" /></a>El Programa Escolar de Consumo de Frutas, Hortalizas y Leche y sus Medidas de Acompañamiento es impulsado por la Consejería de Desarrollo Educativo y Formación Profesional en colaboración con la Consejería de Agricultura, Pesca, Agua y Desarrollo Rural y la Consejería de Salud y Consumo como recurso para el desarrollo y la promoción del Programa Hábitos de Vida Saludable.<br />
Además del reparto de leche, fruta y hortalizas, el Programa contempla otras medidas de acompañamiento como la entrega de aceite de oliva virgen extra para la celebración de un desayuno saludable, la visita de un Frutibús (ludoteca itinerante) y/o de un kit para el mantenimiento de huertos escolares.</p>
<h2><span style="color: #0000ff">Coordinadora: Ana María Callejas Cortés.</span></h2>

<p>El Programa Escolar de Consumo de Frutas, Hortalizas y Leche y sus Medidas de Acompañamiento es impulsado por la Consejería de Desarrollo Educativo y Formación Profesional en colaboración con la Consejería de Agricultura, Pesca, Agua y Desarrollo Rural y la Consejería de Salud y Consumo&#46;&#46;&#46;</p>
