{"id":2410,"date":"2020-11-23T18:07:06","date_gmt":"2020-11-23T18:07:06","guid":{"rendered":"https:\/\/blogsaverroes.juntadeandalucia.es\/ceipvr\/?page_id=2410"},"modified":"2025-11-23T16:19:17","modified_gmt":"2025-11-23T16:19:17","slug":"plan-de-riesgos-laborales","status":"publish","type":"page","link":"https:\/\/blogsaverroes.juntadeandalucia.es\/ceipvr\/plan-de-riesgos-laborales\/","title":{"rendered":"PLAN DE RIESGOS LABORALES"},"content":{"rendered":"<p><a href=\"https:\/\/blogsaverroes.juntadeandalucia.es\/ceipvr\/files\/2025\/11\/prevencion-riesgos-laborales-imgEs20170504094632Peq.png\"><img fetchpriority=\"high\" decoding=\"async\" class=\"size-medium wp-image-8130 alignleft\" src=\"https:\/\/blogsaverroes.juntadeandalucia.es\/ceipvr\/files\/2025\/11\/prevencion-riesgos-laborales-imgEs20170504094632Peq-300x225.png\" alt=\"\" width=\"300\" height=\"225\" srcset=\"https:\/\/blogsaverroes.juntadeandalucia.es\/ceipvr\/files\/2025\/11\/prevencion-riesgos-laborales-imgEs20170504094632Peq-300x225.png 300w, https:\/\/blogsaverroes.juntadeandalucia.es\/ceipvr\/files\/2025\/11\/prevencion-riesgos-laborales-imgEs20170504094632Peq.png 670w\" sizes=\"(max-width: 300px) 100vw, 300px\" \/><\/a>La Ley 31\/1995, de 8 de noviembre, de Prevenci\u00f3n de Riesgos Laborales, tiene por objeto la determinaci\u00f3n<br \/>\ndel cuerpo b\u00e1sico de garant\u00edas y responsabilidades preciso para establecer un adecuado nivel de protecci\u00f3n<br \/>\nde la salud de las personas trabajadoras frente a los riesgos derivados de las condiciones de trabajo. Esta Ley<br \/>\nestablece las obligaciones que garantizan el reconocimiento del derecho de las personas trabajadoras, en el<br \/>\n\u00e1mbito laboral, a la protecci\u00f3n de su salud e integridad, as\u00ed como las actuaciones de las Administraciones P\u00fablicas que puedan incidir positivamente en la consecuci\u00f3n de dicho objetivo.<\/p>\n<p>Esta perspectiva de la prevenci\u00f3n de riesgos laborales, como actividad integrada en el conjunto de actuaciones de la empresa y en todos los niveles jer\u00e1rquicos de la misma, es contemplada por el Reglamento de los Servicios de Prevenci\u00f3n aprobado por el Real Decreto 39\/1997, de 17 de enero, modificado por el Real Decreto 604\/2006, de 19 de mayo.<\/p>\n<p>El art\u00edculo 2 de este Real Decreto asigna al plan de prevenci\u00f3n de riesgos laborales el car\u00e1cter de documento b\u00e1sico de la acci\u00f3n preventiva y da la responsabilidad a la propia direcci\u00f3n de la empresa en su aprobaci\u00f3n y puesta en pr\u00e1ctica.<\/p>\n<h2><span style=\"color: #0000ff\">Coordinadora: Raquel Sola Garc\u00eda<\/span><\/h2>\n<table style=\"border-collapse: collapse;width: 100%\">\n<tbody>\n<tr>\n<td style=\"width: 100%\"><a title=\"PLAN DE RIESGOS LABORALES\" href=\"https:\/\/www.calameo.com\/read\/006514052767d83bc3fea\" target=\"_blank\" rel=\"noopener noreferrer\">DOSSIER PLAN DE RIESGOS LABORALES<\/a><\/td>\n<\/tr>\n<\/tbody>\n<\/table>\n","protected":false},"excerpt":{"rendered":"<p>La Ley 31\/1995, de 8 de noviembre, de Prevenci\u00f3n de Riesgos Laborales, tiene por objeto la determinaci\u00f3n del cuerpo b\u00e1sico de garant\u00edas y responsabilidades preciso para establecer un adecuado nivel de protecci\u00f3n de la salud de las personas trabajadoras frente a los riesgos derivados de&#46;&#46;&#46;<\/p>\n","protected":false},"author":10667,"featured_media":0,"parent":0,"menu_order":0,"comment_status":"closed","ping_status":"closed","template":"","meta":{"ngg_post_thumbnail":0,"footnotes":"","_mc_calendar":[]},"aioseo_notices":[],"_links":{"self":[{"href":"https:\/\/blogsaverroes.juntadeandalucia.es\/ceipvr\/wp-json\/wp\/v2\/pages\/2410"}],"collection":[{"href":"https:\/\/blogsaverroes.juntadeandalucia.es\/ceipvr\/wp-json\/wp\/v2\/pages"}],"about":[{"href":"https:\/\/blogsaverroes.juntadeandalucia.es\/ceipvr\/wp-json\/wp\/v2\/types\/page"}],"author":[{"embeddable":true,"href":"https:\/\/blogsaverroes.juntadeandalucia.es\/ceipvr\/wp-json\/wp\/v2\/users\/10667"}],"replies":[{"embeddable":true,"href":"https:\/\/blogsaverroes.juntadeandalucia.es\/ceipvr\/wp-json\/wp\/v2\/comments?post=2410"}],"version-history":[{"count":6,"href":"https:\/\/blogsaverroes.juntadeandalucia.es\/ceipvr\/wp-json\/wp\/v2\/pages\/2410\/revisions"}],"predecessor-version":[{"id":8131,"href":"https:\/\/blogsaverroes.juntadeandalucia.es\/ceipvr\/wp-json\/wp\/v2\/pages\/2410\/revisions\/8131"}],"wp:attachment":[{"href":"https:\/\/blogsaverroes.juntadeandalucia.es\/ceipvr\/wp-json\/wp\/v2\/media?parent=2410"}],"curies":[{"name":"wp","href":"https:\/\/api.w.org\/{rel}","templated":true}]}}

<p><a href="https://blogsaverroes.juntadeandalucia.es/ceipvr/files/2025/11/prevencion-riesgos-laborales-imgEs20170504094632Peq.png"><img fetchpriority="high" decoding="async" class="size-medium wp-image-8130 alignleft" src="https://blogsaverroes.juntadeandalucia.es/ceipvr/files/2025/11/prevencion-riesgos-laborales-imgEs20170504094632Peq-300x225.png" alt="" width="300" height="225" srcset="https://blogsaverroes.juntadeandalucia.es/ceipvr/files/2025/11/prevencion-riesgos-laborales-imgEs20170504094632Peq-300x225.png 300w, https://blogsaverroes.juntadeandalucia.es/ceipvr/files/2025/11/prevencion-riesgos-laborales-imgEs20170504094632Peq.png 670w" sizes="(max-width: 300px) 100vw, 300px" /></a>La Ley 31/1995, de 8 de noviembre, de Prevención de Riesgos Laborales, tiene por objeto la determinación<br />
del cuerpo básico de garantías y responsabilidades preciso para establecer un adecuado nivel de protección<br />
de la salud de las personas trabajadoras frente a los riesgos derivados de las condiciones de trabajo. Esta Ley<br />
establece las obligaciones que garantizan el reconocimiento del derecho de las personas trabajadoras, en el<br />
ámbito laboral, a la protección de su salud e integridad, así como las actuaciones de las Administraciones Públicas que puedan incidir positivamente en la consecución de dicho objetivo.</p>
<p>Esta perspectiva de la prevención de riesgos laborales, como actividad integrada en el conjunto de actuaciones de la empresa y en todos los niveles jerárquicos de la misma, es contemplada por el Reglamento de los Servicios de Prevención aprobado por el Real Decreto 39/1997, de 17 de enero, modificado por el Real Decreto 604/2006, de 19 de mayo.</p>
<p>El artículo 2 de este Real Decreto asigna al plan de prevención de riesgos laborales el carácter de documento básico de la acción preventiva y da la responsabilidad a la propia dirección de la empresa en su aprobación y puesta en práctica.</p>
<h2><span style="color: #0000ff">Coordinadora: Raquel Sola García</span></h2>
<table style="border-collapse: collapse;width: 100%">
<tbody>
<tr>
<td style="width: 100%"><a title="PLAN DE RIESGOS LABORALES" href="https://www.calameo.com/read/006514052767d83bc3fea" target="_blank" rel="noopener noreferrer">DOSSIER PLAN DE RIESGOS LABORALES</a></td>
</tr>
</tbody>
</table>

<p>La Ley 31/1995, de 8 de noviembre, de Prevención de Riesgos Laborales, tiene por objeto la determinación del cuerpo básico de garantías y responsabilidades preciso para establecer un adecuado nivel de protección de la salud de las personas trabajadoras frente a los riesgos derivados de&#46;&#46;&#46;</p>
