{"id":2440,"date":"2020-11-30T15:34:52","date_gmt":"2020-11-30T15:34:52","guid":{"rendered":"https:\/\/blogsaverroes.juntadeandalucia.es\/ceipvr\/?page_id=2440"},"modified":"2024-01-18T17:56:20","modified_gmt":"2024-01-18T17:56:20","slug":"pasen","status":"publish","type":"page","link":"https:\/\/blogsaverroes.juntadeandalucia.es\/ceipvr\/pasen\/","title":{"rendered":"IPASEN"},"content":{"rendered":"<p><a href=\"https:\/\/blogsaverroes.juntadeandalucia.es\/ceipvr\/files\/2024\/01\/ipasen.jpg\"><img fetchpriority=\"high\" decoding=\"async\" class=\"size-medium wp-image-5613 alignleft\" src=\"https:\/\/blogsaverroes.juntadeandalucia.es\/ceipvr\/files\/2024\/01\/ipasen-300x207.jpg\" alt=\"\" width=\"300\" height=\"207\" srcset=\"https:\/\/blogsaverroes.juntadeandalucia.es\/ceipvr\/files\/2024\/01\/ipasen-300x207.jpg 300w, https:\/\/blogsaverroes.juntadeandalucia.es\/ceipvr\/files\/2024\/01\/ipasen.jpg 336w\" sizes=\"(max-width: 300px) 100vw, 300px\" \/><\/a>IPasen, es la <strong>versi\u00f3n<\/strong> para Android o IOS de PASEN, la aplicaci\u00f3n de acceso al seguimiento educativo de los alumnos y alumnas andaluces.<br \/>\nCon iPasen, los padres, madres y tutores\/as legales pueden hacer un seguimiento de las calificaciones, las faltas del alumnado, comunicarse con el tutor, recibir informaci\u00f3n del centro, autorizar salidas y excursiones, descargar el cheque libro, etc..<\/p>\n<div class=\"elementor-element elementor-element-d65a8af elementor-widget elementor-widget-text-editor\" data-id=\"d65a8af\">\n<div class=\"elementor-widget-container\">\n<div class=\"elementor-text-editor elementor-clearfix\">\n<div>Para<strong> instalar la aplicaci\u00f3n<\/strong> es necesario descargar la App desde <a href=\"https:\/\/play.google.com\/store\/apps\/details?id=juntadeandalucia.ced.pasen&amp;hl=es\" target=\"_blank\" rel=\"nofollow noopener noreferrer\">Google Play Store<\/a> o <a href=\"https:\/\/apps.apple.com\/es\/app\/ipasen\/id511127024\" target=\"_blank\" rel=\"nofollow noopener noreferrer\">APP Store<\/a> seg\u00fan su dispositivo. Compruebe en los ajustes tener activadas las notificaciones.<\/div>\n<\/div>\n<\/div>\n<\/div>\n<div class=\"elementor-element elementor-element-978238f elementor-widget elementor-widget-text-editor\" data-id=\"978238f\">\n<div class=\"elementor-widget-container\">\n<div class=\"elementor-text-editor elementor-clearfix\">\n<h3><strong>MADRES\/PADRES O TUTORES LEGALES DE ALUMNADO NUEVO EN EL CENTRO:<\/strong><\/h3>\n<p class=\"yiv1069282516gmail-western\">Pueden generarse credencial pulsando en <b>\u201cNo estoy registrado\u201d<\/b> y completando los datos que les soliciten. Tal y como aparece en el siguiente videotutorial sobre autologin:<\/p>\n<p><iframe src=\"\/\/www.youtube.com\/embed\/cHLova48ULE?si=aA9mc_RduFylnhK_\" width=\"560\" height=\"314\"><\/iframe><\/p>\n<\/div>\n<\/div>\n<\/div>\n<p>Si eres madre\/padre o tutor\/a legal de un alumno o alumna del CEIP Virgen del Rosario y<strong> no puedes recuperar contrase\u00f1a<\/strong>, puedes solicitar tu clave de la aplicaci\u00f3n iPasen a trav\u00e9s de nuestro correo electr\u00f3nico:<\/p>\n<div class=\"elementor-element elementor-element-34f94ca3 elementor-widget elementor-widget-text-editor\" data-id=\"34f94ca3\">\n<div class=\"elementor-widget-container\">\n<div class=\"elementor-text-editor elementor-clearfix\">\n<p><a href=\"mailto:04009381.edu@juntadeandalucia.es\" target=\"_blank\" rel=\"nofollow noopener noreferrer\">04003809.edu@juntadeandalucia.es<\/a><\/p>\n<p>Indica el curso y el nombre y apellidos del alumno o alumna, as\u00ed como el nombre completo del padre\/madre o tutor\/a legal.<\/p>\n<h3><strong>OTROS V\u00cdDEOS DE INTER\u00c9S.<\/strong><\/h3>\n<\/div>\n<p><strong>Recuperar acceso<\/strong><\/p>\n<p><iframe src=\"\/\/www.youtube.com\/embed\/OR7r9OcG8sE?si=T1vLURRPjjZcJDUX\" width=\"560\" height=\"314\"><\/iframe><\/p>\n<p><strong>Consultar y justificar faltas de asistencia<\/strong><\/p>\n<p><iframe src=\"\/\/www.youtube.com\/embed\/W3a7pt1hqr8?si=rMHIE93golmwTERe\" width=\"560\" height=\"314\"><\/iframe><\/p>\n<\/div>\n<\/div>\n<p><strong>Ver las notas<\/strong><\/p>\n<p><iframe src=\"\/\/www.youtube.com\/embed\/E6rnS0ZDI_0?si=6MjmgUcZ9PO6NDCh\" width=\"560\" height=\"314\"><\/iframe><\/p>\n<p><strong>Punto de recogida: boletines, informes, cheque libro&#8230;<\/strong><\/p>\n<p><iframe src=\"\/\/www.youtube.com\/embed\/K7s5wXWcEdc?si=QO5jzz8iPKLuM0kL\" width=\"560\" height=\"314\"><\/iframe><\/p>\n<p><strong>Autorizaciones y firmas<\/strong><\/p>\n<p><iframe src=\"\/\/www.youtube.com\/embed\/BzsH8tJCN28?si=hx2lHZcWi31LN356\" width=\"560\" height=\"314\"><\/iframe><\/p>\n<p><strong>Actualizar datos de la madre\/padre\/tutor legal en Ipasen.<\/strong><\/p>\n<p><iframe src=\"\/\/www.youtube.com\/embed\/e9_sA7k4rvs?si=qCAHeH-mgL91OwX7\" width=\"560\" height=\"314\"><\/iframe><\/p>\n<p>&nbsp;<\/p>\n<p><strong>Tutorial para entrar en Pasen y descargarla en el m\u00f3vil.<\/strong><\/p>\n<p><iframe src=\"\/\/www.youtube.com\/embed\/tYJjKmRnzTw?si=-6Fbfz1SkfQefZCU\" width=\"560\" height=\"314\"><\/iframe><\/p>\n<p><strong>Tutorial de Pasen para alumnado, padres y madres:<\/strong><\/p>\n<p><iframe src=\"\/\/www.youtube.com\/embed\/7eeI4h4p5q4?si=T2BZxSAluAY5qqrP\" width=\"560\" height=\"314\"><\/iframe><\/p>\n","protected":false},"excerpt":{"rendered":"<p>IPasen, es la versi\u00f3n para Android o IOS de PASEN, la aplicaci\u00f3n de acceso al seguimiento educativo de los alumnos y alumnas andaluces. Con iPasen, los padres, madres y tutores\/as legales pueden hacer un seguimiento de las calificaciones, las faltas del alumnado, comunicarse con el&#46;&#46;&#46;<\/p>\n","protected":false},"author":10667,"featured_media":0,"parent":0,"menu_order":0,"comment_status":"closed","ping_status":"closed","template":"","meta":{"ngg_post_thumbnail":0,"footnotes":"","_mc_calendar":[]},"aioseo_notices":[],"_links":{"self":[{"href":"https:\/\/blogsaverroes.juntadeandalucia.es\/ceipvr\/wp-json\/wp\/v2\/pages\/2440"}],"collection":[{"href":"https:\/\/blogsaverroes.juntadeandalucia.es\/ceipvr\/wp-json\/wp\/v2\/pages"}],"about":[{"href":"https:\/\/blogsaverroes.juntadeandalucia.es\/ceipvr\/wp-json\/wp\/v2\/types\/page"}],"author":[{"embeddable":true,"href":"https:\/\/blogsaverroes.juntadeandalucia.es\/ceipvr\/wp-json\/wp\/v2\/users\/10667"}],"replies":[{"embeddable":true,"href":"https:\/\/blogsaverroes.juntadeandalucia.es\/ceipvr\/wp-json\/wp\/v2\/comments?post=2440"}],"version-history":[{"count":20,"href":"https:\/\/blogsaverroes.juntadeandalucia.es\/ceipvr\/wp-json\/wp\/v2\/pages\/2440\/revisions"}],"predecessor-version":[{"id":5635,"href":"https:\/\/blogsaverroes.juntadeandalucia.es\/ceipvr\/wp-json\/wp\/v2\/pages\/2440\/revisions\/5635"}],"wp:attachment":[{"href":"https:\/\/blogsaverroes.juntadeandalucia.es\/ceipvr\/wp-json\/wp\/v2\/media?parent=2440"}],"curies":[{"name":"wp","href":"https:\/\/api.w.org\/{rel}","templated":true}]}}