{"id":2466,"date":"2020-12-07T06:31:19","date_gmt":"2020-12-07T06:31:19","guid":{"rendered":"https:\/\/blogsaverroes.juntadeandalucia.es\/ceipvr\/?page_id=2466"},"modified":"2026-03-04T18:49:43","modified_gmt":"2026-03-04T18:49:43","slug":"plan-de-bilinguismo-2","status":"publish","type":"page","link":"https:\/\/blogsaverroes.juntadeandalucia.es\/ceipvr\/plan-de-bilinguismo-2\/","title":{"rendered":"PLAN DE PLURILING\u00dcISMO"},"content":{"rendered":"<p><a href=\"https:\/\/www.juntadeandalucia.es\/educacion\/portals\/en\/web\/plurilinguismo\/centros-bilingues\"><img decoding=\"async\" class=\"size-medium wp-image-8550 alignleft\" src=\"https:\/\/blogsaverroes.juntadeandalucia.es\/ceipvr\/files\/2026\/03\/layout_set_logo-300x90.png\" alt=\"\" width=\"300\" height=\"90\" srcset=\"https:\/\/blogsaverroes.juntadeandalucia.es\/ceipvr\/files\/2026\/03\/layout_set_logo-300x90.png 300w, https:\/\/blogsaverroes.juntadeandalucia.es\/ceipvr\/files\/2026\/03\/layout_set_logo.png 395w\" sizes=\"(max-width: 300px) 100vw, 300px\" \/><\/a>La implantaci\u00f3n del pluriling\u00fcismo tiene como objetivo la mejora paulatina de la competencia ling\u00fc\u00edstica, tanto de la lengua castellana, patrimonio del que gozamos como hablantes, como de, al menos, una lengua extranjera. El aprendizaje de idiomas es uno de los m\u00e1s importantes objetivos en nuestro sistema educativo, y la ense\u00f1anza biling\u00fce es, no la \u00fanica, pero s\u00ed una muy importante para la adquisici\u00f3n de la competencia ling\u00fc\u00edstica entre nuestro alumnado.<\/p>\n<p>Las Tecnolog\u00edas de la Informaci\u00f3n y la Comunicaci\u00f3n se convierten en un punto de apoyo formidable tambi\u00e9n en el aprendizaje de una lengua extranjera, con documentos y materiales que, ordenados y compilados, ayudan de un modo sistem\u00e1tico al profesorado y a los centros implicados en la ense\u00f1anza biling\u00fce. Igualmente nos permiten difundir buenas pr\u00e1cticas que sirvan de modelo para los centros desde la seguridad de que han funcionado y han repercutido positivamente en el proceso de ense\u00f1anza-aprendizaje. As\u00ed, en este portal se puede encontrar desde el m\u00e1s general al m\u00e1s detallado documento, con todos los matices y diversidades. Aspectos organizativos, de planificaci\u00f3n, formativos o metodol\u00f3gicos, y ejemplos de buenas pr\u00e1cticas a partir de lo que ya se realiza en la mayor\u00eda de los centros biling\u00fces<\/p>\n<h2><span style=\"color: #0000ff\">Coordinadora: Marina Garc\u00eda Carvajal<\/span><\/h2>\n<p><a href=\"https:\/\/www.calameo.com\/read\/00651405232cb7be8ad1b\">PLAN DE BILING\u00dc\u00cdSMO<\/a><\/p>\n<p><a href=\"https:\/\/blogsaverroes.juntadeandalucia.es\/ceipvr\/files\/2025\/03\/Ficha-informativa-para-Auxiliares-25.26.pdf\">FICHA INFORMATIVA PARA AUXILIARES DE CONVERSACI\u00d3N<\/a><\/p>\n","protected":false},"excerpt":{"rendered":"<p>La implantaci\u00f3n del pluriling\u00fcismo tiene como objetivo la mejora paulatina de la competencia ling\u00fc\u00edstica, tanto de la lengua castellana, patrimonio del que gozamos como hablantes, como de, al menos, una lengua extranjera. El aprendizaje de idiomas es uno de los m\u00e1s importantes objetivos en nuestro&#46;&#46;&#46;<\/p>\n","protected":false},"author":10667,"featured_media":0,"parent":0,"menu_order":0,"comment_status":"closed","ping_status":"closed","template":"","meta":{"ngg_post_thumbnail":0,"footnotes":"","_mc_calendar":[]},"aioseo_notices":[],"_links":{"self":[{"href":"https:\/\/blogsaverroes.juntadeandalucia.es\/ceipvr\/wp-json\/wp\/v2\/pages\/2466"}],"collection":[{"href":"https:\/\/blogsaverroes.juntadeandalucia.es\/ceipvr\/wp-json\/wp\/v2\/pages"}],"about":[{"href":"https:\/\/blogsaverroes.juntadeandalucia.es\/ceipvr\/wp-json\/wp\/v2\/types\/page"}],"author":[{"embeddable":true,"href":"https:\/\/blogsaverroes.juntadeandalucia.es\/ceipvr\/wp-json\/wp\/v2\/users\/10667"}],"replies":[{"embeddable":true,"href":"https:\/\/blogsaverroes.juntadeandalucia.es\/ceipvr\/wp-json\/wp\/v2\/comments?post=2466"}],"version-history":[{"count":11,"href":"https:\/\/blogsaverroes.juntadeandalucia.es\/ceipvr\/wp-json\/wp\/v2\/pages\/2466\/revisions"}],"predecessor-version":[{"id":8551,"href":"https:\/\/blogsaverroes.juntadeandalucia.es\/ceipvr\/wp-json\/wp\/v2\/pages\/2466\/revisions\/8551"}],"wp:attachment":[{"href":"https:\/\/blogsaverroes.juntadeandalucia.es\/ceipvr\/wp-json\/wp\/v2\/media?parent=2466"}],"curies":[{"name":"wp","href":"https:\/\/api.w.org\/{rel}","templated":true}]}}