{"id":2937,"date":"2021-09-15T21:25:11","date_gmt":"2021-09-15T21:25:11","guid":{"rendered":"https:\/\/blogsaverroes.juntadeandalucia.es\/ceipvr\/?page_id=2937"},"modified":"2024-02-09T16:52:22","modified_gmt":"2024-02-09T16:52:22","slug":"videos-youtube","status":"publish","type":"page","link":"https:\/\/blogsaverroes.juntadeandalucia.es\/ceipvr\/videos-youtube\/","title":{"rendered":"Videos Youtube"},"content":{"rendered":"<p style=\"text-align: center\">D\u00cdA DE LA PAZ ENERO 2022<\/p>\n<p>&nbsp;<\/p>\n<p><iframe title=\"DIA ESCOLAR POR LA PAZ Y LA NO VIOLENCIA\" width=\"500\" height=\"281\" src=\"https:\/\/www.youtube.com\/embed\/dtc9JTXYY88?feature=oembed&#038;wmode=opaque\" frameborder=\"0\" allow=\"accelerometer; autoplay; clipboard-write; encrypted-media; gyroscope; picture-in-picture; web-share\" allowfullscreen><\/iframe><\/p>\n<p>&nbsp;<\/p>\n<p>D\u00cdA DE LA CONSTITUCI\u00d3N 2021<\/p>\n<p><iframe title=\"CONSTITUCI\u00d3N 21\" width=\"500\" height=\"281\" src=\"https:\/\/www.youtube.com\/embed\/bkCJxEtU1Ek?feature=oembed&#038;wmode=opaque\" frameborder=\"0\" allow=\"accelerometer; autoplay; clipboard-write; encrypted-media; gyroscope; picture-in-picture; web-share\" allowfullscreen><\/iframe><\/p>\n<p>&nbsp;<\/p>\n<p>OLIMPIADAS 2021 (UDI JUEGOS OL\u00cdMPICOS)<\/p>\n<p><iframe title=\"Olimpiadas CEIP Virgen del Rosario 2021 (Roquetas de Mar)\" width=\"500\" height=\"281\" src=\"https:\/\/www.youtube.com\/embed\/yJ6TZtwoXMg?feature=oembed&#038;wmode=opaque\" frameborder=\"0\" allow=\"accelerometer; autoplay; clipboard-write; encrypted-media; gyroscope; picture-in-picture; web-share\" allowfullscreen><\/iframe><\/p>\n<p>&nbsp;<\/p>\n<p>DESPEDIDA ALUMNADO DE SEXTO CURSO 20\/ 21<\/p>\n<p><iframe title=\"DESPEDIDA DE SEXTO 20\/21. CEIP VIRGEN DEL ROSARIO ROQUETAS DE MAR\" width=\"500\" height=\"281\" src=\"https:\/\/www.youtube.com\/embed\/gzzu75it0B0?feature=oembed&#038;wmode=opaque\" frameborder=\"0\" allow=\"accelerometer; autoplay; clipboard-write; encrypted-media; gyroscope; picture-in-picture; web-share\" allowfullscreen><\/iframe><\/p>\n<p>&nbsp;<\/p>\n<p>D\u00cdA DE LA PAZ 2021<\/p>\n<p><iframe title=\"CEIP VIRGEN DEL ROSARIO, ROQUETAS DE MAR. D\u00cdA DE LA PAZ 2021\" width=\"500\" height=\"281\" src=\"https:\/\/www.youtube.com\/embed\/SyFdGeXnQxE?feature=oembed&#038;wmode=opaque\" frameborder=\"0\" allow=\"accelerometer; autoplay; clipboard-write; encrypted-media; gyroscope; picture-in-picture; web-share\" allowfullscreen><\/iframe><\/p>\n<p>&nbsp;<\/p>\n<p>D\u00cdA DE ANDALUC\u00cdA CURSO 2020\/ 21<\/p>\n<p><a href=\"http:\/\/iframe%20title=vimeo-player%20src=https:\/\/player.vimeo.com\/video\/521588164?h=168e9d081d%20width=640%20height=352%20frameborder=0%20allowfullscreen\/iframe\">http:\/\/<iframe src=\"https:\/\/player.vimeo.com\/video\/521588164?h=168e9d081d\" width=\"640\" height=\"352\" frameborder=\"0\"><\/iframe><\/a><\/p>\n<p>&nbsp;<\/p>\n<p>&nbsp;<\/p>\n<p>CUENTA- CUENTOS EL LAGARTO Y LA LAGARTA, DE FEDERICO GARC\u00cdA LORCA. SE\u00d1O RAQUEL, INF 3 A\u00d1OS.<\/p>\n<p><a href=\"http:\/\/iframe%20title=vimeo-player%20src=https:\/\/player.vimeo.com\/video\/521534242?h=21c577d5d8%20width=640%20height=352%20frameborder=0%20allowfullscreen\/iframe\">http:\/\/<iframe src=\"https:\/\/player.vimeo.com\/video\/521534242?h=21c577d5d8\" width=\"640\" height=\"352\" frameborder=\"0\"><\/iframe><\/a><\/p>\n<p>&nbsp;<\/p>\n<p>D\u00cdA DE LA PAZ 2020<\/p>\n<p><iframe title=\"DIA DE LA PAZ  CEIP VIRGEN DEL ROSARIO 2020\" width=\"500\" height=\"281\" src=\"https:\/\/www.youtube.com\/embed\/FnpFLb6gTM8?feature=oembed&#038;wmode=opaque\" frameborder=\"0\" allow=\"accelerometer; autoplay; clipboard-write; encrypted-media; gyroscope; picture-in-picture; web-share\" allowfullscreen><\/iframe><\/p>\n<p>&nbsp;<\/p>\n<p>NAVIDAD 2020<\/p>\n<p><iframe title=\"Navidad 2020 Ceip Virgen del Rosario Roquetas de Mar (M\u00fasica)\" width=\"500\" height=\"281\" src=\"https:\/\/www.youtube.com\/embed\/KVy-XePe7rE?feature=oembed&#038;wmode=opaque\" frameborder=\"0\" allow=\"accelerometer; autoplay; clipboard-write; encrypted-media; gyroscope; picture-in-picture; web-share\" allowfullscreen><\/iframe><\/p>\n<p>&nbsp;<\/p>\n<p>&nbsp;<\/p>\n<p><iframe title=\"NAVIDAD EN EL CEIP VIRGEN DEL ROSARIO DE ROQUETAS DE MAR\" width=\"500\" height=\"281\" src=\"https:\/\/www.youtube.com\/embed\/YeO4NUqYck0?feature=oembed&#038;wmode=opaque\" frameborder=\"0\" allow=\"accelerometer; autoplay; clipboard-write; encrypted-media; gyroscope; picture-in-picture; web-share\" allowfullscreen><\/iframe><\/p>\n<p>&nbsp;<\/p>\n<p>D\u00cdA DEL FLAMENCO CURSO 2019\/ 20 &#8211; LIPDUP<\/p>\n<p><iframe title=\"LIPDUP D\u00cdA DEL FLAMENCO 2019\" width=\"500\" height=\"281\" src=\"https:\/\/www.youtube.com\/embed\/KDcCUSpbZKw?feature=oembed&#038;wmode=opaque\" frameborder=\"0\" allow=\"accelerometer; autoplay; clipboard-write; encrypted-media; gyroscope; picture-in-picture; web-share\" allowfullscreen><\/iframe><\/p>\n","protected":false},"excerpt":{"rendered":"<p>D\u00cdA DE LA PAZ ENERO 2022 &nbsp; &nbsp; D\u00cdA DE LA CONSTITUCI\u00d3N 2021 &nbsp; OLIMPIADAS 2021 (UDI JUEGOS OL\u00cdMPICOS) &nbsp; DESPEDIDA ALUMNADO DE SEXTO CURSO 20\/ 21 &nbsp; D\u00cdA DE LA PAZ 2021 &nbsp; D\u00cdA DE ANDALUC\u00cdA CURSO 2020\/ 21 http:\/\/ &nbsp; &nbsp; CUENTA- CUENTOS&#46;&#46;&#46;<\/p>\n","protected":false},"author":10667,"featured_media":0,"parent":0,"menu_order":0,"comment_status":"closed","ping_status":"closed","template":"","meta":{"ngg_post_thumbnail":0,"footnotes":"","_mc_calendar":[]},"aioseo_notices":[],"_links":{"self":[{"href":"https:\/\/blogsaverroes.juntadeandalucia.es\/ceipvr\/wp-json\/wp\/v2\/pages\/2937"}],"collection":[{"href":"https:\/\/blogsaverroes.juntadeandalucia.es\/ceipvr\/wp-json\/wp\/v2\/pages"}],"about":[{"href":"https:\/\/blogsaverroes.juntadeandalucia.es\/ceipvr\/wp-json\/wp\/v2\/types\/page"}],"author":[{"embeddable":true,"href":"https:\/\/blogsaverroes.juntadeandalucia.es\/ceipvr\/wp-json\/wp\/v2\/users\/10667"}],"replies":[{"embeddable":true,"href":"https:\/\/blogsaverroes.juntadeandalucia.es\/ceipvr\/wp-json\/wp\/v2\/comments?post=2937"}],"version-history":[{"count":17,"href":"https:\/\/blogsaverroes.juntadeandalucia.es\/ceipvr\/wp-json\/wp\/v2\/pages\/2937\/revisions"}],"predecessor-version":[{"id":3744,"href":"https:\/\/blogsaverroes.juntadeandalucia.es\/ceipvr\/wp-json\/wp\/v2\/pages\/2937\/revisions\/3744"}],"wp:attachment":[{"href":"https:\/\/blogsaverroes.juntadeandalucia.es\/ceipvr\/wp-json\/wp\/v2\/media?parent=2937"}],"curies":[{"name":"wp","href":"https:\/\/api.w.org\/{rel}","templated":true}]}}