{"id":1111,"date":"2025-01-21T22:14:18","date_gmt":"2025-01-21T21:14:18","guid":{"rendered":"https:\/\/blogsaverroes.juntadeandalucia.es\/cemcazalladelasierra\/?page_id=1111"},"modified":"2025-10-23T18:57:22","modified_gmt":"2025-10-23T17:57:22","slug":"admision","status":"publish","type":"page","link":"https:\/\/blogsaverroes.juntadeandalucia.es\/cemcazalladelasierra\/admision\/","title":{"rendered":"Admisi\u00f3n"},"content":{"rendered":"<p>[et_pb_section fb_built=&#8221;1&#8243; admin_label=&#8221;section&#8221; _builder_version=&#8221;4.16&#8243; global_colors_info=&#8221;{}&#8221;][et_pb_row admin_label=&#8221;row&#8221; _builder_version=&#8221;4.16&#8243; background_size=&#8221;initial&#8221; background_position=&#8221;top_left&#8221; background_repeat=&#8221;repeat&#8221; global_colors_info=&#8221;{}&#8221;][et_pb_column type=&#8221;4_4&#8243; _builder_version=&#8221;4.16&#8243; custom_padding=&#8221;|||&#8221; global_colors_info=&#8221;{}&#8221; custom_padding__hover=&#8221;|||&#8221;][et_pb_text admin_label=&#8221;Text&#8221; _builder_version=&#8221;4.24.2&#8243; background_size=&#8221;initial&#8221; background_position=&#8221;top_left&#8221; background_repeat=&#8221;repeat&#8221; hover_enabled=&#8221;0&#8243; global_colors_info=&#8221;{}&#8221; sticky_enabled=&#8221;0&#8243;]<\/p>\n<p><span style=\"font-size: 18pt;color: #000080\">\u00bfQui\u00e9n puede apuntarse al Conservatorio de M\u00fasica?<\/span><\/p>\n<p>&nbsp; &nbsp; &nbsp; &nbsp;<span style=\"color: #333333\"> Los <\/span><span style=\"color: #ff0000\"><strong>\u00fanicos requisitos<\/strong><\/span><span style=\"color: #333333\"> para el acceso al conservatorio de m\u00fasica es <strong><span style=\"color: #ff0000\">cumplir los ocho a\u00f1os<\/span><\/strong> <span style=\"color: #ff0000\">durante el a\u00f1o en el que se solicita el ingreso<\/span> y <strong>superar una prueba de aptitud<\/strong>. El alumnado con 8 a\u00f1os de edad siempre tendr\u00e1 <em>prioridad<\/em> en la admisi\u00f3n sobre el resto. Puedes apuntarte para:&nbsp;<\/span><\/p>\n<ul>\n<li><span style=\"color: #333333\">Acceder al Primer curso de Ense\u00f1anzas B\u00e1sicas (mediante unas Pruebas de Aptitud).<\/span><\/li>\n<li><span style=\"color: #333333\">Acceder a otro curso distinto a 1\u00ba de Ense\u00f1anzas B\u00e1sicas (mediante unas Pruebas de Acceso).<\/span><\/li>\n<li><span style=\"color: #333333\">Antiguo alumnado que desee continuar con sus estudios (Reingreso).<br \/><\/span><\/li>\n<\/ul>\n<p>&nbsp;<\/p>\n<p>&nbsp;<\/p>\n<p><span style=\"font-size: 18pt;color: #000080\">\u00bfCu\u00e1ndo puedo hacer la inscripci\u00f3n para hacer las pruebas?<\/span><\/p>\n<p>&nbsp; &nbsp;<span style=\"color: #333333\"> &nbsp; &nbsp; El periodo de <strong>admisi\u00f3n<\/strong> al Conservatorio se abre <em>exclusivamente <\/em>entre del <strong>1 <\/strong>al<strong> 30 de<\/strong><strong> abril <\/strong><strong>de cada a\u00f1o.&nbsp;<\/strong><\/span><\/p>\n<p>&nbsp;<\/p>\n<p><span style=\"font-size: 18pt;color: #000080\">\u00bfC\u00f3mo hago la inscripci\u00f3n?<\/span><\/p>\n<p>&nbsp; &nbsp; &nbsp; &nbsp;<span style=\"color: #333333\"> La cumplimentaci\u00f3n de la solicitud se efectuar\u00e1 de forma telem\u00e1tica a trav\u00e9s de la Secretar\u00eda Virtual de la Conserjer\u00eda de Educaci\u00f3n en<span style=\"color: #3366ff\"><strong> <a style=\"color: #3366ff\" href=\"https:\/\/www.juntadeandalucia.es\/educacion\/secretariavirtual\/accesoTramite\/445\/\">este enlace<\/a><\/strong><\/span>. El <strong>c\u00f3digo de centro<\/strong> del CEM Cazalla de la Sierra es el <strong>41700488<\/strong>.<\/span><\/p>\n<p>&nbsp;<\/p>\n<h4 class=\"uk-module-title-alt\"><span style=\"font-size: 18pt;color: #000080\">\u00bfQu\u00e9 tengo que pagar para hacer la prueba?<\/span><\/h4>\n<p><span style=\"color: #000000\">&nbsp; &nbsp; &nbsp; &nbsp; Nada, la inscripci\u00f3n para realizar la prueba de acceso es totalmente gratuita<\/span><\/p>\n<table style=\"border-collapse: collapse;width: 100%;height: 140px\">\n<tbody>\n<tr style=\"height: 23px\">\n<td style=\"width: 41.2739%;text-align: center;height: 23px\" colspan=\"2\"><strong><span style=\"color: #333333\">PRUEBAS DE APTITUD \/ ACCESO<\/span><\/strong><span style=\"color: #800000\"><br \/><\/span><\/td>\n<td style=\"width: 58.7261%;text-align: center;height: 23px\" colspan=\"3\"><strong><span style=\"color: #333333\">TASAS<\/span><\/strong><span style=\"color: #800000\"><br \/><\/span><\/td>\n<\/tr>\n<tr style=\"height: 71px\">\n<td style=\"width: 20%;text-align: center;height: 71px\"><span style=\"color: #800000\">ENSE\u00d1ANZAS<\/span><\/td>\n<td style=\"width: 21.2739%;text-align: center;height: 71px\"><span style=\"color: #800000\">PRUEBA-CURSO<\/span><\/td>\n<td style=\"width: 18.7261%;text-align: center;height: 71px\"><span style=\"color: #800000\">TARIFA NORMAL<\/span><\/td>\n<td style=\"width: 20%;text-align: center;height: 71px\"><span style=\"color: #800000\">FAMILIA NUMEROSA GENERAL<\/span><\/td>\n<td style=\"width: 20%;text-align: center;height: 71px\"><span style=\"color: #800000\">Procedente de localidades de hasta 20.000 habitantes<\/span><\/td>\n<\/tr>\n<tr style=\"height: 23px\">\n<td style=\"width: 20%;text-align: center;height: 23px\">B\u00e1sicas<\/td>\n<td style=\"width: 21.2739%;text-align: center;height: 23px\">Aptitud &#8211; 1\u00ba ciclo<\/td>\n<td style=\"width: 18.7261%;text-align: center;height: 23px\">Gratis<\/td>\n<td style=\"width: 20%;text-align: center;height: 23px\">Gratis<\/td>\n<td style=\"width: 20%;text-align: center;height: 23px\">Gratis<\/td>\n<\/tr>\n<tr style=\"height: 23px\">\n<td style=\"width: 20%;text-align: center;height: 23px\">B\u00e1sicas<\/td>\n<td style=\"width: 21.2739%;text-align: center;height: 23px\">Acceso a distintos cursos<\/td>\n<td style=\"width: 18.7261%;text-align: center;height: 23px\">Gratis<\/td>\n<td style=\"width: 20%;text-align: center;height: 23px\">Gratis<\/td>\n<td style=\"width: 20%;text-align: center;height: 23px\">Gratis<\/td>\n<\/tr>\n<\/tbody>\n<\/table>\n<p>&nbsp;&nbsp;<\/p>\n<p><span style=\"font-size: 18pt;color: #000080\">\u00bfCu\u00e1ndo se realizar\u00e1n las pruebas de acceso?<\/span><\/p>\n<p>&nbsp; &nbsp; &nbsp; &nbsp; Las pruebas de acceso a estas ense\u00f1anzas se celebrar\u00e1n<strong> entre el 15 de mayo y el 5 de junio de cada a\u00f1o<\/strong> y se ajustar\u00e1n a lo establecido en la Orden de 7 de julio de 2009 (BOJA n\u00ba 145 de 28 de julio de 2009), por la que se regulan las pruebas de aptitud y acceso a Ense\u00f1anzas B\u00e1sicas de las Ense\u00f1anzas Elementales de M\u00fasica.<\/p>\n<p>&nbsp;<\/p>\n<p><span style=\"color: #000080;font-size: 18pt\">\u00bfEn qu\u00e9 consisten las pruebas de acceso?<\/span><\/p>\n<p>La prueba de aptitudes musicales consiste en tres fases:<\/p>\n<ol>\n<li>Imitar motivos r\u00edtmicos percutivamente.<\/li>\n<li>Imitar motivos mel\u00f3dicos escuchados al piano.<\/li>\n<li>Interpretaci\u00f3n de una canci\u00f3n sencilla (Ejem: Cumplea\u00f1os feliz)<\/li>\n<\/ol>\n<p>[\/et_pb_text][\/et_pb_column][\/et_pb_row][\/et_pb_section]<\/p>\n","protected":false},"excerpt":{"rendered":"<p>\u00bfQui\u00e9n puede apuntarse al Conservatorio de M\u00fasica? &nbsp; &nbsp; &nbsp; &nbsp; Los \u00fanicos requisitos para el acceso al conservatorio de m\u00fasica es cumplir los ocho a\u00f1os durante el a\u00f1o en el que se solicita el ingreso y superar una prueba de aptitud. El alumnado con 8 a\u00f1os de edad siempre tendr\u00e1 prioridad en la admisi\u00f3n [&hellip;]<\/p>\n","protected":false},"author":18566,"featured_media":0,"parent":0,"menu_order":0,"comment_status":"closed","ping_status":"closed","template":"","meta":{"_et_pb_use_builder":"on","_et_pb_old_content":"<span style=\"font-size: 18pt;color: #000080\">\u00bfQui\u00e9n puede apuntarse al Conservatorio de M\u00fasica?<\/span>\r\n\r\n\u00a0 \u00a0 \u00a0 \u00a0<span style=\"color: #333333\"> El \u00fanico <strong>requisito<\/strong>\u00a0para el acceso al primer curso de las ense\u00f1anzas b\u00e1sicas de m\u00fasica es tener cumplidos los <strong>ocho a\u00f1os<\/strong> antes de finalizar el a\u00f1o en el que se solicita y superar una prueba de aptitud. El alumnado con menor edad siempre tendr\u00e1 <em>prioridad<\/em> en la admisi\u00f3n sobre el resto. Puedes apuntarte para:\u00a0<\/span>\r\n<ul>\r\n \t<li><span style=\"color: #333333\">Acceder al Primer curso de Ense\u00f1anzas B\u00e1sicas (mediante unas Pruebas de Aptitud).<\/span><\/li>\r\n \t<li><span style=\"color: #333333\">Acceder a otro curso distinto a 1\u00ba de Ense\u00f1anzas B\u00e1sicas (mediante unas Pruebas de Acceso).<\/span><\/li>\r\n \t<li><span style=\"color: #333333\">Antiguo alumnado que desee continuar con sus estudios (Reingreso).\r\n<\/span><\/li>\r\n<\/ul>\r\n<span style=\"font-size: 18pt;color: #000080\">\u00bfCu\u00e1ndo puedo hacer la inscripci\u00f3n para hacer las pruebas?<\/span>\r\n\r\n\u00a0 \u00a0<span style=\"color: #333333\"> \u00a0 \u00a0 El periodo de <strong>admisi\u00f3n<\/strong> al Conservatorio se abre <em>exclusivamente <\/em>entre del <strong>1 <\/strong>al<strong> 30 de<\/strong><strong> abril <\/strong><strong>de cada a\u00f1o.\u00a0<\/strong><\/span>\r\n\r\n<span style=\"font-size: 18pt;color: #000080\">\u00bfC\u00f3mo hago la inscripci\u00f3n?<\/span>\r\n\r\n\u00a0 \u00a0 \u00a0 \u00a0<span style=\"color: #333333\"> La cumplimentaci\u00f3n de la solicitud se efectuar\u00e1 de forma telem\u00e1tica a trav\u00e9s de la Secretar\u00eda Virtual de la Conserjer\u00eda de Educaci\u00f3n en <a style=\"color: #333333\" href=\"https:\/\/www.juntadeandalucia.es\/educacion\/secretariavirtual\/accesoTramite\/445\/\">este enlace<\/a>. El <strong>c\u00f3digo de centro<\/strong> del CEM Cazalla de la Sierra es el <strong>41700488<\/strong>.<\/span>\r\n<h4 class=\"uk-module-title-alt\"><span style=\"font-size: 18pt;color: #000080\">\u00bfCu\u00e1l es el importe de la\u00a0<span class=\"tm-primary-color\">tasa<\/span>\u00a0que tengo que abonar?<\/span><\/h4>\r\n<table style=\"border-collapse: collapse;width: 100%;height: 140px\">\r\n<tbody>\r\n<tr style=\"height: 23px\">\r\n<td style=\"width: 41.2739%;text-align: center;height: 23px\" colspan=\"2\"><strong><span style=\"color: #333333\">PRUEBAS DE APTITUD \/ ACCESO<\/span><\/strong><span style=\"color: #800000\">\r\n<\/span><\/td>\r\n<td style=\"width: 58.7261%;text-align: center;height: 23px\" colspan=\"3\"><strong><span style=\"color: #333333\">TASAS<\/span><\/strong><span style=\"color: #800000\">\r\n<\/span><\/td>\r\n<\/tr>\r\n<tr style=\"height: 71px\">\r\n<td style=\"width: 20%;text-align: center;height: 71px\"><span style=\"color: #800000\">ENSE\u00d1ANZAS<\/span><\/td>\r\n<td style=\"width: 21.2739%;text-align: center;height: 71px\"><span style=\"color: #800000\">PRUEBA-CURSO<\/span><\/td>\r\n<td style=\"width: 18.7261%;text-align: center;height: 71px\"><span style=\"color: #800000\">TARIFA NORMAL<\/span><\/td>\r\n<td style=\"width: 20%;text-align: center;height: 71px\"><span style=\"color: #800000\">FAMILIA NUMEROSA GENERAL<\/span><\/td>\r\n<td style=\"width: 20%;text-align: center;height: 71px\"><span style=\"color: #800000\">Procedente de localidades de hasta 20.000 habitantes<\/span><\/td>\r\n<\/tr>\r\n<tr style=\"height: 23px\">\r\n<td style=\"width: 20%;text-align: center;height: 23px\">B\u00e1sicas<\/td>\r\n<td style=\"width: 21.2739%;text-align: center;height: 23px\">Aptitud - 1\u00ba ciclo<\/td>\r\n<td style=\"width: 18.7261%;text-align: center;height: 23px\">Gratis<\/td>\r\n<td style=\"width: 20%;text-align: center;height: 23px\">Gratis<\/td>\r\n<td style=\"width: 20%;text-align: center;height: 23px\">Gratis<\/td>\r\n<\/tr>\r\n<tr style=\"height: 23px\">\r\n<td style=\"width: 20%;text-align: center;height: 23px\">B\u00e1sicas<\/td>\r\n<td style=\"width: 21.2739%;text-align: center;height: 23px\">Acceso a distintos cursos<\/td>\r\n<td style=\"width: 18.7261%;text-align: center;height: 23px\">Gratis<\/td>\r\n<td style=\"width: 20%;text-align: center;height: 23px\">Gratis<\/td>\r\n<td style=\"width: 20%;text-align: center;height: 23px\">Gratis<\/td>\r\n<\/tr>\r\n<\/tbody>\r\n<\/table>\r\n\u00a0 \u00a0\r\n\r\n<span style=\"font-size: 18pt;color: #000080\">\u00bfC\u00f3mo realizo el pago de las tasas?<\/span>\r\n\r\n\u00a0 \u00a0 \u00a0 \u00a0El pago de las tasas se realiza a trav\u00e9s del modelo 169.\r\n\r\n<span style=\"font-size: 18pt;color: #000080\">\u00bfCu\u00e1ndo se realizar\u00e1n las pruebas de acceso?<\/span>\r\n\r\n\u00a0 \u00a0 \u00a0 \u00a0 Las pruebas de acceso a estas ense\u00f1anzas se celebrar\u00e1n<strong> entre el 15 de mayo y el 5 de junio de cada a\u00f1o<\/strong> y se ajustar\u00e1n a lo establecido en la Orden de 7 de julio de 2009 (Boja n\u00ba 145 de 28 de julio de 2009), por la que se regulan las pruebas de aptitud y acceso a Ense\u00f1anzas B\u00e1sicas de las Ense\u00f1anzas Elementales de M\u00fasica.\r\n\r\n<span style=\"color: #000080;font-size: 18pt\">\u00bfEn qu\u00e9 consisten las pruebas de acceso?<\/span>\r\n\r\nLa prueba de aptitudes musicales consiste en tres fases:\r\n<ol>\r\n \t<li>Imitar motivos r\u00edtmicos percutivamente.<\/li>\r\n \t<li>Imitar motivos mel\u00f3dicos escuchados al piano.<\/li>\r\n \t<li>Interpretaci\u00f3n de una canci\u00f3n sencilla (Ejem: Cumplea\u00f1os feliz)<\/li>\r\n<\/ol>","_et_gb_content_width":"","ngg_post_thumbnail":0,"footnotes":""},"aioseo_notices":[],"_links":{"self":[{"href":"https:\/\/blogsaverroes.juntadeandalucia.es\/cemcazalladelasierra\/wp-json\/wp\/v2\/pages\/1111"}],"collection":[{"href":"https:\/\/blogsaverroes.juntadeandalucia.es\/cemcazalladelasierra\/wp-json\/wp\/v2\/pages"}],"about":[{"href":"https:\/\/blogsaverroes.juntadeandalucia.es\/cemcazalladelasierra\/wp-json\/wp\/v2\/types\/page"}],"author":[{"embeddable":true,"href":"https:\/\/blogsaverroes.juntadeandalucia.es\/cemcazalladelasierra\/wp-json\/wp\/v2\/users\/18566"}],"replies":[{"embeddable":true,"href":"https:\/\/blogsaverroes.juntadeandalucia.es\/cemcazalladelasierra\/wp-json\/wp\/v2\/comments?post=1111"}],"version-history":[{"count":11,"href":"https:\/\/blogsaverroes.juntadeandalucia.es\/cemcazalladelasierra\/wp-json\/wp\/v2\/pages\/1111\/revisions"}],"predecessor-version":[{"id":1537,"href":"https:\/\/blogsaverroes.juntadeandalucia.es\/cemcazalladelasierra\/wp-json\/wp\/v2\/pages\/1111\/revisions\/1537"}],"wp:attachment":[{"href":"https:\/\/blogsaverroes.juntadeandalucia.es\/cemcazalladelasierra\/wp-json\/wp\/v2\/media?parent=1111"}],"curies":[{"name":"wp","href":"https:\/\/api.w.org\/{rel}","templated":true}]}}