{"id":1147,"date":"2025-01-27T16:03:37","date_gmt":"2025-01-27T15:03:37","guid":{"rendered":"https:\/\/blogsaverroes.juntadeandalucia.es\/cemcazalladelasierra\/?page_id=1147"},"modified":"2025-01-28T18:57:00","modified_gmt":"2025-01-28T17:57:00","slug":"programaciones","status":"publish","type":"page","link":"https:\/\/blogsaverroes.juntadeandalucia.es\/cemcazalladelasierra\/programaciones\/","title":{"rendered":"Programaciones"},"content":{"rendered":"<table style=\"border-collapse: collapse;width: 100%;height: 192px\">\n<tbody>\n<tr style=\"height: 49px\">\n<td style=\"width: 15.9518%;text-align: center;height: 49px\"><span style=\"font-size: 12pt\"><strong><span style=\"color: #333333\">Viento-Madera<\/span><\/strong><\/span><\/td>\n<td style=\"width: 16.0566%;text-align: center;height: 49px\"><span style=\"font-size: 12pt\"><strong><span style=\"color: #333333\">Viento-Metal<\/span><\/strong><\/span><\/td>\n<td style=\"width: 15.6904%;text-align: center;height: 49px\"><span style=\"font-size: 12pt\"><strong><span style=\"color: #333333\">Cuerda Frotada<\/span><\/strong><\/span><\/td>\n<td style=\"width: 15.7949%;text-align: center;height: 49px\"><span style=\"font-size: 12pt\"><strong><span style=\"color: #333333\">Cuerda Pulsada<\/span><\/strong><\/span><\/td>\n<td style=\"width: 14.8013%;text-align: center;height: 49px\"><span style=\"font-size: 12pt\"><strong><span style=\"color: #333333\">Cuerda-Percutida<\/span><\/strong><\/span><\/td>\n<td style=\"width: 15.455%;text-align: center;height: 49px\"><span style=\"font-size: 12pt\"><strong><span style=\"color: #333333\">Otras<\/span><\/strong><\/span><\/td>\n<\/tr>\n<tr style=\"height: 25px\">\n<td style=\"width: 15.9518%;height: 25px;text-align: center\"><a href=\"https:\/\/blogsaverroes.juntadeandalucia.es\/cemcazalladelasierra\/files\/2025\/01\/PROGRAMACION-Clarinete-2024-25.pdf\">PROGRAMACI\u00d3N Clarinete 2024-25<\/a><\/td>\n<td style=\"width: 16.0566%;height: 25px;text-align: center\"><a href=\"https:\/\/blogsaverroes.juntadeandalucia.es\/cemcazalladelasierra\/files\/2025\/01\/PROGRAMACION-Trompeta-2022-23.pdf\">PROGRAMACI\u00d3N Trompeta 2022-23<\/a><\/td>\n<td style=\"width: 15.6904%;height: 25px;text-align: center\"><a href=\"https:\/\/blogsaverroes.juntadeandalucia.es\/cemcazalladelasierra\/files\/2025\/01\/Programacion-Violin-2425.pdf\">Programacion Violin 2425<\/a><\/td>\n<td style=\"width: 15.7949%;height: 25px;text-align: center\"><a href=\"https:\/\/blogsaverroes.juntadeandalucia.es\/cemcazalladelasierra\/files\/2025\/01\/Programacion-Guitarra2425.pdf\">Programacion Guitarra2425<\/a><\/td>\n<td style=\"width: 14.8013%;height: 25px;text-align: center\"><a href=\"https:\/\/blogsaverroes.juntadeandalucia.es\/cemcazalladelasierra\/files\/2025\/01\/Programacion-Piano-20232024.pdf\">Programacion Piano 20232024<\/a><\/td>\n<td style=\"width: 15.455%;height: 25px;text-align: center\"><a href=\"https:\/\/blogsaverroes.juntadeandalucia.es\/cemcazalladelasierra\/files\/2025\/01\/Programacion-Coro-2024-25.pdf\">Programaci\u00f3n Coro 2024-25<\/a><\/td>\n<\/tr>\n<tr style=\"height: 47px\">\n<td style=\"width: 15.9518%;height: 47px;text-align: center\"><a href=\"https:\/\/blogsaverroes.juntadeandalucia.es\/cemcazalladelasierra\/files\/2025\/01\/Programacion-Saxofon-2425.pdf\">Programacion Saxofon 2425<\/a><\/td>\n<td style=\"width: 16.0566%;height: 47px;text-align: center\">&nbsp;<\/td>\n<td style=\"width: 15.6904%;height: 47px;text-align: center\">&nbsp;<\/td>\n<td style=\"width: 15.7949%;height: 47px;text-align: center\">&nbsp;<\/td>\n<td style=\"width: 14.8013%;height: 47px;text-align: center\">&nbsp;<\/td>\n<td style=\"width: 15.455%;height: 47px;text-align: center\"><a href=\"https:\/\/blogsaverroes.juntadeandalucia.es\/cemcazalladelasierra\/files\/2025\/01\/Programacion-Agrupaciones-2425.pdf\">Programacion Agrupaciones 2425<\/a><\/td>\n<\/tr>\n<tr style=\"height: 71px\">\n<td style=\"width: 15.9518%;height: 71px;text-align: center\">&nbsp;<\/td>\n<td style=\"width: 16.0566%;height: 71px;text-align: center\">&nbsp;<\/td>\n<td style=\"width: 15.6904%;height: 71px;text-align: center\">&nbsp;<\/td>\n<td style=\"width: 15.7949%;height: 71px;text-align: center\">&nbsp;<\/td>\n<td style=\"width: 14.8013%;height: 71px;text-align: center\">&nbsp;<\/td>\n<td style=\"width: 15.455%;height: 71px;text-align: center\"><a href=\"https:\/\/blogsaverroes.juntadeandalucia.es\/cemcazalladelasierra\/files\/2025\/01\/Programacion-Lenguaje-Musical-2425.pdf\">Programacion Lenguaje Musical 2425<\/a><\/td>\n<\/tr>\n<\/tbody>\n<\/table>\n","protected":false},"excerpt":{"rendered":"<p>Viento-Madera Viento-Metal Cuerda Frotada Cuerda Pulsada Cuerda-Percutida Otras PROGRAMACI\u00d3N Clarinete 2024-25 PROGRAMACI\u00d3N Trompeta 2022-23 Programacion Violin 2425 Programacion Guitarra2425 Programacion Piano 20232024 Programaci\u00f3n Coro 2024-25 Programacion Saxofon 2425 &nbsp; &nbsp; &nbsp; &nbsp; Programacion Agrupaciones 2425 &nbsp; &nbsp; &nbsp; &nbsp; &nbsp; Programacion Lenguaje Musical 2425<\/p>\n","protected":false},"author":18569,"featured_media":0,"parent":0,"menu_order":0,"comment_status":"closed","ping_status":"closed","template":"","meta":{"_et_pb_use_builder":"","_et_pb_old_content":"","_et_gb_content_width":"","ngg_post_thumbnail":0,"footnotes":""},"aioseo_notices":[],"_links":{"self":[{"href":"https:\/\/blogsaverroes.juntadeandalucia.es\/cemcazalladelasierra\/wp-json\/wp\/v2\/pages\/1147"}],"collection":[{"href":"https:\/\/blogsaverroes.juntadeandalucia.es\/cemcazalladelasierra\/wp-json\/wp\/v2\/pages"}],"about":[{"href":"https:\/\/blogsaverroes.juntadeandalucia.es\/cemcazalladelasierra\/wp-json\/wp\/v2\/types\/page"}],"author":[{"embeddable":true,"href":"https:\/\/blogsaverroes.juntadeandalucia.es\/cemcazalladelasierra\/wp-json\/wp\/v2\/users\/18569"}],"replies":[{"embeddable":true,"href":"https:\/\/blogsaverroes.juntadeandalucia.es\/cemcazalladelasierra\/wp-json\/wp\/v2\/comments?post=1147"}],"version-history":[{"count":5,"href":"https:\/\/blogsaverroes.juntadeandalucia.es\/cemcazalladelasierra\/wp-json\/wp\/v2\/pages\/1147\/revisions"}],"predecessor-version":[{"id":1160,"href":"https:\/\/blogsaverroes.juntadeandalucia.es\/cemcazalladelasierra\/wp-json\/wp\/v2\/pages\/1147\/revisions\/1160"}],"wp:attachment":[{"href":"https:\/\/blogsaverroes.juntadeandalucia.es\/cemcazalladelasierra\/wp-json\/wp\/v2\/media?parent=1147"}],"curies":[{"name":"wp","href":"https:\/\/api.w.org\/{rel}","templated":true}]}}