{"id":1502,"date":"2025-10-22T19:36:13","date_gmt":"2025-10-22T18:36:13","guid":{"rendered":"https:\/\/blogsaverroes.juntadeandalucia.es\/cemcazalladelasierra\/?page_id=1502"},"modified":"2025-11-17T20:00:08","modified_gmt":"2025-11-17T19:00:08","slug":"plataforma-ipasen","status":"publish","type":"page","link":"https:\/\/blogsaverroes.juntadeandalucia.es\/cemcazalladelasierra\/plataforma-ipasen\/","title":{"rendered":"Plataforma IPASEN"},"content":{"rendered":"<p style=\"text-align: center\"><span style=\"font-size: 24pt\">Plataforma de contacto con el Centro: IPASEN<\/span><\/p>\n<p>PASEN es el m\u00f3dulo de S\u00e9neca que permite la comunicaci\u00f3n entre los centros educativos y las familias, tutores legales y alumnado. All\u00ed puedes ver las noticias del Centro (audiciones, ensayos, conciertos, etc) as\u00ed como noticias y mantener contacto con el Equipo Educativo del Conservatorio.<\/p>\n<p>Puedes descargar la app de ipasen en <strong><a href=\"https:\/\/apps.apple.com\/es\/app\/ipasen\/id511127024\">APP STORE (iOs)<\/a><\/strong>&nbsp;y&nbsp;<a href=\"https:\/\/play.google.com\/store\/apps\/details?id=juntadeandalucia.ced.pasen\"><strong>GOOGLE PLAY (Android)<\/strong><\/a>. Pasos a seguir:<\/p>\n<ol>\n<li>Descargar app de Ipasen.<\/li>\n<li>Llamar al Centro (en horario de atenci\u00f3n) solicitando tu usuario y contrase\u00f1a.&nbsp;<\/li>\n<li>Una vez te facilitemos los datos, introduce tu usuario y la contrase\u00f1a dada. La aplicaci\u00f3n te pedir\u00e1 que escribas una nueva contrase\u00f1a (un c\u00f3digo de 4 n\u00fameros). Este paso se repetir\u00e1 dos veces.<\/li>\n<li>\u00a1Ya est\u00e1s dentro! Por si acaso, te dejamos un tutorial para que te familiarices con la app:<br \/>\n<iframe loading=\"lazy\" src=\"\/\/www.youtube.com\/embed\/9fnKGJ2OBos\" width=\"560\" height=\"314\"><\/iframe><\/li>\n<\/ol>\n","protected":false},"excerpt":{"rendered":"<p>Plataforma de contacto con el Centro: IPASEN PASEN es el m\u00f3dulo de S\u00e9neca que permite la comunicaci\u00f3n entre los centros educativos y las familias, tutores legales y alumnado. All\u00ed puedes ver las noticias del Centro (audiciones, ensayos, conciertos, etc) as\u00ed como noticias y mantener contacto con el Equipo Educativo del Conservatorio. Puedes descargar la app [&hellip;]<\/p>\n","protected":false},"author":18569,"featured_media":0,"parent":0,"menu_order":0,"comment_status":"closed","ping_status":"closed","template":"","meta":{"_et_pb_use_builder":"","_et_pb_old_content":"","_et_gb_content_width":"","ngg_post_thumbnail":0,"footnotes":""},"aioseo_notices":[],"_links":{"self":[{"href":"https:\/\/blogsaverroes.juntadeandalucia.es\/cemcazalladelasierra\/wp-json\/wp\/v2\/pages\/1502"}],"collection":[{"href":"https:\/\/blogsaverroes.juntadeandalucia.es\/cemcazalladelasierra\/wp-json\/wp\/v2\/pages"}],"about":[{"href":"https:\/\/blogsaverroes.juntadeandalucia.es\/cemcazalladelasierra\/wp-json\/wp\/v2\/types\/page"}],"author":[{"embeddable":true,"href":"https:\/\/blogsaverroes.juntadeandalucia.es\/cemcazalladelasierra\/wp-json\/wp\/v2\/users\/18569"}],"replies":[{"embeddable":true,"href":"https:\/\/blogsaverroes.juntadeandalucia.es\/cemcazalladelasierra\/wp-json\/wp\/v2\/comments?post=1502"}],"version-history":[{"count":4,"href":"https:\/\/blogsaverroes.juntadeandalucia.es\/cemcazalladelasierra\/wp-json\/wp\/v2\/pages\/1502\/revisions"}],"predecessor-version":[{"id":1570,"href":"https:\/\/blogsaverroes.juntadeandalucia.es\/cemcazalladelasierra\/wp-json\/wp\/v2\/pages\/1502\/revisions\/1570"}],"wp:attachment":[{"href":"https:\/\/blogsaverroes.juntadeandalucia.es\/cemcazalladelasierra\/wp-json\/wp\/v2\/media?parent=1502"}],"curies":[{"name":"wp","href":"https:\/\/api.w.org\/{rel}","templated":true}]}}