{"id":152,"date":"2015-04-18T15:24:25","date_gmt":"2015-04-18T15:24:25","guid":{"rendered":"http:\/\/blogsaverroes.juntadeandalucia.es\/cemdedoshermanas\/?page_id=152"},"modified":"2023-09-12T00:00:32","modified_gmt":"2023-09-12T00:00:32","slug":"a-m-p-a-fulgencio-moron","status":"publish","type":"page","link":"https:\/\/blogsaverroes.juntadeandalucia.es\/cemdedoshermanas\/a-m-p-a-fulgencio-moron\/","title":{"rendered":"A.M.P.A"},"content":{"rendered":"<p>AMPA FULGENCIO MOR\u00d3N<\/p>\n<h6><span style=\"color: #60b1eb\">Ya tenemos operativa nuestra cuenta. Hazte socio\/a y \u00a1\u00a1PARTICIPA!!<\/span><\/h6>\n<p>Estimadas familias:<\/p>\n<p>Nos ponemos en comunicaci\u00f3n con vosotros para animaros a formar parte del El AMPA Fulgencio Mor\u00f3n del CEM Maestro Andr\u00e9s Segovia y colaborar en las actividades que organizamos. EL AMPA Fulgencio Mor\u00f3n es una asociaci\u00f3n sin \u00e1nimo de lucro y durante varios a\u00f1os, viene desarrollando actividades complementarias para la formaci\u00f3n musical de nuestro alumnado.<\/p>\n<p>Para el AMPA es muy importante la implicaci\u00f3n de las familias en las diferentes actividades, as\u00ed como en la aportaci\u00f3n de ideas para organizar actividades dentro de la programaci\u00f3n del conservatorio para poder participar en familia y servir de ayuda para cualquier duda que pudiera surgir y tratar de solucionar problemas que ata\u00f1en a toda la comunidad educativa.<\/p>\n<p>Tambi\u00e9n queremos invitaros a que nos mand\u00e9is vuestras opiniones, inquietudes o sugerencias y as\u00ed mejorar la vida musical del alumnado. Nos la pod\u00e9is enviar a nuestro correo electr\u00f3nico:<span style=\"color: #3049c7\"><a href=\"mailto:ampafulgenciomoron@gmail.com\">ampafulgenciomoron@gmail.com<\/a><br \/>\n<\/span><\/p>\n<p>La cuota anual por familia es de 15 euros.<\/p>\n<p>Formas de pago:<\/p>\n<p>Por transferencia bancaria o ingreso en efectivo al n\u00ba de cuenta (indicando el nombre del alumno\/a):<\/p>\n<p><strong>ES47 2100 8432 6322 0015 2643<\/strong><\/p>\n<p>Directamente en el AMPA, d\u00f3nde podremos atenderle.<\/p>\n<p>&nbsp;<\/p>\n<p>\u00a1\u00a1VEN Y PARTICIPA, TE ESPERAMOS!!<\/p>\n<p><a href=\"https:\/\/drive.google.com\/file\/d\/14MrIL5IWlmwcnsMv8uciIPov9sZtOzWl\/view?usp=sharing\"><span style=\"color: #3049c7\"><strong>INSCRIPCI\u00d3N<\/strong><\/span><\/a><\/p>\n<p>&nbsp;<\/p>\n<p>JUNTA DIRECTIVA DEL AMPA<\/p>\n<p><a href=\"http:\/\/blogsaverroes.juntadeandalucia.es\/cemdedoshermanas\/files\/2015\/04\/ANAGRAMA2.jpg\"><img loading=\"lazy\" decoding=\"async\" class=\"wp-image-133 aligncenter\" src=\"http:\/\/blogsaverroes.juntadeandalucia.es\/cemdedoshermanas\/files\/2015\/04\/ANAGRAMA2-258x300.jpg\" alt=\"ANAGRAMA\" width=\"170\" height=\"197\" srcset=\"https:\/\/blogsaverroes.juntadeandalucia.es\/cemdedoshermanas\/files\/2015\/04\/ANAGRAMA2-258x300.jpg 258w, https:\/\/blogsaverroes.juntadeandalucia.es\/cemdedoshermanas\/files\/2015\/04\/ANAGRAMA2-881x1024.jpg 881w, https:\/\/blogsaverroes.juntadeandalucia.es\/cemdedoshermanas\/files\/2015\/04\/ANAGRAMA2.jpg 1378w\" sizes=\"(max-width: 170px) 100vw, 170px\" \/><\/a><\/p>\n<p style=\"text-align: center\"><strong>PRESIDENTA:<\/strong> ADELA PARRA<\/p>\n<p style=\"text-align: center\"><strong>CORREO ELECTR\u00d3NICO<\/strong>: ampafulgenciomoron@gmail.com<\/p>\n","protected":false},"excerpt":{"rendered":"<p>AMPA FULGENCIO MOR\u00d3N Ya tenemos operativa nuestra cuenta. Hazte socio\/a y \u00a1\u00a1PARTICIPA!! Estimadas familias: Nos ponemos en comunicaci\u00f3n con vosotros para animaros a formar parte del El AMPA Fulgencio Mor\u00f3n del CEM Maestro Andr\u00e9s Segovia y colaborar en las actividades que organizamos. EL AMPA Fulgencio Mor\u00f3n es una asociaci\u00f3n sin \u00e1nimo de lucro y durante [&hellip;]<\/p>\n","protected":false},"author":1502,"featured_media":0,"parent":0,"menu_order":0,"comment_status":"closed","ping_status":"closed","template":"","meta":{"ngg_post_thumbnail":0,"footnotes":""},"aioseo_notices":[],"_links":{"self":[{"href":"https:\/\/blogsaverroes.juntadeandalucia.es\/cemdedoshermanas\/wp-json\/wp\/v2\/pages\/152"}],"collection":[{"href":"https:\/\/blogsaverroes.juntadeandalucia.es\/cemdedoshermanas\/wp-json\/wp\/v2\/pages"}],"about":[{"href":"https:\/\/blogsaverroes.juntadeandalucia.es\/cemdedoshermanas\/wp-json\/wp\/v2\/types\/page"}],"author":[{"embeddable":true,"href":"https:\/\/blogsaverroes.juntadeandalucia.es\/cemdedoshermanas\/wp-json\/wp\/v2\/users\/1502"}],"replies":[{"embeddable":true,"href":"https:\/\/blogsaverroes.juntadeandalucia.es\/cemdedoshermanas\/wp-json\/wp\/v2\/comments?post=152"}],"version-history":[{"count":25,"href":"https:\/\/blogsaverroes.juntadeandalucia.es\/cemdedoshermanas\/wp-json\/wp\/v2\/pages\/152\/revisions"}],"predecessor-version":[{"id":2653,"href":"https:\/\/blogsaverroes.juntadeandalucia.es\/cemdedoshermanas\/wp-json\/wp\/v2\/pages\/152\/revisions\/2653"}],"wp:attachment":[{"href":"https:\/\/blogsaverroes.juntadeandalucia.es\/cemdedoshermanas\/wp-json\/wp\/v2\/media?parent=152"}],"curies":[{"name":"wp","href":"https:\/\/api.w.org\/{rel}","templated":true}]}}