{"id":960,"date":"2022-02-17T13:25:31","date_gmt":"2022-02-17T12:25:31","guid":{"rendered":"https:\/\/blogsaverroes.juntadeandalucia.es\/cemjosedeltoro\/?page_id=960"},"modified":"2022-02-17T13:25:32","modified_gmt":"2022-02-17T12:25:32","slug":"clases-de-refuerzo","status":"publish","type":"page","link":"https:\/\/blogsaverroes.juntadeandalucia.es\/cemjosedeltoro\/clases-de-refuerzo\/","title":{"rendered":"CLASES DE REFUERZO"},"content":{"rendered":"<p>[et_pb_section fb_built=\u00bb1&#8243; _builder_version=\u00bb4.5.0&#8243; _module_preset=\u00bbdefault\u00bb custom_margin=\u00bb-35px|||||\u00bb global_colors_info=\u00bb{}\u00bb][et_pb_row _builder_version=\u00bb4.14.5&#8243; _module_preset=\u00bbdefault\u00bb global_colors_info=\u00bb{}\u00bb][et_pb_column type=\u00bb4_4&#8243; _builder_version=\u00bb4.14.5&#8243; _module_preset=\u00bbdefault\u00bb global_colors_info=\u00bb{}\u00bb][et_pb_post_title meta=\u00bboff\u00bb featured_placement=\u00bbbackground\u00bb _builder_version=\u00bb4.14.5&#8243; _module_preset=\u00bbdefault\u00bb title_font=\u00bb|700|||||||\u00bb title_text_color=\u00bb#FFFFFF\u00bb title_font_size=\u00bb53px\u00bb max_height=\u00bb537px\u00bb custom_padding=\u00bb||204px|||\u00bb title_font_size_tablet=\u00bb53px\u00bb title_font_size_phone=\u00bb22px\u00bb title_font_size_last_edited=\u00bbon|desktop\u00bb global_colors_info=\u00bb{}\u00bb][\/et_pb_post_title][\/et_pb_column][\/et_pb_row][et_pb_row _builder_version=\u00bb4.5.0&#8243; _module_preset=\u00bbdefault\u00bb global_colors_info=\u00bb{}\u00bb][et_pb_column type=\u00bb4_4&#8243; _builder_version=\u00bb4.5.0&#8243; _module_preset=\u00bbdefault\u00bb global_colors_info=\u00bb{}\u00bb][et_pb_text _builder_version=\u00bb4.14.5&#8243; _module_preset=\u00bbdefault\u00bb text_font=\u00bb|600||on|||||\u00bb text_font_size=\u00bb17px\u00bb global_colors_info=\u00bb{}\u00bb]<\/p>\n<p><strong>clases de refuerzo<\/strong><\/p>\n<p>[\/et_pb_text][et_pb_text _builder_version=\u00bb4.14.5&#8243; _module_preset=\u00bbdefault\u00bb text_font=\u00bb|600|||||||\u00bb text_font_size=\u00bb17px\u00bb global_colors_info=\u00bb{}\u00bb]<\/p>\n<p><span style=\"font-weight: 400\">El Centro ha puesto a disposici\u00f3n del alumnado unas clases de refuerzo de Lenguaje Musical para los alumnos\/as de los cursos 3\u00ba y 4\u00ba que lo necesiten, siempre previa recomendaci\u00f3n del Profesorado la asignatura. El horario de dichas clases es el siguiente:\u00a0<\/span><\/p>\n<p>[\/et_pb_text][et_pb_pricing_tables _builder_version=\u00bb4.14.5&#8243; _module_preset=\u00bbdefault\u00bb hover_enabled=\u00bb0&#8243; sticky_enabled=\u00bb0&#8243;][et_pb_pricing_table title=\u00bbMARTES\u00bb subtitle=\u00bbCURSO: 3\u00ba\u00bb sum=\u00bb16h-18h\u00bb _builder_version=\u00bb4.14.5&#8243; _module_preset=\u00bbdefault\u00bb hover_enabled=\u00bb0&#8243; sticky_enabled=\u00bb0&#8243; featured=\u00bbon\u00bb price_font_size=\u00bb55px\u00bb header_font=\u00bb|800|||||||\u00bb body_font_size=\u00bb16px\u00bb body_font=\u00bb|600|||||||\u00bb]<\/p>\n<p>+ AULA: S\u00c1XOF\u00d3N<\/p>\n<p>PROFESOR: TROMPETA<\/p>\n<p>[\/et_pb_pricing_table][et_pb_pricing_table title=\u00bbMIERCOLES\u00bb subtitle=\u00bbCURSO: 3\u00ba\u00bb sum=\u00bb20 h a 21 h\u00bb _builder_version=\u00bb4.14.5&#8243; _module_preset=\u00bbdefault\u00bb hover_enabled=\u00bb0&#8243; sticky_enabled=\u00bb0&#8243; featured=\u00bbon\u00bb price_font_size=\u00bb55px\u00bb header_font=\u00bb|800|||||||\u00bb body_font_size=\u00bb16px\u00bb body_font=\u00bb|600|||||||\u00bb]<\/p>\n<p>+ AULA: S\u00c1XOF\u00d3N<\/p>\n<p>PROFESOR: TROMPETA<\/p>\n<p>[\/et_pb_pricing_table][et_pb_pricing_table title=\u00bbMARTES\u00bb subtitle=\u00bbCURSO: 4\u00ba\u00bb sum=\u00bb20 h a 21 h\u00bb _builder_version=\u00bb4.14.5&#8243; _module_preset=\u00bbdefault\u00bb hover_enabled=\u00bb0&#8243; sticky_enabled=\u00bb0&#8243; featured=\u00bbon\u00bb price_font_size=\u00bb55px\u00bb header_font=\u00bb|800|||||||\u00bb body_font_size=\u00bb16px\u00bb body_font=\u00bb|600|||||||\u00bb]<\/p>\n<p>+ AULA: LENGUAJE MUSICAL ABAJO<\/p>\n<p>PROFESOR: ROC\u00cdO ACHA<\/p>\n<p>[\/et_pb_pricing_table][\/et_pb_pricing_tables][\/et_pb_column][\/et_pb_row][\/et_pb_section]<\/p>\n","protected":false},"excerpt":{"rendered":"<p>clases de refuerzoEl Centro ha puesto a disposici\u00f3n del alumnado unas clases de refuerzo de Lenguaje Musical para los alumnos\/as de los cursos 3\u00ba y 4\u00ba que lo necesiten, siempre previa recomendaci\u00f3n del Profesorado la asignatura. El horario de dichas clases es el siguiente:\u00a0+ AULA: S\u00c1XOF\u00d3N PROFESOR: TROMPETA+ AULA: S\u00c1XOF\u00d3N PROFESOR: TROMPETA+ AULA: LENGUAJE MUSICAL [&hellip;]<\/p>\n","protected":false},"author":13205,"featured_media":961,"parent":0,"menu_order":0,"comment_status":"closed","ping_status":"closed","template":"","meta":{"_et_pb_use_builder":"on","_et_pb_old_content":"","_et_gb_content_width":"","ngg_post_thumbnail":0,"footnotes":""},"aioseo_notices":[],"_links":{"self":[{"href":"https:\/\/blogsaverroes.juntadeandalucia.es\/cemjosedeltoro\/wp-json\/wp\/v2\/pages\/960"}],"collection":[{"href":"https:\/\/blogsaverroes.juntadeandalucia.es\/cemjosedeltoro\/wp-json\/wp\/v2\/pages"}],"about":[{"href":"https:\/\/blogsaverroes.juntadeandalucia.es\/cemjosedeltoro\/wp-json\/wp\/v2\/types\/page"}],"author":[{"embeddable":true,"href":"https:\/\/blogsaverroes.juntadeandalucia.es\/cemjosedeltoro\/wp-json\/wp\/v2\/users\/13205"}],"replies":[{"embeddable":true,"href":"https:\/\/blogsaverroes.juntadeandalucia.es\/cemjosedeltoro\/wp-json\/wp\/v2\/comments?post=960"}],"version-history":[{"count":3,"href":"https:\/\/blogsaverroes.juntadeandalucia.es\/cemjosedeltoro\/wp-json\/wp\/v2\/pages\/960\/revisions"}],"predecessor-version":[{"id":966,"href":"https:\/\/blogsaverroes.juntadeandalucia.es\/cemjosedeltoro\/wp-json\/wp\/v2\/pages\/960\/revisions\/966"}],"wp:featuredmedia":[{"embeddable":true,"href":"https:\/\/blogsaverroes.juntadeandalucia.es\/cemjosedeltoro\/wp-json\/wp\/v2\/media\/961"}],"wp:attachment":[{"href":"https:\/\/blogsaverroes.juntadeandalucia.es\/cemjosedeltoro\/wp-json\/wp\/v2\/media?parent=960"}],"curies":[{"name":"wp","href":"https:\/\/api.w.org\/{rel}","templated":true}]}}