{"id":20,"date":"2020-01-10T07:40:35","date_gmt":"2020-01-10T06:40:35","guid":{"rendered":"http:\/\/blogsaverroes.juntadeandalucia.es\/pre\/nuevoiesv2\/?page_id=20"},"modified":"2025-09-09T08:54:34","modified_gmt":"2025-09-09T06:54:34","slug":"organigrama","status":"publish","type":"page","link":"https:\/\/blogsaverroes.juntadeandalucia.es\/cemlapalmera\/organigrama\/","title":{"rendered":"Organigrama"},"content":{"rendered":"<p>[et_pb_section fb_built=&#8221;1&#8243; _builder_version=&#8221;4.16&#8243; custom_padding=&#8221;0px||0px|&#8221; z_index_tablet=&#8221;500&#8243; box_shadow_horizontal_tablet=&#8221;0px&#8221; box_shadow_vertical_tablet=&#8221;0px&#8221; box_shadow_blur_tablet=&#8221;40px&#8221; box_shadow_spread_tablet=&#8221;0px&#8221; global_colors_info=&#8221;{}&#8221;][et_pb_row _builder_version=&#8221;4.16&#8243; background_size=&#8221;initial&#8221; background_position=&#8221;top_left&#8221; background_repeat=&#8221;repeat&#8221; global_colors_info=&#8221;{}&#8221;][et_pb_column type=&#8221;4_4&#8243; _builder_version=&#8221;4.16&#8243; custom_padding=&#8221;|||&#8221; global_colors_info=&#8221;{}&#8221; custom_padding__hover=&#8221;|||&#8221;][et_pb_image src=&#8221;https:\/\/blogsaverroes.juntadeandalucia.es\/cemlapalmera\/files\/2020\/01\/cabecera-interior-ies-3-1.png&#8221; disabled_on=&#8221;on|on|on&#8221; admin_label=&#8221;Imagen de la portada&#8221; _builder_version=&#8221;4.16&#8243; vertical_offset_tablet=&#8221;0&#8243; horizontal_offset_tablet=&#8221;0&#8243; z_index_tablet=&#8221;500&#8243; box_shadow_horizontal_tablet=&#8221;0px&#8221; box_shadow_vertical_tablet=&#8221;0px&#8221; box_shadow_blur_tablet=&#8221;40px&#8221; box_shadow_spread_tablet=&#8221;0px&#8221; disabled=&#8221;on&#8221; global_colors_info=&#8221;{}&#8221;][\/et_pb_image][et_pb_text admin_label=&#8221;Texto descriptivo&#8221; _builder_version=&#8221;4.24.2&#8243; hover_enabled=&#8221;0&#8243; z_index_tablet=&#8221;500&#8243; text_text_shadow_horizontal_length_tablet=&#8221;0px&#8221; text_text_shadow_vertical_length_tablet=&#8221;0px&#8221; text_text_shadow_blur_strength_tablet=&#8221;1px&#8221; link_text_shadow_horizontal_length_tablet=&#8221;0px&#8221; link_text_shadow_vertical_length_tablet=&#8221;0px&#8221; link_text_shadow_blur_strength_tablet=&#8221;1px&#8221; ul_text_shadow_horizontal_length_tablet=&#8221;0px&#8221; ul_text_shadow_vertical_length_tablet=&#8221;0px&#8221; ul_text_shadow_blur_strength_tablet=&#8221;1px&#8221; ol_text_shadow_horizontal_length_tablet=&#8221;0px&#8221; ol_text_shadow_vertical_length_tablet=&#8221;0px&#8221; ol_text_shadow_blur_strength_tablet=&#8221;1px&#8221; quote_text_shadow_horizontal_length_tablet=&#8221;0px&#8221; quote_text_shadow_vertical_length_tablet=&#8221;0px&#8221; quote_text_shadow_blur_strength_tablet=&#8221;1px&#8221; header_text_shadow_horizontal_length_tablet=&#8221;0px&#8221; header_text_shadow_vertical_length_tablet=&#8221;0px&#8221; header_text_shadow_blur_strength_tablet=&#8221;1px&#8221; header_2_text_shadow_horizontal_length_tablet=&#8221;0px&#8221; header_2_text_shadow_vertical_length_tablet=&#8221;0px&#8221; header_2_text_shadow_blur_strength_tablet=&#8221;1px&#8221; header_3_text_shadow_horizontal_length_tablet=&#8221;0px&#8221; header_3_text_shadow_vertical_length_tablet=&#8221;0px&#8221; header_3_text_shadow_blur_strength_tablet=&#8221;1px&#8221; header_4_text_shadow_horizontal_length_tablet=&#8221;0px&#8221; header_4_text_shadow_vertical_length_tablet=&#8221;0px&#8221; header_4_text_shadow_blur_strength_tablet=&#8221;1px&#8221; header_5_text_shadow_horizontal_length_tablet=&#8221;0px&#8221; header_5_text_shadow_vertical_length_tablet=&#8221;0px&#8221; header_5_text_shadow_blur_strength_tablet=&#8221;1px&#8221; header_6_text_shadow_horizontal_length_tablet=&#8221;0px&#8221; header_6_text_shadow_vertical_length_tablet=&#8221;0px&#8221; header_6_text_shadow_blur_strength_tablet=&#8221;1px&#8221; box_shadow_horizontal_tablet=&#8221;0px&#8221; box_shadow_vertical_tablet=&#8221;0px&#8221; box_shadow_blur_tablet=&#8221;40px&#8221; box_shadow_spread_tablet=&#8221;0px&#8221; global_colors_info=&#8221;{}&#8221; sticky_enabled=&#8221;0&#8243;]<\/p>\n<h2><span style=\"color: #000000\">EQUIPO DIRECTIVO<\/span><\/h2>\n<table style=\"border-collapse: collapse;width: 100%\">\n<tbody>\n<tr>\n<td style=\"width: 40.5199%\"><span style=\"color: #000000\"><strong>Director<\/strong><\/span><\/td>\n<td style=\"width: 59.4801%\"><span style=\"color: #000000\">Alfonso Rubio Marco<\/span><\/td>\n<\/tr>\n<tr>\n<td style=\"width: 40.5199%\"><span style=\"color: #000000\"><strong>Jefa de Estudios<\/strong><\/span><\/td>\n<td style=\"width: 59.4801%\"><span style=\"color: #000000\">Mar\u00eda Quintanilla Campano<\/span><\/td>\n<\/tr>\n<tr>\n<td style=\"width: 40.5199%\"><span style=\"color: #000000\"><strong>Secretaria<\/strong><\/span><\/td>\n<td style=\"width: 59.4801%\"><span style=\"color: #000000\">Consuelo Navas Jim\u00e9nez<\/span><\/td>\n<\/tr>\n<\/tbody>\n<\/table>\n<h2><span style=\"color: #000000\">CLAUSTRO DE PROFESORADO<\/span><\/h2>\n<table style=\"border-collapse: collapse;width: 100%;height: 369px\">\n<tbody>\n<tr style=\"height: 23px\">\n<td style=\"width: 39.6024%;height: 23px\"><span style=\"color: #000000\"><strong>Clarinete<\/strong><\/span><\/td>\n<td style=\"width: 60.3976%;height: 23px\"><span style=\"color: #000000\">Agust\u00edn Garc\u00eda Asensi<\/span><\/td>\n<\/tr>\n<tr style=\"height: 23px\">\n<td style=\"width: 39.6024%;height: 23px\"><span style=\"color: #000000\"><strong>Flauta<\/strong><\/span><\/td>\n<td style=\"width: 60.3976%;height: 23px\"><span style=\"color: #000000\">Alfonso Rubio Marco<\/span><\/td>\n<\/tr>\n<tr style=\"height: 23px\">\n<td style=\"width: 39.6024%;height: 23px\"><span style=\"color: #000000\"><strong>Guitarra<\/strong><\/span><\/td>\n<td style=\"width: 60.3976%;height: 23px\"><span style=\"color: #000000\">Consuelo Navas Jim\u00e9nez<\/span><\/td>\n<\/tr>\n<tr style=\"height: 23px\">\n<td style=\"width: 39.6024%;height: 23px\">&nbsp;<\/td>\n<td style=\"width: 60.3976%;height: 23px\"><span style=\"color: #000000\">Javier Luc\u00edo Garc\u00eda<\/span><\/td>\n<\/tr>\n<tr style=\"height: 23px\">\n<td style=\"width: 39.6024%;height: 23px\"><span style=\"color: #000000\"><strong>Piano<\/strong><\/span><\/td>\n<td style=\"width: 60.3976%;height: 23px\"><span style=\"color: #000000\">Nieves Mac\u00edas Garc\u00eda<\/span><\/td>\n<\/tr>\n<tr style=\"height: 23px\">\n<td style=\"width: 39.6024%;height: 23px\">&nbsp;<\/td>\n<td style=\"width: 60.3976%;height: 23px\"><span style=\"color: #000000\">Rub\u00e9n Ben\u00edtez Sala<\/span><\/td>\n<\/tr>\n<tr style=\"height: 23px\">\n<td style=\"width: 39.6024%;height: 23px\">&nbsp;<\/td>\n<td style=\"width: 60.3976%;height: 23px\"><span style=\"color: #000000\">Tirso Llorens Zamora<\/span><\/td>\n<\/tr>\n<tr style=\"height: 23px\">\n<td style=\"width: 39.6024%;height: 23px\"><span style=\"color: #000000\"><strong>Viol\u00edn<\/strong><\/span><\/td>\n<td style=\"width: 60.3976%;height: 23px\"><span style=\"color: #000000\">Macarena Mart\u00ednez L\u00f3pez<\/span><\/td>\n<\/tr>\n<tr style=\"height: 23px\">\n<td style=\"width: 39.6024%;height: 23px\">&nbsp;<\/td>\n<td style=\"width: 60.3976%;height: 23px\"><span style=\"color: #000000\">Mar\u00eda del Carmen Rodr\u00edguez S\u00e1nchez<\/span><\/td>\n<\/tr>\n<tr style=\"height: 23px\">\n<td style=\"width: 39.6024%;height: 23px\">&nbsp;<\/td>\n<td style=\"width: 60.3976%;height: 23px\"><span style=\"color: #000000\">Manuel Jes\u00fas Cabrera Asuero<\/span><\/td>\n<\/tr>\n<tr style=\"height: 23px\">\n<td style=\"width: 39.6024%;height: 23px\"><span style=\"color: #000000\"><strong>Violonchelo<\/strong><\/span><\/td>\n<td style=\"width: 60.3976%;height: 23px\"><span style=\"color: #000000\">Sebasti\u00e1n Lato Redondo<\/span><\/td>\n<\/tr>\n<tr style=\"height: 23px\">\n<td style=\"width: 39.6024%;height: 23px\"><span style=\"color: #000000\"><strong>Lenguaje musical<\/strong><\/span><\/td>\n<td style=\"width: 60.3976%;height: 23px\"><span style=\"color: #000000\">Mar\u00eda Quintanilla Campano<\/span><\/td>\n<\/tr>\n<tr style=\"height: 23px\">\n<td style=\"width: 39.6024%;height: 23px\">&nbsp;<\/td>\n<td style=\"width: 60.3976%;height: 23px\"><span style=\"color: #000000\">Daniel G\u00f3mez Alemany<\/span><\/td>\n<\/tr>\n<tr style=\"height: 23px\">\n<td style=\"width: 39.6024%;height: 23px\">&nbsp;<\/td>\n<td style=\"width: 60.3976%;height: 23px\"><span style=\"color: #000000\">Noem\u00ed Garceau S\u00e1nchez<\/span><\/td>\n<\/tr>\n<tr style=\"height: 23px\">\n<td style=\"width: 39.6024%;height: 23px\">&nbsp;<\/td>\n<td style=\"width: 60.3976%;height: 23px\">&nbsp;<\/td>\n<\/tr>\n<\/tbody>\n<\/table>\n<h2><span style=\"color: #000000\">CONSEJO ESCOLAR<\/span><\/h2>\n<table style=\"border-collapse: collapse;width: 100%;height: 299px\">\n<tbody>\n<tr style=\"height: 23px\">\n<td style=\"width: 39.6024%;height: 23px\"><span style=\"color: #000000\"><strong>Equipo directivo<\/strong><\/span><\/td>\n<td style=\"width: 60.3976%;height: 23px\"><span style=\"color: #000000\">Alfonso Rubio Marco<\/span><\/td>\n<\/tr>\n<tr style=\"height: 23px\">\n<td style=\"width: 39.6024%;height: 23px\">&nbsp;<\/td>\n<td style=\"width: 60.3976%;height: 23px\"><span style=\"color: #000000\">Mar\u00eda Quintanilla Campano<\/span><\/td>\n<\/tr>\n<tr style=\"height: 23px\">\n<td style=\"width: 39.6024%;height: 23px\">&nbsp;<\/td>\n<td style=\"width: 60.3976%;height: 23px\"><span style=\"color: #000000\">Consuelo Navas Jim\u00e9nez<\/span><\/td>\n<\/tr>\n<tr style=\"height: 23px\">\n<td style=\"width: 39.6024%;height: 23px\"><span style=\"color: #000000\"><strong>Representantes del profesorado<\/strong><\/span><\/td>\n<td style=\"width: 60.3976%;height: 23px\"><span style=\"color: #000000\">Macarena Mart\u00ednez L\u00f3pez<\/span><\/td>\n<\/tr>\n<tr style=\"height: 23px\">\n<td style=\"width: 39.6024%;height: 23px\">&nbsp;<\/td>\n<td style=\"width: 60.3976%;height: 23px\"><span style=\"color: #000000\">Sebasti\u00e1n Lato Redondo<\/span><\/td>\n<\/tr>\n<tr style=\"height: 23px\">\n<td style=\"width: 39.6024%;height: 23px\">&nbsp;<\/td>\n<td style=\"width: 60.3976%;height: 23px\"><span style=\"color: #000000\">M\u00aa del Carmen Rodr\u00edguez S\u00e1nchez<\/span><\/td>\n<\/tr>\n<tr style=\"height: 23px\">\n<td style=\"width: 39.6024%;height: 23px\"><span style=\"color: #000000\"><strong>Representantes del alumnado<\/strong><\/span><\/td>\n<td style=\"width: 60.3976%;height: 23px\"><span style=\"color: #000000\">Augusto Ricca del R\u00edo<\/span><\/td>\n<\/tr>\n<tr style=\"height: 23px\">\n<td style=\"width: 39.6024%;height: 23px\"><span style=\"color: #000000\"><strong>Representantes de las familias<\/strong><\/span><\/td>\n<td style=\"width: 60.3976%;height: 23px\"><span style=\"color: #000000\">Manuel Candeas C\u00e9sar<\/span><\/td>\n<\/tr>\n<tr style=\"height: 23px\">\n<td style=\"width: 39.6024%;height: 23px\">&nbsp;<\/td>\n<td style=\"width: 60.3976%;height: 23px\"><span style=\"color: #000000\">M\u00aa <span style=\"font-weight: 400\">Eulalia Fern\u00e1ndez Requena<\/span><\/span><\/td>\n<\/tr>\n<tr style=\"height: 23px\">\n<td style=\"width: 39.6024%;height: 23px\">&nbsp;<\/td>\n<td style=\"width: 60.3976%;height: 23px\"><span style=\"color: #000000\">Francisco Cerrej\u00f3n Aranda<\/span><\/td>\n<\/tr>\n<tr style=\"height: 23px\">\n<td style=\"width: 39.6024%;height: 23px\">&nbsp;<\/td>\n<td style=\"width: 60.3976%;height: 23px\"><span style=\"color: #000000\">Ana Malek Oszowka<\/span><\/td>\n<\/tr>\n<tr style=\"height: 23px\">\n<td style=\"width: 39.6024%;height: 23px\"><span style=\"color: #000000\"><strong>Representante del PAS<\/strong><\/span><\/td>\n<td style=\"width: 60.3976%;height: 23px\"><span style=\"color: #000000\">Francisco Morilla Bocanegra<\/span><\/td>\n<\/tr>\n<tr style=\"height: 23px\">\n<td style=\"width: 39.6024%;height: 23px\"><span style=\"color: #000000\"><strong>Representante del ayuntamiento<\/strong><\/span><\/td>\n<td style=\"width: 60.3976%;height: 23px\"><span style=\"font-weight: 400;color: #000000\">M\u00aa del Carmen del \u00c1lamo Rodr\u00edguez<\/span><\/td>\n<\/tr>\n<\/tbody>\n<\/table>\n<p>&nbsp;<\/p>\n<p>[\/et_pb_text][\/et_pb_column][\/et_pb_row][\/et_pb_section]<\/p>\n","protected":false},"excerpt":{"rendered":"<p>EQUIPO DIRECTIVO Director Alfonso Rubio Marco Jefa de Estudios Mar\u00eda Quintanilla Campano Secretaria Consuelo Navas Jim\u00e9nez CLAUSTRO DE PROFESORADO Clarinete Agust\u00edn Garc\u00eda Asensi Flauta Alfonso Rubio Marco Guitarra Consuelo Navas Jim\u00e9nez &nbsp; Javier Luc\u00edo Garc\u00eda Piano Nieves Mac\u00edas Garc\u00eda &nbsp; Rub\u00e9n Ben\u00edtez Sala &nbsp; Tirso Llorens Zamora Viol\u00edn Macarena Mart\u00ednez L\u00f3pez &nbsp; Mar\u00eda del Carmen [&hellip;]<\/p>\n","protected":false},"author":13678,"featured_media":0,"parent":0,"menu_order":0,"comment_status":"closed","ping_status":"closed","template":"","meta":{"_et_pb_use_builder":"on","_et_pb_old_content":"","_et_gb_content_width":"","ngg_post_thumbnail":0,"footnotes":""},"aioseo_notices":[],"_links":{"self":[{"href":"https:\/\/blogsaverroes.juntadeandalucia.es\/cemlapalmera\/wp-json\/wp\/v2\/pages\/20"}],"collection":[{"href":"https:\/\/blogsaverroes.juntadeandalucia.es\/cemlapalmera\/wp-json\/wp\/v2\/pages"}],"about":[{"href":"https:\/\/blogsaverroes.juntadeandalucia.es\/cemlapalmera\/wp-json\/wp\/v2\/types\/page"}],"author":[{"embeddable":true,"href":"https:\/\/blogsaverroes.juntadeandalucia.es\/cemlapalmera\/wp-json\/wp\/v2\/users\/13678"}],"replies":[{"embeddable":true,"href":"https:\/\/blogsaverroes.juntadeandalucia.es\/cemlapalmera\/wp-json\/wp\/v2\/comments?post=20"}],"version-history":[{"count":11,"href":"https:\/\/blogsaverroes.juntadeandalucia.es\/cemlapalmera\/wp-json\/wp\/v2\/pages\/20\/revisions"}],"predecessor-version":[{"id":2143,"href":"https:\/\/blogsaverroes.juntadeandalucia.es\/cemlapalmera\/wp-json\/wp\/v2\/pages\/20\/revisions\/2143"}],"wp:attachment":[{"href":"https:\/\/blogsaverroes.juntadeandalucia.es\/cemlapalmera\/wp-json\/wp\/v2\/media?parent=20"}],"curies":[{"name":"wp","href":"https:\/\/api.w.org\/{rel}","templated":true}]}}