{"id":198,"date":"2015-03-17T09:55:36","date_gmt":"2015-03-17T09:55:36","guid":{"rendered":"http:\/\/blogsaverroes.juntadeandalucia.es\/pre\/ceip\/?page_id=198"},"modified":"2020-05-15T12:15:58","modified_gmt":"2020-05-15T12:15:58","slug":"que-es-el-ampa","status":"publish","type":"page","link":"https:\/\/blogsaverroes.juntadeandalucia.es\/cemloja\/que-es-el-ampa\/","title":{"rendered":"\u00bfQu\u00e9 es el AMPA?"},"content":{"rendered":"<p>El <strong>AMPA Aliatar CEM Carmen Romero Avellaneda<\/strong>, est\u00e1 formada por todas las familias que quieren participar en la vida cotidiana del centro. El objetivo es colaborar en la construcci\u00f3n de una comunidad comprometida con la educaci\u00f3n, en la que trabajemos codo con codo todas las personas implicadas y desde la que podamos reivindicar a la administraci\u00f3n todas las carencias observadas y colaborar en su mejora. El papel de madres y padres es fundamental en esta labor y,a trav\u00e9s de esta asociaci\u00f3n,tenemos voz para presentar cualquier cuesti\u00f3n de inter\u00e9s, demandas, quejas, sugerencias, etc. Resolviendo problemas que puedan surgir durante el proceso formativo de nuestros hijos e hijas.<\/p>\n<p>A lo largo del curso realizamos adem\u00e1s otras tareas, como la colaboraci\u00f3n, participaci\u00f3n e impulso con el conservatorio en diversas actividades: las audiciones, el concierto 1 kilo de por Navidad con la colaboraci\u00f3n del Banco de alimentos, organizaci\u00f3n merienda el \u00faltimo d\u00eda de curso, etc.&nbsp;<\/p>\n<h2>Contacto<\/h2>\n<p>Puedes contactar a trav\u00e9s de nuestro mail<strong> <a href=\"mailto:ampa.aliatarloja@gmail.com\">ampa.aliatarloja@gmail.com<\/a><\/strong> o por nuestro <a href=\"https:\/\/www.facebook.com\/AMPA-Aliatar-CEM-Carmen-Romero-Avellaneda-de-Loja-964658606984865\"><strong>Facebook<\/strong><\/a><\/p>\n<p>&nbsp;<\/p>\n","protected":false},"excerpt":{"rendered":"<p>El AMPA Aliatar CEM Carmen Romero Avellaneda, est\u00e1 formada por todas las familias que quieren participar en la vida cotidiana del centro. El objetivo es&hellip;<\/p>\n","protected":false},"author":1,"featured_media":0,"parent":0,"menu_order":0,"comment_status":"open","ping_status":"open","template":"","meta":{"ngg_post_thumbnail":0,"footnotes":"","_mc_calendar":[]},"aioseo_notices":[],"_links":{"self":[{"href":"https:\/\/blogsaverroes.juntadeandalucia.es\/cemloja\/wp-json\/wp\/v2\/pages\/198"}],"collection":[{"href":"https:\/\/blogsaverroes.juntadeandalucia.es\/cemloja\/wp-json\/wp\/v2\/pages"}],"about":[{"href":"https:\/\/blogsaverroes.juntadeandalucia.es\/cemloja\/wp-json\/wp\/v2\/types\/page"}],"author":[{"embeddable":true,"href":"https:\/\/blogsaverroes.juntadeandalucia.es\/cemloja\/wp-json\/wp\/v2\/users\/1"}],"replies":[{"embeddable":true,"href":"https:\/\/blogsaverroes.juntadeandalucia.es\/cemloja\/wp-json\/wp\/v2\/comments?post=198"}],"version-history":[{"count":5,"href":"https:\/\/blogsaverroes.juntadeandalucia.es\/cemloja\/wp-json\/wp\/v2\/pages\/198\/revisions"}],"predecessor-version":[{"id":2583,"href":"https:\/\/blogsaverroes.juntadeandalucia.es\/cemloja\/wp-json\/wp\/v2\/pages\/198\/revisions\/2583"}],"wp:attachment":[{"href":"https:\/\/blogsaverroes.juntadeandalucia.es\/cemloja\/wp-json\/wp\/v2\/media?parent=198"}],"curies":[{"name":"wp","href":"https:\/\/api.w.org\/{rel}","templated":true}]}}

¿Qué es el AMPA?

<p>El <strong>AMPA Aliatar CEM Carmen Romero Avellaneda</strong>, está formada por todas las familias que quieren participar en la vida cotidiana del centro. El objetivo es colaborar en la construcción de una comunidad comprometida con la educación, en la que trabajemos codo con codo todas las personas implicadas y desde la que podamos reivindicar a la administración todas las carencias observadas y colaborar en su mejora. El papel de madres y padres es fundamental en esta labor y,a través de esta asociación,tenemos voz para presentar cualquier cuestión de interés, demandas, quejas, sugerencias, etc. Resolviendo problemas que puedan surgir durante el proceso formativo de nuestros hijos e hijas.</p>
<p>A lo largo del curso realizamos además otras tareas, como la colaboración, participación e impulso con el conservatorio en diversas actividades: las audiciones, el concierto 1 kilo de por Navidad con la colaboración del Banco de alimentos, organización merienda el último día de curso, etc.&nbsp;</p>
<h2>Contacto</h2>
<p>Puedes contactar a través de nuestro mail<strong> <a href="mailto:ampa.aliatarloja@gmail.com">ampa.aliatarloja@gmail.com</a></strong> o por nuestro <a href="https://www.facebook.com/AMPA-Aliatar-CEM-Carmen-Romero-Avellaneda-de-Loja-964658606984865"><strong>Facebook</strong></a></p>
<p>&nbsp;</p>

<p>El AMPA Aliatar CEM Carmen Romero Avellaneda, está formada por todas las familias que quieren participar en la vida cotidiana del centro. El objetivo es&hellip;</p>
