{"id":872,"date":"2015-03-16T12:50:42","date_gmt":"2015-03-16T12:50:42","guid":{"rendered":"http:\/\/blogsaverroes.juntadeandalucia.es\/pre\/ceip\/?page_id=120"},"modified":"2020-05-15T08:51:34","modified_gmt":"2020-05-15T08:51:34","slug":"contactar","status":"publish","type":"page","link":"https:\/\/blogsaverroes.juntadeandalucia.es\/cemloja\/contactar\/","title":{"rendered":"Contactar"},"content":{"rendered":"<h2>Datos de contacto<\/h2>\n<p>Conservatorio Elemental de M\u00fasica Carmen Romero Avellaneda, Loja<\/p>\n<p><strong>Tel\u00e9fono:<\/strong> 958 33 85 58<\/p>\n<p><strong>Email: <\/strong>18700190.edu@juntadeandalucia.es<\/p>\n<p><strong>Direcci\u00f3n:<\/strong>&nbsp; Paseo Narv\u00e1ez s\/n. Loja, Granada. 18300<\/p>\n<p>[googlemaps https:\/\/www.google.com\/maps\/embed?pb=!1m18!1m12!1m3!1d3179.2648115581305!2d-4.153603084699652!3d37.170177279873926!2m3!1f0!2f0!3f0!3m2!1i1024!2i768!4f13.1!3m3!1m2!1s0xd727427f0787685%3A0xa9db2732eabe91de!2sPaseo%20Narv%C3%A1ez%2C%2018300%20Loja%2C%20Granada!5e0!3m2!1ses!2ses!4v1589469639304!5m2!1ses!2ses&amp;w=600&amp;h=450]<\/p>\n<p>&nbsp;<\/p>\n","protected":false},"excerpt":{"rendered":"<p>Datos de contacto Conservatorio Elemental de M\u00fasica Carmen Romero Avellaneda, Loja Tel\u00e9fono: 958 33 85 58 Email: 18700190.edu@juntadeandalucia.es Direcci\u00f3n:&nbsp; Paseo Narv\u00e1ez s\/n. Loja, Granada. 18300&hellip;<\/p>\n","protected":false},"author":1,"featured_media":0,"parent":0,"menu_order":0,"comment_status":"open","ping_status":"open","template":"","meta":{"ngg_post_thumbnail":0,"footnotes":"","_mc_calendar":[]},"aioseo_notices":[],"_links":{"self":[{"href":"https:\/\/blogsaverroes.juntadeandalucia.es\/cemloja\/wp-json\/wp\/v2\/pages\/872"}],"collection":[{"href":"https:\/\/blogsaverroes.juntadeandalucia.es\/cemloja\/wp-json\/wp\/v2\/pages"}],"about":[{"href":"https:\/\/blogsaverroes.juntadeandalucia.es\/cemloja\/wp-json\/wp\/v2\/types\/page"}],"author":[{"embeddable":true,"href":"https:\/\/blogsaverroes.juntadeandalucia.es\/cemloja\/wp-json\/wp\/v2\/users\/1"}],"replies":[{"embeddable":true,"href":"https:\/\/blogsaverroes.juntadeandalucia.es\/cemloja\/wp-json\/wp\/v2\/comments?post=872"}],"version-history":[{"count":12,"href":"https:\/\/blogsaverroes.juntadeandalucia.es\/cemloja\/wp-json\/wp\/v2\/pages\/872\/revisions"}],"predecessor-version":[{"id":2558,"href":"https:\/\/blogsaverroes.juntadeandalucia.es\/cemloja\/wp-json\/wp\/v2\/pages\/872\/revisions\/2558"}],"wp:attachment":[{"href":"https:\/\/blogsaverroes.juntadeandalucia.es\/cemloja\/wp-json\/wp\/v2\/media?parent=872"}],"curies":[{"name":"wp","href":"https:\/\/api.w.org\/{rel}","templated":true}]}}