{"id":3185,"date":"2022-10-14T10:12:17","date_gmt":"2022-10-14T10:12:17","guid":{"rendered":"https:\/\/blogsaverroes.juntadeandalucia.es\/cemluisdenarvaez\/?page_id=3185"},"modified":"2025-09-10T11:23:48","modified_gmt":"2025-09-10T11:23:48","slug":"horario-de-tutorias","status":"publish","type":"page","link":"https:\/\/blogsaverroes.juntadeandalucia.es\/cemluisdenarvaez\/horario-de-tutorias\/","title":{"rendered":"HORARIO DE TUTOR\u00cdAS"},"content":{"rendered":"<p>&nbsp;<\/p>\n<h4><strong><span style=\"color: #3366ff\">Clarinete <\/span>&#8211; Lunes y martes de 20h a 20:30h..<\/strong><\/h4>\n<p>&nbsp;<\/p>\n<h4><strong><span style=\"color: #3366ff\">Flauta Travesera<\/span> &#8211; Lunes y Mi\u00e9rcoles de 20h a 20:30h.<\/strong><\/h4>\n<p>&nbsp;<\/p>\n<h4><strong><span style=\"color: #3366ff\">Trompeta<\/span> &#8211; Mi\u00e9rcoles de 18h a&nbsp; 19h.<\/strong><\/h4>\n<p>&nbsp;<\/p>\n<h4><strong><span style=\"color: #3366ff\">Guitarra <\/span>&#8211; Lunes y Mi\u00e9rcoles de 20h a 20:30h.<\/strong><\/h4>\n<p>&nbsp;<\/p>\n<h4><strong><span style=\"color: #3366ff\">Viol\u00edn<\/span> &#8211; Viernes de 17h a 18h.<\/strong><\/h4>\n<p>&nbsp;<\/p>\n<h4><strong><span style=\"color: #3366ff\">Violonchelo<\/span> &#8211; Mi\u00e9rcoles y Jueves de 20h a 20:30h.<\/strong><\/h4>\n<p>&nbsp;<\/p>\n<h4><strong><span style=\"color: #3366ff\">Piano (D. Rafael Quintero)<\/span> &#8211; Martes de 18h a 19h.<\/strong><\/h4>\n<p>&nbsp;<\/p>\n<h4><strong><span style=\"color: #3366ff\">Piano (D\u00f1a. Mar\u00eda Del Carmen Mart\u00ednez)<\/span> &#8211; Lunes de 18h a 19h.&nbsp;<\/strong><\/h4>\n<p>&nbsp;<\/p>\n<h4>&nbsp;<\/h4>\n<p>&nbsp;<\/p>\n","protected":false},"excerpt":{"rendered":"<p>&nbsp; Clarinete &#8211; Lunes y martes de 20h a 20:30h.. &nbsp; Flauta Travesera &#8211; Lunes y Mi\u00e9rcoles de 20h a 20:30h. &nbsp; Trompeta &#8211; Mi\u00e9rcoles de 18h a&nbsp; 19h. &nbsp; Guitarra &#8211; Lunes y&#46;&#46;&#46;<\/p>\n","protected":false},"author":10233,"featured_media":0,"parent":0,"menu_order":0,"comment_status":"closed","ping_status":"closed","template":"","meta":{"ngg_post_thumbnail":0,"footnotes":"","_mc_calendar":[]},"aioseo_notices":[],"_links":{"self":[{"href":"https:\/\/blogsaverroes.juntadeandalucia.es\/cemluisdenarvaez\/wp-json\/wp\/v2\/pages\/3185"}],"collection":[{"href":"https:\/\/blogsaverroes.juntadeandalucia.es\/cemluisdenarvaez\/wp-json\/wp\/v2\/pages"}],"about":[{"href":"https:\/\/blogsaverroes.juntadeandalucia.es\/cemluisdenarvaez\/wp-json\/wp\/v2\/types\/page"}],"author":[{"embeddable":true,"href":"https:\/\/blogsaverroes.juntadeandalucia.es\/cemluisdenarvaez\/wp-json\/wp\/v2\/users\/10233"}],"replies":[{"embeddable":true,"href":"https:\/\/blogsaverroes.juntadeandalucia.es\/cemluisdenarvaez\/wp-json\/wp\/v2\/comments?post=3185"}],"version-history":[{"count":14,"href":"https:\/\/blogsaverroes.juntadeandalucia.es\/cemluisdenarvaez\/wp-json\/wp\/v2\/pages\/3185\/revisions"}],"predecessor-version":[{"id":4810,"href":"https:\/\/blogsaverroes.juntadeandalucia.es\/cemluisdenarvaez\/wp-json\/wp\/v2\/pages\/3185\/revisions\/4810"}],"wp:attachment":[{"href":"https:\/\/blogsaverroes.juntadeandalucia.es\/cemluisdenarvaez\/wp-json\/wp\/v2\/media?parent=3185"}],"curies":[{"name":"wp","href":"https:\/\/api.w.org\/{rel}","templated":true}]}}

HORARIO DE TUTORÍAS

<p>&nbsp;</p>
<h4><strong><span style="color: #3366ff">Clarinete </span>&#8211; Lunes y martes de 20h a 20:30h..</strong></h4>
<p>&nbsp;</p>
<h4><strong><span style="color: #3366ff">Flauta Travesera</span> &#8211; Lunes y Miércoles de 20h a 20:30h.</strong></h4>
<p>&nbsp;</p>
<h4><strong><span style="color: #3366ff">Trompeta</span> &#8211; Miércoles de 18h a&nbsp; 19h.</strong></h4>
<p>&nbsp;</p>
<h4><strong><span style="color: #3366ff">Guitarra </span>&#8211; Lunes y Miércoles de 20h a 20:30h.</strong></h4>
<p>&nbsp;</p>
<h4><strong><span style="color: #3366ff">Violín</span> &#8211; Viernes de 17h a 18h.</strong></h4>
<p>&nbsp;</p>
<h4><strong><span style="color: #3366ff">Violonchelo</span> &#8211; Miércoles y Jueves de 20h a 20:30h.</strong></h4>
<p>&nbsp;</p>
<h4><strong><span style="color: #3366ff">Piano (D. Rafael Quintero)</span> &#8211; Martes de 18h a 19h.</strong></h4>
<p>&nbsp;</p>
<h4><strong><span style="color: #3366ff">Piano (Dña. María Del Carmen Martínez)</span> &#8211; Lunes de 18h a 19h.&nbsp;</strong></h4>
<p>&nbsp;</p>
<h4>&nbsp;</h4>
<p>&nbsp;</p>

<p>&nbsp; Clarinete &#8211; Lunes y martes de 20h a 20:30h.. &nbsp; Flauta Travesera &#8211; Lunes y Miércoles de 20h a 20:30h. &nbsp; Trompeta &#8211; Miércoles de 18h a&nbsp; 19h. &nbsp; Guitarra &#8211; Lunes y&#46;&#46;&#46;</p>
