{"id":4202,"date":"2024-09-09T09:16:57","date_gmt":"2024-09-09T09:16:57","guid":{"rendered":"https:\/\/blogsaverroes.juntadeandalucia.es\/cemluisdenarvaez\/?page_id=4202"},"modified":"2024-09-09T09:41:43","modified_gmt":"2024-09-09T09:41:43","slug":"horarios-curso-2024-25","status":"publish","type":"page","link":"https:\/\/blogsaverroes.juntadeandalucia.es\/cemluisdenarvaez\/horarios-curso-2024-25\/","title":{"rendered":"HORARIOS CURSO 2024\/25"},"content":{"rendered":"<ul>\n<li>\n<pre><strong>TUTOR\u00cdA INICIAL (INFORMACI\u00d3N DE INTER\u00c9S. SE RUEGA QUE SE LEA CON DETENIMIENTO) <\/strong><\/pre>\n<\/li>\n<\/ul>\n<p><strong><a href=\"https:\/\/blogsaverroes.juntadeandalucia.es\/cemluisdenarvaez\/files\/2024\/09\/TUTORIA-INICIAL-.pdf\">TUTOR\u00cdA INICIAL<\/a><\/strong><\/p>\n<ul>\n<li>\n<pre><strong>HORARIO ALUMNADO DE CLARINETE<\/strong><\/pre>\n<\/li>\n<\/ul>\n<p><strong><a href=\"https:\/\/blogsaverroes.juntadeandalucia.es\/cemluisdenarvaez\/files\/2024\/09\/CLARINETE.pdf\">CLARINETE<\/a><\/strong><\/p>\n<ul>\n<li>\n<pre><strong>HORARIO ALUMNADO DE FLAUTA TRAVESERA<\/strong><\/pre>\n<\/li>\n<\/ul>\n<p><strong><a href=\"https:\/\/blogsaverroes.juntadeandalucia.es\/cemluisdenarvaez\/files\/2024\/09\/FLAUTA-TRAVESERA.pdf\">FLAUTA TRAVESERA<\/a><\/strong><\/p>\n<ul>\n<li>\n<pre><strong>HORARIO ALUMNADO DE GUITARRA<\/strong><\/pre>\n<\/li>\n<\/ul>\n<p><strong><a href=\"https:\/\/blogsaverroes.juntadeandalucia.es\/cemluisdenarvaez\/files\/2024\/09\/GUITARRA.pdf\">GUITARRA<\/a><\/strong><\/p>\n<ul>\n<li>\n<pre><strong>HORARIO ALUMNADO DE PIANO<\/strong><\/pre>\n<\/li>\n<\/ul>\n<p><strong><a href=\"https:\/\/blogsaverroes.juntadeandalucia.es\/cemluisdenarvaez\/files\/2024\/09\/PIANO.pdf\">PIANO<\/a><\/strong><\/p>\n<ul>\n<li>\n<pre><strong>HORARIO ALUMNADO DE TROMPETA<\/strong><\/pre>\n<\/li>\n<\/ul>\n<p><strong><a href=\"https:\/\/blogsaverroes.juntadeandalucia.es\/cemluisdenarvaez\/files\/2024\/09\/TROMPETA.pdf\">TROMPETA<\/a><\/strong><\/p>\n<ul>\n<li>\n<pre><strong>HORARIO ALUMNADO DE VIOL\u00cdN<\/strong><\/pre>\n<\/li>\n<\/ul>\n<p><strong><a href=\"https:\/\/blogsaverroes.juntadeandalucia.es\/cemluisdenarvaez\/files\/2024\/09\/VIOLIN.pdf\">VIOL\u00cdN<\/a><\/strong><\/p>\n<ul>\n<li>\n<pre><strong>HORARIO ALUMNADO DE VIOLONCHELO&nbsp;<\/strong><\/pre>\n<\/li>\n<\/ul>\n<p><strong><a href=\"https:\/\/blogsaverroes.juntadeandalucia.es\/cemluisdenarvaez\/files\/2024\/09\/VIOLONCHELO.pdf\">VIOLONCHELO<\/a><\/strong><\/p>\n","protected":false},"excerpt":{"rendered":"<p>TUTOR\u00cdA INICIAL (INFORMACI\u00d3N DE INTER\u00c9S. SE RUEGA QUE SE LEA CON DETENIMIENTO) TUTOR\u00cdA INICIAL HORARIO ALUMNADO DE CLARINETE CLARINETE HORARIO ALUMNADO DE FLAUTA TRAVESERA FLAUTA TRAVESERA HORARIO ALUMNADO DE GUITARRA GUITARRA HORARIO ALUMNADO DE&#46;&#46;&#46;<\/p>\n","protected":false},"author":10233,"featured_media":0,"parent":0,"menu_order":0,"comment_status":"closed","ping_status":"closed","template":"","meta":{"ngg_post_thumbnail":0,"footnotes":"","_mc_calendar":[]},"aioseo_notices":[],"_links":{"self":[{"href":"https:\/\/blogsaverroes.juntadeandalucia.es\/cemluisdenarvaez\/wp-json\/wp\/v2\/pages\/4202"}],"collection":[{"href":"https:\/\/blogsaverroes.juntadeandalucia.es\/cemluisdenarvaez\/wp-json\/wp\/v2\/pages"}],"about":[{"href":"https:\/\/blogsaverroes.juntadeandalucia.es\/cemluisdenarvaez\/wp-json\/wp\/v2\/types\/page"}],"author":[{"embeddable":true,"href":"https:\/\/blogsaverroes.juntadeandalucia.es\/cemluisdenarvaez\/wp-json\/wp\/v2\/users\/10233"}],"replies":[{"embeddable":true,"href":"https:\/\/blogsaverroes.juntadeandalucia.es\/cemluisdenarvaez\/wp-json\/wp\/v2\/comments?post=4202"}],"version-history":[{"count":3,"href":"https:\/\/blogsaverroes.juntadeandalucia.es\/cemluisdenarvaez\/wp-json\/wp\/v2\/pages\/4202\/revisions"}],"predecessor-version":[{"id":4219,"href":"https:\/\/blogsaverroes.juntadeandalucia.es\/cemluisdenarvaez\/wp-json\/wp\/v2\/pages\/4202\/revisions\/4219"}],"wp:attachment":[{"href":"https:\/\/blogsaverroes.juntadeandalucia.es\/cemluisdenarvaez\/wp-json\/wp\/v2\/media?parent=4202"}],"curies":[{"name":"wp","href":"https:\/\/api.w.org\/{rel}","templated":true}]}}