{"id":691,"date":"2023-06-26T12:44:54","date_gmt":"2023-06-26T10:44:54","guid":{"rendered":"https:\/\/blogsaverroes.juntadeandalucia.es\/centroadultospalmete\/?page_id=691"},"modified":"2024-07-31T12:48:54","modified_gmt":"2024-07-31T10:48:54","slug":"historia","status":"publish","type":"page","link":"https:\/\/blogsaverroes.juntadeandalucia.es\/centroadultospalmete\/patrimonio\/historia\/","title":{"rendered":"Historia y Geograf\u00eda"},"content":{"rendered":"<ul>\n<li><a href=\"https:\/\/blogsaverroes.juntadeandalucia.es\/centroadultospalmete\/files\/2023\/06\/LA-PRIMERA-VUELTA-AL-MUNDO.pdf\"><span style=\"color: #008000\">LA PRIMERA VUELTA AL MUNDO<\/span><\/a><\/li>\n<li><span style=\"color: #008000\"><a style=\"color: #008000\" href=\"https:\/\/blogsaverroes.juntadeandalucia.es\/centroadultospalmete\/files\/2023\/06\/LEMA-Y-ESCUDO-DE-SEVILLA.pdf\">LEMA Y ESCUDO DE SEVILLA<\/a><\/span><\/li>\n<li><span style=\"color: #008000\"><a style=\"color: #008000\" href=\"https:\/\/blogsaverroes.juntadeandalucia.es\/centroadultospalmete\/files\/2023\/06\/LA-CONSTITUCI\u00d3N.-LOS-PADRES-DE-LA-CONSTITUCI\u00d3N.pdf\">LA CONSTITUCI\u00d3N: LOS PADRES DE LA CONSTITUCI\u00d3N<\/a><\/span><\/li>\n<li><span style=\"color: #008000\"><a style=\"color: #008000\" href=\"https:\/\/blogsaverroes.juntadeandalucia.es\/centroadultospalmete\/files\/2023\/06\/R\u00cdO-GUADALQUIVIR.pdf\">R\u00cdO GUADALQUIVIR<\/a><\/span><\/li>\n<li><a href=\"https:\/\/blogsaverroes.juntadeandalucia.es\/centroadultospalmete\/files\/2024\/07\/ASI-NACIO-ANDALUCIA.pdf\"><span style=\"color: #008000\">AS\u00cd NACI\u00d3 ANDALUC\u00cdA<\/span><\/a><\/li>\n<li><span style=\"color: #008000\"><a style=\"color: #008000\" href=\"https:\/\/blogsaverroes.juntadeandalucia.es\/centroadultospalmete\/files\/2024\/07\/LA-CONQUISTA-DE-SEVILLA.pdf\">LA CONQUISTA DE SEVILLA<\/a><\/span><\/li>\n<li><a href=\"https:\/\/blogsaverroes.juntadeandalucia.es\/centroadultospalmete\/files\/2024\/07\/ARTE-MUDEJAR.pdf\"><span style=\"color: #008000\">ARTE MUD\u00c9JAR<\/span><\/a><\/li>\n<\/ul>\n<p>&nbsp;<\/p>\n","protected":false},"excerpt":{"rendered":"<p>LA PRIMERA VUELTA AL MUNDO LEMA Y ESCUDO DE SEVILLA LA CONSTITUCI\u00d3N: LOS PADRES DE LA CONSTITUCI\u00d3N R\u00cdO GUADALQUIVIR AS\u00cd NACI\u00d3 ANDALUC\u00cdA LA CONQUISTA DE SEVILLA ARTE MUD\u00c9JAR &nbsp;<\/p>\n","protected":false},"author":6214,"featured_media":0,"parent":577,"menu_order":0,"comment_status":"closed","ping_status":"closed","template":"page-templates\/child-menu.php","meta":{"ngg_post_thumbnail":0,"footnotes":""},"aioseo_notices":[],"_links":{"self":[{"href":"https:\/\/blogsaverroes.juntadeandalucia.es\/centroadultospalmete\/wp-json\/wp\/v2\/pages\/691"}],"collection":[{"href":"https:\/\/blogsaverroes.juntadeandalucia.es\/centroadultospalmete\/wp-json\/wp\/v2\/pages"}],"about":[{"href":"https:\/\/blogsaverroes.juntadeandalucia.es\/centroadultospalmete\/wp-json\/wp\/v2\/types\/page"}],"author":[{"embeddable":true,"href":"https:\/\/blogsaverroes.juntadeandalucia.es\/centroadultospalmete\/wp-json\/wp\/v2\/users\/6214"}],"replies":[{"embeddable":true,"href":"https:\/\/blogsaverroes.juntadeandalucia.es\/centroadultospalmete\/wp-json\/wp\/v2\/comments?post=691"}],"version-history":[{"count":8,"href":"https:\/\/blogsaverroes.juntadeandalucia.es\/centroadultospalmete\/wp-json\/wp\/v2\/pages\/691\/revisions"}],"predecessor-version":[{"id":1312,"href":"https:\/\/blogsaverroes.juntadeandalucia.es\/centroadultospalmete\/wp-json\/wp\/v2\/pages\/691\/revisions\/1312"}],"up":[{"embeddable":true,"href":"https:\/\/blogsaverroes.juntadeandalucia.es\/centroadultospalmete\/wp-json\/wp\/v2\/pages\/577"}],"wp:attachment":[{"href":"https:\/\/blogsaverroes.juntadeandalucia.es\/centroadultospalmete\/wp-json\/wp\/v2\/media?parent=691"}],"curies":[{"name":"wp","href":"https:\/\/api.w.org\/{rel}","templated":true}]}}