{"id":705,"date":"2023-06-26T13:24:57","date_gmt":"2023-06-26T11:24:57","guid":{"rendered":"https:\/\/blogsaverroes.juntadeandalucia.es\/centroadultospalmete\/?page_id=705"},"modified":"2024-08-22T12:07:42","modified_gmt":"2024-08-22T10:07:42","slug":"historia","status":"publish","type":"page","link":"https:\/\/blogsaverroes.juntadeandalucia.es\/centroadultospalmete\/598-2\/historia\/","title":{"rendered":"Historia"},"content":{"rendered":"<ul>\n<li><a href=\"https:\/\/blogsaverroes.juntadeandalucia.es\/centroadultospalmete\/files\/2023\/07\/Historia-de-Espa\u00f1a-contada-para-escepticos-JUAN-ESLAVA-GAL\u00c1N.pdf\"><span style=\"color: #008000\">Historia de Espa\u00f1a contada para esc\u00e9pticos &#8211; Juan Eslava Gal\u00e1n<\/span><\/a><\/li>\n<li><span style=\"color: #008000\"><a style=\"color: #008000\" href=\"https:\/\/blogsaverroes.juntadeandalucia.es\/centroadultospalmete\/files\/2023\/07\/Una-historia-de-la-Guerra-Civil-que-no-va-a-gustar-a-nadie-Juan-Eslava-Galan.pdf\">Una historia de la Guerra Civil que no va a gustar a nadie &#8211; Juan Eslava Gal\u00e1n<\/a><\/span><\/li>\n<li><span style=\"color: #008000\"><a style=\"color: #008000\" href=\"https:\/\/blogsaverroes.juntadeandalucia.es\/centroadultospalmete\/files\/2023\/07\/Los-a\u00f1os-del-miedo-Juan-Eslava-Galan.pdf\">Los a\u00f1os del miedo &#8211; Juan Eslava Gal\u00e1n<\/a><\/span><\/li>\n<li><span style=\"color: #008000\"><a style=\"color: #008000\" href=\"https:\/\/blogsaverroes.juntadeandalucia.es\/centroadultospalmete\/files\/2023\/07\/De-la-alpargata-al-seicientos-Eslava-Gal\u00e1n-Juan.pdf\">De la alpargata al seiscientos &#8211; Juan Eslava Gal\u00e1n<\/a><\/span><\/li>\n<li><span style=\"color: #008000\"><a style=\"color: #008000\" href=\"https:\/\/blogsaverroes.juntadeandalucia.es\/centroadultospalmete\/files\/2023\/07\/La-d\u00e9cada-que-nos-dej\u00f3-sin-aliento-Eslava-Gal\u00e1n-Juan.pdf\">La d\u00e9cada que nos dej\u00f3 sin aliento &#8211; Juan Eslava Gal\u00e1n<\/a><\/span><\/li>\n<li><span style=\"color: #008000\"><a style=\"color: #008000\" href=\"https:\/\/blogsaverroes.juntadeandalucia.es\/centroadultospalmete\/files\/2023\/07\/Historia-del-Mundo-contada-para-escepticos-Juan-Eslava-Galan.pdf\">Historia del Mundo contada para esc\u00e9pticos &#8211; Juan Eslava Gal\u00e1n<\/a><\/span><\/li>\n<li><span style=\"color: #008000\"><a style=\"color: #008000\" href=\"https:\/\/blogsaverroes.juntadeandalucia.es\/centroadultospalmete\/files\/2023\/07\/La-Primera-Guerra-Mundial-contada-para-escepticos-Juan-Eslava-Galan.pdf\">La Primera Guerra Mundial contada para esc\u00e9pticos &#8211; Juan Eslava Gal\u00e1n<\/a><\/span><\/li>\n<li><span style=\"color: #008000\"><a style=\"color: #008000\" href=\"https:\/\/blogsaverroes.juntadeandalucia.es\/centroadultospalmete\/files\/2023\/07\/La-Revolucion-rusa-contada-para-escepticos-Juan-Eslava-Galan.pdf\">La Revoluci\u00f3n rusa contada para esc\u00e9pticos &#8211; Juan Eslava Gal\u00e1n<\/a><\/span><\/li>\n<li><span style=\"color: #008000\"><a style=\"color: #008000\" href=\"https:\/\/blogsaverroes.juntadeandalucia.es\/centroadultospalmete\/files\/2023\/07\/La-Segunda-Guerra-Mundial-contada-para-escepticos-Juan-Eslava-Galan.pdf\">La Segunda Guerra Mundial contada para esc\u00e9pticos &#8211; Juan Eslava Gal\u00e1n<\/a><\/span><\/li>\n<li><a href=\"https:\/\/blogsaverroes.juntadeandalucia.es\/centroadultospalmete\/files\/2024\/08\/Grandes-atrocidades-de-la-Segunda-Guerra-Mundial-Jesus-Hernandez.pdf\"><span style=\"color: #008000\">Grandes atrocidades de la Segunda Guerra Mundial &#8211; Jes\u00fas Hern\u00e1ndez<\/span><\/a><\/li>\n<li><a href=\"https:\/\/blogsaverroes.juntadeandalucia.es\/centroadultospalmete\/files\/2023\/08\/Malos-de-la-historia-de-Espa\u00f1a-Gabriel-Cardona.pdf\"><span style=\"color: #008000\">Malos de la historia de Espa\u00f1a &#8211; Gabriel Cardona<\/span><\/a><\/li>\n<li><a href=\"https:\/\/blogsaverroes.juntadeandalucia.es\/centroadultospalmete\/files\/2023\/08\/Historia-secreta-del-sexo-en-Espa\u00f1a-Juan-Eslava-Gal\u00e1n.pdf\"><span style=\"color: #008000\">Historia secreta del sexo en Espa\u00f1a &#8211; Juan Eslava Gal\u00e1n<\/span><\/a><\/li>\n<li><a href=\"https:\/\/blogsaverroes.juntadeandalucia.es\/centroadultospalmete\/files\/2023\/08\/Historia-\u00edntima-de-la-humanidad-Theodore-Zeldin.pdf\"><span style=\"color: #008000\">Historia \u00edntima de la humanidad &#8211; Theodore Zeldin<\/span><\/a><\/li>\n<li><a href=\"https:\/\/blogsaverroes.juntadeandalucia.es\/centroadultospalmete\/files\/2024\/08\/Eso-no-estaba-en-mi-libro-de-historia-de-Espana.pdf\"><span style=\"color: #008000\">Eso no estaba en mi libro de historia de Espa\u00f1a<\/span><\/a><\/li>\n<li><span style=\"color: #008000\"><a style=\"color: #008000\" href=\"https:\/\/blogsaverroes.juntadeandalucia.es\/centroadultospalmete\/files\/2024\/08\/Eso-no-estaba-en-mi-libro-de-la-Segunda-Guerra-Mundial-Jesus-Hernandez.pdf\"><span style=\"color: #008000\">Eso no estaba en mi libro de la Segunda Guerra Mundial &#8211; Jes\u00fas Hern\u00e1ndez<\/span><\/a><\/span><\/li>\n<li><span style=\"color: #008000\"><a style=\"color: #008000\" href=\"https:\/\/blogsaverroes.juntadeandalucia.es\/centroadultospalmete\/files\/2024\/08\/50-cosas-que-hay-que-saber-sobre-historia-del-mundo-Ian-Crofton.pdf\">50 cosas que hay que saber sobre historia del mundo &#8211; Ian Crofton<\/a><\/span><\/li>\n<li><span style=\"color: #008000\"><a style=\"color: #008000\" href=\"https:\/\/blogsaverroes.juntadeandalucia.es\/centroadultospalmete\/files\/2024\/08\/Breve-historia-de-occidente-Judith-G-Coffin.pdf\">Breve historia de occidente &#8211; Judith G Coffin<\/a><\/span><\/li>\n<li><span style=\"color: #008000\"><a style=\"color: #008000\" href=\"https:\/\/blogsaverroes.juntadeandalucia.es\/centroadultospalmete\/files\/2024\/08\/Historicamente-incorrecto-Jean-Sevillia.pdf\">Hist\u00f3ricamente incorrecto &#8211; Jean Sevillia<\/a><\/span><\/li>\n<li><span style=\"color: #008000\"><a style=\"color: #008000\" href=\"https:\/\/blogsaverroes.juntadeandalucia.es\/centroadultospalmete\/files\/2024\/08\/Historia-absurda-de-Espana-Ad-Absurdum.pdf\">Historia absurda de Espa\u00f1a &#8211; Ad Absurdum<\/a><\/span><\/li>\n<li><span style=\"color: #008000\"><a style=\"color: #008000\" href=\"https:\/\/blogsaverroes.juntadeandalucia.es\/centroadultospalmete\/files\/2024\/08\/Chiripas-de-la-historia-Gonzalo-Ugidos.pdf\">Chiripas de la historia &#8211; Gonz\u00e1lo Ugidos<\/a><\/span><\/li>\n<li><span style=\"color: #008000\"><a style=\"color: #008000\" href=\"https:\/\/blogsaverroes.juntadeandalucia.es\/centroadultospalmete\/files\/2024\/08\/La-historia-de-Espana-sin-los-trozos-aburridos-Fernando-Garces-BlAzquez.pdf\">La historia de Espa\u00f1a sin los trozos aburridos &#8211; Fernando Garces Bl\u00e1zquez<\/a><\/span><\/li>\n<li><span style=\"color: #008000\"><a style=\"color: #008000\" href=\"https:\/\/blogsaverroes.juntadeandalucia.es\/centroadultospalmete\/files\/2024\/08\/Momentos-estelares-de-la-historia-de-EspaNa-Jose-Calvo-Poyato.pdf\">Momentos estelares de la historia de Espa\u00f1a &#8211; Jos\u00e9 Calvo Poyato<\/a><\/span><\/li>\n<li><a href=\"https:\/\/blogsaverroes.juntadeandalucia.es\/centroadultospalmete\/files\/2024\/08\/Nueva-historia-de-Espana-Pio-Moa.pdf\"><span style=\"color: #008000\">Nueva historia de Espa\u00f1a &#8211; Pio Moa<\/span><\/a><\/li>\n<\/ul>\n","protected":false},"excerpt":{"rendered":"<p>Historia de Espa\u00f1a contada para esc\u00e9pticos &#8211; Juan Eslava Gal\u00e1n Una historia de la Guerra Civil que no va a gustar a nadie &#8211; Juan Eslava Gal\u00e1n Los a\u00f1os del miedo &#8211; Juan Eslava&#46;&#46;&#46;<\/p>\n","protected":false},"author":6214,"featured_media":0,"parent":598,"menu_order":0,"comment_status":"closed","ping_status":"closed","template":"","meta":{"ngg_post_thumbnail":0,"footnotes":""},"aioseo_notices":[],"_links":{"self":[{"href":"https:\/\/blogsaverroes.juntadeandalucia.es\/centroadultospalmete\/wp-json\/wp\/v2\/pages\/705"}],"collection":[{"href":"https:\/\/blogsaverroes.juntadeandalucia.es\/centroadultospalmete\/wp-json\/wp\/v2\/pages"}],"about":[{"href":"https:\/\/blogsaverroes.juntadeandalucia.es\/centroadultospalmete\/wp-json\/wp\/v2\/types\/page"}],"author":[{"embeddable":true,"href":"https:\/\/blogsaverroes.juntadeandalucia.es\/centroadultospalmete\/wp-json\/wp\/v2\/users\/6214"}],"replies":[{"embeddable":true,"href":"https:\/\/blogsaverroes.juntadeandalucia.es\/centroadultospalmete\/wp-json\/wp\/v2\/comments?post=705"}],"version-history":[{"count":8,"href":"https:\/\/blogsaverroes.juntadeandalucia.es\/centroadultospalmete\/wp-json\/wp\/v2\/pages\/705\/revisions"}],"predecessor-version":[{"id":1489,"href":"https:\/\/blogsaverroes.juntadeandalucia.es\/centroadultospalmete\/wp-json\/wp\/v2\/pages\/705\/revisions\/1489"}],"up":[{"embeddable":true,"href":"https:\/\/blogsaverroes.juntadeandalucia.es\/centroadultospalmete\/wp-json\/wp\/v2\/pages\/598"}],"wp:attachment":[{"href":"https:\/\/blogsaverroes.juntadeandalucia.es\/centroadultospalmete\/wp-json\/wp\/v2\/media?parent=705"}],"curies":[{"name":"wp","href":"https:\/\/api.w.org\/{rel}","templated":true}]}}

<ul>
<li><a href="https://blogsaverroes.juntadeandalucia.es/centroadultospalmete/files/2023/07/Historia-de-España-contada-para-escepticos-JUAN-ESLAVA-GALÁN.pdf"><span style="color: #008000">Historia de España contada para escépticos &#8211; Juan Eslava Galán</span></a></li>
<li><span style="color: #008000"><a style="color: #008000" href="https://blogsaverroes.juntadeandalucia.es/centroadultospalmete/files/2023/07/Una-historia-de-la-Guerra-Civil-que-no-va-a-gustar-a-nadie-Juan-Eslava-Galan.pdf">Una historia de la Guerra Civil que no va a gustar a nadie &#8211; Juan Eslava Galán</a></span></li>
<li><span style="color: #008000"><a style="color: #008000" href="https://blogsaverroes.juntadeandalucia.es/centroadultospalmete/files/2023/07/Los-años-del-miedo-Juan-Eslava-Galan.pdf">Los años del miedo &#8211; Juan Eslava Galán</a></span></li>
<li><span style="color: #008000"><a style="color: #008000" href="https://blogsaverroes.juntadeandalucia.es/centroadultospalmete/files/2023/07/De-la-alpargata-al-seicientos-Eslava-Galán-Juan.pdf">De la alpargata al seiscientos &#8211; Juan Eslava Galán</a></span></li>
<li><span style="color: #008000"><a style="color: #008000" href="https://blogsaverroes.juntadeandalucia.es/centroadultospalmete/files/2023/07/La-década-que-nos-dejó-sin-aliento-Eslava-Galán-Juan.pdf">La década que nos dejó sin aliento &#8211; Juan Eslava Galán</a></span></li>
<li><span style="color: #008000"><a style="color: #008000" href="https://blogsaverroes.juntadeandalucia.es/centroadultospalmete/files/2023/07/Historia-del-Mundo-contada-para-escepticos-Juan-Eslava-Galan.pdf">Historia del Mundo contada para escépticos &#8211; Juan Eslava Galán</a></span></li>
<li><span style="color: #008000"><a style="color: #008000" href="https://blogsaverroes.juntadeandalucia.es/centroadultospalmete/files/2023/07/La-Primera-Guerra-Mundial-contada-para-escepticos-Juan-Eslava-Galan.pdf">La Primera Guerra Mundial contada para escépticos &#8211; Juan Eslava Galán</a></span></li>
<li><span style="color: #008000"><a style="color: #008000" href="https://blogsaverroes.juntadeandalucia.es/centroadultospalmete/files/2023/07/La-Revolucion-rusa-contada-para-escepticos-Juan-Eslava-Galan.pdf">La Revolución rusa contada para escépticos &#8211; Juan Eslava Galán</a></span></li>
<li><span style="color: #008000"><a style="color: #008000" href="https://blogsaverroes.juntadeandalucia.es/centroadultospalmete/files/2023/07/La-Segunda-Guerra-Mundial-contada-para-escepticos-Juan-Eslava-Galan.pdf">La Segunda Guerra Mundial contada para escépticos &#8211; Juan Eslava Galán</a></span></li>
<li><a href="https://blogsaverroes.juntadeandalucia.es/centroadultospalmete/files/2024/08/Grandes-atrocidades-de-la-Segunda-Guerra-Mundial-Jesus-Hernandez.pdf"><span style="color: #008000">Grandes atrocidades de la Segunda Guerra Mundial &#8211; Jesús Hernández</span></a></li>
<li><a href="https://blogsaverroes.juntadeandalucia.es/centroadultospalmete/files/2023/08/Malos-de-la-historia-de-España-Gabriel-Cardona.pdf"><span style="color: #008000">Malos de la historia de España &#8211; Gabriel Cardona</span></a></li>
<li><a href="https://blogsaverroes.juntadeandalucia.es/centroadultospalmete/files/2023/08/Historia-secreta-del-sexo-en-España-Juan-Eslava-Galán.pdf"><span style="color: #008000">Historia secreta del sexo en España &#8211; Juan Eslava Galán</span></a></li>
<li><a href="https://blogsaverroes.juntadeandalucia.es/centroadultospalmete/files/2023/08/Historia-íntima-de-la-humanidad-Theodore-Zeldin.pdf"><span style="color: #008000">Historia íntima de la humanidad &#8211; Theodore Zeldin</span></a></li>
<li><a href="https://blogsaverroes.juntadeandalucia.es/centroadultospalmete/files/2024/08/Eso-no-estaba-en-mi-libro-de-historia-de-Espana.pdf"><span style="color: #008000">Eso no estaba en mi libro de historia de España</span></a></li>
<li><span style="color: #008000"><a style="color: #008000" href="https://blogsaverroes.juntadeandalucia.es/centroadultospalmete/files/2024/08/Eso-no-estaba-en-mi-libro-de-la-Segunda-Guerra-Mundial-Jesus-Hernandez.pdf"><span style="color: #008000">Eso no estaba en mi libro de la Segunda Guerra Mundial &#8211; Jesús Hernández</span></a></span></li>
<li><span style="color: #008000"><a style="color: #008000" href="https://blogsaverroes.juntadeandalucia.es/centroadultospalmete/files/2024/08/50-cosas-que-hay-que-saber-sobre-historia-del-mundo-Ian-Crofton.pdf">50 cosas que hay que saber sobre historia del mundo &#8211; Ian Crofton</a></span></li>
<li><span style="color: #008000"><a style="color: #008000" href="https://blogsaverroes.juntadeandalucia.es/centroadultospalmete/files/2024/08/Breve-historia-de-occidente-Judith-G-Coffin.pdf">Breve historia de occidente &#8211; Judith G Coffin</a></span></li>
<li><span style="color: #008000"><a style="color: #008000" href="https://blogsaverroes.juntadeandalucia.es/centroadultospalmete/files/2024/08/Historicamente-incorrecto-Jean-Sevillia.pdf">Históricamente incorrecto &#8211; Jean Sevillia</a></span></li>
<li><span style="color: #008000"><a style="color: #008000" href="https://blogsaverroes.juntadeandalucia.es/centroadultospalmete/files/2024/08/Historia-absurda-de-Espana-Ad-Absurdum.pdf">Historia absurda de España &#8211; Ad Absurdum</a></span></li>
<li><span style="color: #008000"><a style="color: #008000" href="https://blogsaverroes.juntadeandalucia.es/centroadultospalmete/files/2024/08/Chiripas-de-la-historia-Gonzalo-Ugidos.pdf">Chiripas de la historia &#8211; Gonzálo Ugidos</a></span></li>
<li><span style="color: #008000"><a style="color: #008000" href="https://blogsaverroes.juntadeandalucia.es/centroadultospalmete/files/2024/08/La-historia-de-Espana-sin-los-trozos-aburridos-Fernando-Garces-BlAzquez.pdf">La historia de España sin los trozos aburridos &#8211; Fernando Garces Blázquez</a></span></li>
<li><span style="color: #008000"><a style="color: #008000" href="https://blogsaverroes.juntadeandalucia.es/centroadultospalmete/files/2024/08/Momentos-estelares-de-la-historia-de-EspaNa-Jose-Calvo-Poyato.pdf">Momentos estelares de la historia de España &#8211; José Calvo Poyato</a></span></li>
<li><a href="https://blogsaverroes.juntadeandalucia.es/centroadultospalmete/files/2024/08/Nueva-historia-de-Espana-Pio-Moa.pdf"><span style="color: #008000">Nueva historia de España &#8211; Pio Moa</span></a></li>
</ul>

<p>Historia de España contada para escépticos &#8211; Juan Eslava Galán Una historia de la Guerra Civil que no va a gustar a nadie &#8211; Juan Eslava Galán Los años del miedo &#8211; Juan Eslava&#46;&#46;&#46;</p>
