{"id":715,"date":"2023-06-26T13:38:38","date_gmt":"2023-06-26T11:38:38","guid":{"rendered":"https:\/\/blogsaverroes.juntadeandalucia.es\/centroadultospalmete\/?page_id=715"},"modified":"2025-03-05T08:59:52","modified_gmt":"2025-03-05T07:59:52","slug":"eventos","status":"publish","type":"page","link":"https:\/\/blogsaverroes.juntadeandalucia.es\/centroadultospalmete\/igualdad\/eventos\/","title":{"rendered":"Eventos y materiales"},"content":{"rendered":"<ul>\n<li><a href=\"https:\/\/blogsaverroes.juntadeandalucia.es\/centroadultospalmete\/files\/2023\/06\/8-DE-MARZO.pdf\"><span style=\"color: #008000\">8 DE MARZO<\/span><\/a><\/li>\n<li><span style=\"color: #008000\"><a style=\"color: #008000\" href=\"https:\/\/blogsaverroes.juntadeandalucia.es\/centroadultospalmete\/files\/2023\/07\/MATERIALES-PARA-REALIZAR-LA-FASE-DE-DIAGNOSTICO.pdf\">MATERIALES PARA REALIZAR LA FASE DE DIAGN\u00d3STICO<\/a><\/span><\/li>\n<li><a href=\"https:\/\/blogsaverroes.juntadeandalucia.es\/centroadultospalmete\/files\/2023\/07\/PROTOCOLO-PREVENCI\u00d3N-VIOLENCIA-G\u00c9NERO.pdf\"><span style=\"color: #008000\">PROTOCOLO PREVENCI\u00d3N VIOLENCIA G\u00c9NERO<\/span><\/a><\/li>\n<li><span style=\"color: #008000\"><a style=\"color: #008000\" href=\"https:\/\/blogsaverroes.juntadeandalucia.es\/centroadultospalmete\/files\/2024\/08\/GUIA-BUENAS-PRACTICAS-IGUALDAD.pdf\">GU\u00cdA BUENAS PR\u00c1CTICAS IGUALDAD<\/a><\/span><\/li>\n<li><a href=\"https:\/\/blogsaverroes.juntadeandalucia.es\/centroadultospalmete\/files\/2024\/08\/PLAN-IGUALDAD-PALMETE.pdf\"><span style=\"color: #008000\">PLAN IGUALDAD PALMETE<\/span><\/a><\/li>\n<li><a href=\"https:\/\/blogsaverroes.juntadeandalucia.es\/centroadultospalmete\/files\/2025\/03\/MUJERES-PINTORAS.pdf\"><span style=\"color: #008000\">MUJERES PINTORAS<\/span><\/a><\/li>\n<\/ul>\n<p>&nbsp;<\/p>\n","protected":false},"excerpt":{"rendered":"<p>8 DE MARZO MATERIALES PARA REALIZAR LA FASE DE DIAGN\u00d3STICO PROTOCOLO PREVENCI\u00d3N VIOLENCIA G\u00c9NERO GU\u00cdA BUENAS PR\u00c1CTICAS IGUALDAD PLAN IGUALDAD PALMETE MUJERES PINTORAS &nbsp;<\/p>\n","protected":false},"author":6214,"featured_media":0,"parent":591,"menu_order":0,"comment_status":"closed","ping_status":"closed","template":"page-templates\/child-menu.php","meta":{"ngg_post_thumbnail":0,"footnotes":""},"aioseo_notices":[],"_links":{"self":[{"href":"https:\/\/blogsaverroes.juntadeandalucia.es\/centroadultospalmete\/wp-json\/wp\/v2\/pages\/715"}],"collection":[{"href":"https:\/\/blogsaverroes.juntadeandalucia.es\/centroadultospalmete\/wp-json\/wp\/v2\/pages"}],"about":[{"href":"https:\/\/blogsaverroes.juntadeandalucia.es\/centroadultospalmete\/wp-json\/wp\/v2\/types\/page"}],"author":[{"embeddable":true,"href":"https:\/\/blogsaverroes.juntadeandalucia.es\/centroadultospalmete\/wp-json\/wp\/v2\/users\/6214"}],"replies":[{"embeddable":true,"href":"https:\/\/blogsaverroes.juntadeandalucia.es\/centroadultospalmete\/wp-json\/wp\/v2\/comments?post=715"}],"version-history":[{"count":8,"href":"https:\/\/blogsaverroes.juntadeandalucia.es\/centroadultospalmete\/wp-json\/wp\/v2\/pages\/715\/revisions"}],"predecessor-version":[{"id":1548,"href":"https:\/\/blogsaverroes.juntadeandalucia.es\/centroadultospalmete\/wp-json\/wp\/v2\/pages\/715\/revisions\/1548"}],"up":[{"embeddable":true,"href":"https:\/\/blogsaverroes.juntadeandalucia.es\/centroadultospalmete\/wp-json\/wp\/v2\/pages\/591"}],"wp:attachment":[{"href":"https:\/\/blogsaverroes.juntadeandalucia.es\/centroadultospalmete\/wp-json\/wp\/v2\/media?parent=715"}],"curies":[{"name":"wp","href":"https:\/\/api.w.org\/{rel}","templated":true}]}}