{"id":41,"date":"2020-01-09T12:45:03","date_gmt":"2020-01-09T11:45:03","guid":{"rendered":"http:\/\/blogsaverroes.juntadeandalucia.es\/pre\/nuevoceip2v2\/?page_id=41"},"modified":"2024-05-17T08:39:14","modified_gmt":"2024-05-17T07:39:14","slug":"el-centro","status":"publish","type":"page","link":"https:\/\/blogsaverroes.juntadeandalucia.es\/centroeducacioninfantilcanadarosal\/el-centro\/","title":{"rendered":"El centro"},"content":{"rendered":"<p>[et_pb_section fb_built=&#8221;1&#8243; _builder_version=&#8221;4.24.2&#8243; global_colors_info=&#8221;{}&#8221;][et_pb_row _builder_version=&#8221;4.16&#8243; background_size=&#8221;initial&#8221; background_position=&#8221;top_left&#8221; background_repeat=&#8221;repeat&#8221; global_colors_info=&#8221;{}&#8221;][et_pb_column type=&#8221;4_4&#8243; _builder_version=&#8221;4.16&#8243; custom_padding=&#8221;|||&#8221; global_colors_info=&#8221;{}&#8221; custom_padding__hover=&#8221;|||&#8221;][et_pb_image src=&#8221;https:\/\/blogsaverroes.juntadeandalucia.es\/centroeducacioninfantilcanadarosal\/files\/2024\/05\/20240509_111332-scaled.jpg&#8221; title_text=&#8221;20240509_111332&#8243; admin_label=&#8221;Imagen de la portada&#8221; _builder_version=&#8221;4.24.2&#8243; z_index_tablet=&#8221;500&#8243; box_shadow_horizontal_tablet=&#8221;0px&#8221; box_shadow_vertical_tablet=&#8221;0px&#8221; box_shadow_blur_tablet=&#8221;40px&#8221; box_shadow_spread_tablet=&#8221;0px&#8221; global_colors_info=&#8221;{}&#8221;][\/et_pb_image][et_pb_text admin_label=&#8221;Nuestro Centro&#8221; _builder_version=&#8221;4.24.2&#8243; z_index_tablet=&#8221;500&#8243; text_text_shadow_horizontal_length_tablet=&#8221;0px&#8221; text_text_shadow_vertical_length_tablet=&#8221;0px&#8221; text_text_shadow_blur_strength_tablet=&#8221;1px&#8221; link_text_shadow_horizontal_length_tablet=&#8221;0px&#8221; link_text_shadow_vertical_length_tablet=&#8221;0px&#8221; link_text_shadow_blur_strength_tablet=&#8221;1px&#8221; ul_text_shadow_horizontal_length_tablet=&#8221;0px&#8221; ul_text_shadow_vertical_length_tablet=&#8221;0px&#8221; ul_text_shadow_blur_strength_tablet=&#8221;1px&#8221; ol_text_shadow_horizontal_length_tablet=&#8221;0px&#8221; ol_text_shadow_vertical_length_tablet=&#8221;0px&#8221; ol_text_shadow_blur_strength_tablet=&#8221;1px&#8221; quote_text_shadow_horizontal_length_tablet=&#8221;0px&#8221; quote_text_shadow_vertical_length_tablet=&#8221;0px&#8221; quote_text_shadow_blur_strength_tablet=&#8221;1px&#8221; header_text_shadow_horizontal_length_tablet=&#8221;0px&#8221; header_text_shadow_vertical_length_tablet=&#8221;0px&#8221; header_text_shadow_blur_strength_tablet=&#8221;1px&#8221; header_2_text_shadow_horizontal_length_tablet=&#8221;0px&#8221; header_2_text_shadow_vertical_length_tablet=&#8221;0px&#8221; header_2_text_shadow_blur_strength_tablet=&#8221;1px&#8221; header_3_text_shadow_horizontal_length_tablet=&#8221;0px&#8221; header_3_text_shadow_vertical_length_tablet=&#8221;0px&#8221; header_3_text_shadow_blur_strength_tablet=&#8221;1px&#8221; header_4_text_shadow_horizontal_length_tablet=&#8221;0px&#8221; header_4_text_shadow_vertical_length_tablet=&#8221;0px&#8221; header_4_text_shadow_blur_strength_tablet=&#8221;1px&#8221; header_5_text_shadow_horizontal_length_tablet=&#8221;0px&#8221; header_5_text_shadow_vertical_length_tablet=&#8221;0px&#8221; header_5_text_shadow_blur_strength_tablet=&#8221;1px&#8221; header_6_text_shadow_horizontal_length_tablet=&#8221;0px&#8221; header_6_text_shadow_vertical_length_tablet=&#8221;0px&#8221; header_6_text_shadow_blur_strength_tablet=&#8221;1px&#8221; box_shadow_horizontal_tablet=&#8221;0px&#8221; box_shadow_vertical_tablet=&#8221;0px&#8221; box_shadow_blur_tablet=&#8221;40px&#8221; box_shadow_spread_tablet=&#8221;0px&#8221; global_colors_info=&#8221;{}&#8221;]<\/p>\n<h2>Nuestra Centro<\/h2>\n<ul style=\"list-style-type: circle\">\n<li><!--block-->Capacidad m\u00e1xima : 74 ni\u00f1os\/as.&nbsp;<\/li>\n<li><!--block-->Pueden solicitar plaza los ni\u00f1os\/as en edades comprendidas de los 4 meses a los 3 a\u00f1os.&nbsp;<\/li>\n<li><!--block-->Este centro dispone de 5 aulas, aseos de ni\u00f1os\/as, aseos de minusv\u00e1lidos, despacho y un patio grande.&nbsp;<\/li>\n<li><!--block-->Recursos con los que cuenta el Centro : cunas infantiles, microondas, aire acondicionado (fr\u00edo-caliente), termo, espejos irrompibles, cambiadores,&#8230; y las aulas adaptadas a los ni\u00f1os\/as de estas edades (juguetes, puzles, piezas, bicicletas,&#8230;)&nbsp;<\/li>\n<li><!--block-->La Guarder\u00eda permanece abierta desde el d\u00eda 1 de septiembre hasta el 31 de julio.&nbsp;<\/li>\n<li><!--block-->El horario de apertura es de 7:30 a 17:00h.<\/li>\n<li><!--block-->Servicio del centro:&nbsp; &nbsp;<\/li>\n<\/ul>\n<ul>\n<li style=\"list-style-type: none\">\n<ul style=\"list-style-type: square\">\n<li>&nbsp;Aula matinal ( 7:30 a 9:00h )<\/li>\n<li>&nbsp;Atenci\u00f3n socioeducativa<\/li>\n<li>&nbsp;Servicio de Comedor con Catering<\/li>\n<\/ul>\n<\/li>\n<\/ul>\n<ul style=\"list-style-type: circle\">\n<li><!--block-->Fecha para solicitar plazas de nuevo ingreso : del 1 al 30 de abril de cada a\u00f1o.<\/li>\n<\/ul>\n<p><!--block-->En este Centro se establecen bonificaciones sobre los precios de los servicios que se modular\u00e1n, seg\u00fan tramos de ingresos de la unidad familiar, pudiendo llegar hasta el 100% de dichos precios.<br \/>Esto se encuentra dentro del Programa de ayuda a las familias para el fomento de la escolarizaci\u00f3n en el primer ciclo de la educaci\u00f3n infantil en Andaluc\u00eda.<\/p>\n<p><!--block--><strong>Requisitos para obtener bonificaciones:<\/strong><\/p>\n<ul style=\"list-style-type: circle\">\n<li><!--block-->Estar empadronado en Andaluc\u00eda.&nbsp;<\/li>\n<li><!--block-->Edad entre 16 semanas y tres a\u00f1os.<\/li>\n<li><!--block-->Actividad laboral de padre y madre no exigible (pero s\u00ed puntuable).<\/li>\n<\/ul>\n<p>[\/et_pb_text][\/et_pb_column][\/et_pb_row][\/et_pb_section]<\/p>\n","protected":false},"excerpt":{"rendered":"<p>Nuestra Centro Capacidad m\u00e1xima : 74 ni\u00f1os\/as.&nbsp; Pueden solicitar plaza los ni\u00f1os\/as en edades comprendidas de los 4 meses a los 3 a\u00f1os.&nbsp; Este centro dispone de 5 aulas, aseos de ni\u00f1os\/as, aseos de minusv\u00e1lidos, despacho y un patio grande.&nbsp; Recursos con los que cuenta el Centro : cunas infantiles, microondas, aire acondicionado (fr\u00edo-caliente), termo, [&hellip;]<\/p>\n","protected":false},"author":19394,"featured_media":0,"parent":0,"menu_order":0,"comment_status":"closed","ping_status":"closed","template":"","meta":{"_et_pb_use_builder":"on","_et_pb_old_content":"","_et_gb_content_width":"","ngg_post_thumbnail":0,"footnotes":""},"aioseo_notices":[],"_links":{"self":[{"href":"https:\/\/blogsaverroes.juntadeandalucia.es\/centroeducacioninfantilcanadarosal\/wp-json\/wp\/v2\/pages\/41"}],"collection":[{"href":"https:\/\/blogsaverroes.juntadeandalucia.es\/centroeducacioninfantilcanadarosal\/wp-json\/wp\/v2\/pages"}],"about":[{"href":"https:\/\/blogsaverroes.juntadeandalucia.es\/centroeducacioninfantilcanadarosal\/wp-json\/wp\/v2\/types\/page"}],"author":[{"embeddable":true,"href":"https:\/\/blogsaverroes.juntadeandalucia.es\/centroeducacioninfantilcanadarosal\/wp-json\/wp\/v2\/users\/19394"}],"replies":[{"embeddable":true,"href":"https:\/\/blogsaverroes.juntadeandalucia.es\/centroeducacioninfantilcanadarosal\/wp-json\/wp\/v2\/comments?post=41"}],"version-history":[{"count":12,"href":"https:\/\/blogsaverroes.juntadeandalucia.es\/centroeducacioninfantilcanadarosal\/wp-json\/wp\/v2\/pages\/41\/revisions"}],"predecessor-version":[{"id":688,"href":"https:\/\/blogsaverroes.juntadeandalucia.es\/centroeducacioninfantilcanadarosal\/wp-json\/wp\/v2\/pages\/41\/revisions\/688"}],"wp:attachment":[{"href":"https:\/\/blogsaverroes.juntadeandalucia.es\/centroeducacioninfantilcanadarosal\/wp-json\/wp\/v2\/media?parent=41"}],"curies":[{"name":"wp","href":"https:\/\/api.w.org\/{rel}","templated":true}]}}