{"id":32,"date":"2021-11-05T11:17:41","date_gmt":"2021-11-05T09:17:41","guid":{"rendered":"https:\/\/blogsaverroes.juntadeandalucia.es\/centrosbilinguessevilla\/?page_id=32"},"modified":"2023-11-05T13:25:10","modified_gmt":"2023-11-05T11:25:10","slug":"plc","status":"publish","type":"page","link":"https:\/\/blogsaverroes.juntadeandalucia.es\/centrosbilinguessevilla\/plc\/","title":{"rendered":"PLC"},"content":{"rendered":"<ul>\n<li><a href=\"https:\/\/www.juntadeandalucia.es\/educacion\/portals\/abaco-portlet\/content\/5e370751-6a24-4ed8-b389-0bc549911b4d\">Programa para el desarrollo de la competencia en comunicaci\u00f3n ling\u00fc\u00edstica (novedades CEJA 26 de julio de 2017)<\/a><\/li>\n<li><a class=\"\" title=\"Ir al enlace Proyecto Ling\u00fc\u00edstico de Centro en el Portal de Lectura y Bibliotecas Escolares\" href=\"http:\/\/www.juntadeandalucia.es\/educacion\/portals\/web\/lecturas-bibliotecas-escolares\/programa-plc\" target=\"_self\" rel=\"noopener noreferrer\">Proyecto Ling\u00fc\u00edstico de Centro en el Portal de Lectura y Bibliotecas Escolares<\/a><\/li>\n<li><a href=\"https:\/\/colaboraeducacion30.juntadeandalucia.es\/educacion\/colabora\/web\/proyecto-linguistico-de-centro\/presentacion\">PLC Colabora<\/a><\/li>\n<li><a href=\"http:\/\/arceproyectoplc.blogspot.com.es\/\" target=\"_blank\" rel=\"noopener noreferrer\">ARCEnautas. CEP de Huelva-Isla Cristina y otros<\/a><\/li>\n<li><a href=\"http:\/\/descomlin.blogspot.com.es\/\" target=\"_blank\" rel=\"noopener noreferrer\">Desarrollo de la competencia en comunicaci\u00f3n ling\u00fc\u00edstica: El PLC. CEP Huelva-Isla Cristina<\/a><\/li>\n<li><a href=\"http:\/\/proyecling.blogspot.com.es\/\" target=\"_blank\" rel=\"noopener noreferrer\">Plan de mejora de la competencia comunicativa. Equipo PLC CEP de Ja\u00e9n<\/a><\/li>\n<li><a href=\"http:\/\/plciesfranciscodeorellana.blogspot.com.es\/p\/blog-page_19.html\" target=\"_blank\" rel=\"noopener noreferrer\">PLC IES Francisco de Orellana, Trujillo (C\u00e1ceres)<\/a><\/li>\n<li><a href=\"https:\/\/proyecto-linguistico-ies-zoco.webnode.es\/#\">PLC IES Zoco. C\u00f3rdoba.<\/a><\/li>\n<li><a href=\"http:\/\/www.iespedrojimenezmontoya.es\/category\/proyectos\/proyecto-lingueistico\/\" target=\"_blank\" rel=\"noopener noreferrer\">PLC IES Pedro Jim\u00e9nez Montoya, Baza (Granada)<\/a><\/li>\n<li><a href=\"http:\/\/www.ceiphuertaretiro.com\/proyecto_lin.htm\">PLC CEIP Huerta del Retiro, Mairena del Alcor (Sevilla)<\/a><\/li>\n<li><a href=\"http:\/\/lecturaslosada.blogspot.com.es\/p\/proyecto-linguistico-de-centro.html\" target=\"_blank\" rel=\"noopener noreferrer\">PLC IES Manuel Losada Villasante, Carmona (Sevilla)<\/a><\/li>\n<li><a href=\"http:\/\/www.iespablodeolavide.com\/el-centro\/proyecto-ling\u00fc\u00edstico\" target=\"_blank\" rel=\"noopener noreferrer\">PLC IES Pablo de Olavide, La Luisiana (Sevilla)<\/a><\/li>\n<li><a href=\"http:\/\/iesllanes.pbworks.com\/w\/page\/9645785\/ProyectoPiloto para la Mejora de la Competencia en Comunicaci\u00f3n Ling\u00fc\u00edstica\" target=\"_blank\" rel=\"noopener noreferrer\">Proyecto Piloto para la Mejora de la Competencia en Comunicaci\u00f3n Ling\u00fc\u00edstica IES Llanes, Sevilla<\/a><\/li>\n<li><a href=\"https:\/\/sites.google.com\/site\/proyectolinguisticollanes\/\" target=\"_blank\" rel=\"noopener noreferrer\">PLC IES Llanes, Sevilla Proyecto Ling\u00fc\u00edstico IES Llanes, Sevilla<\/a><\/li>\n<li><a href=\"https:\/\/actividadesprimaria.wordpress.com\/2010\/11\/03\/proyecto-linguistico-de-centro\/\" target=\"_blank\" rel=\"noopener noreferrer\">PLC Recursos Educativos para Infantil y Primaria Andaluc\u00eda, 2011\/12<\/a><\/li>\n<li><a href=\"http:\/\/proyectolinguistico.webnode.es\/\" target=\"_blank\" rel=\"noopener noreferrer\">PLC Miguel Calvillo<\/a><\/li>\n<li><a href=\"https:\/\/es.scribd.com\/doc\/39591040\/El-Proyecto-Linguistico-en-un-centro-educativo\" target=\"_blank\" rel=\"noopener noreferrer\">La experiencia del PL en un centro educativo. Mercedes Laguna Gonz\u00e1lez<\/a><\/li>\n<li><a href=\"http:\/\/fernandotrujillo.es\/como-disenar-un-proyecto-linguistico-de-centro\/\" target=\"_blank\" rel=\"noopener noreferrer\">C\u00f3mo dise\u00f1ar un Proyecto Ling\u00fc\u00edstico de Centro. Fernando Trujillo.<\/a> Ver el resto de entradas en la etiqueta Proyecto Ling\u00fc\u00edstico de Centro.<\/li>\n<\/ul>\n","protected":false},"excerpt":{"rendered":"<p>Programa para el desarrollo de la competencia en comunicaci\u00f3n ling\u00fc\u00edstica (novedades CEJA 26 de julio de 2017) Proyecto Ling\u00fc\u00edstico de Centro en el Portal de Lectura y Bibliotecas Escolares PLC Colabora ARCEnautas. CEP de&#46;&#46;&#46;<\/p>\n","protected":false},"author":1252,"featured_media":0,"parent":0,"menu_order":0,"comment_status":"open","ping_status":"closed","template":"","meta":{"ngg_post_thumbnail":0,"footnotes":""},"aioseo_notices":[],"_links":{"self":[{"href":"https:\/\/blogsaverroes.juntadeandalucia.es\/centrosbilinguessevilla\/wp-json\/wp\/v2\/pages\/32"}],"collection":[{"href":"https:\/\/blogsaverroes.juntadeandalucia.es\/centrosbilinguessevilla\/wp-json\/wp\/v2\/pages"}],"about":[{"href":"https:\/\/blogsaverroes.juntadeandalucia.es\/centrosbilinguessevilla\/wp-json\/wp\/v2\/types\/page"}],"author":[{"embeddable":true,"href":"https:\/\/blogsaverroes.juntadeandalucia.es\/centrosbilinguessevilla\/wp-json\/wp\/v2\/users\/1252"}],"replies":[{"embeddable":true,"href":"https:\/\/blogsaverroes.juntadeandalucia.es\/centrosbilinguessevilla\/wp-json\/wp\/v2\/comments?post=32"}],"version-history":[{"count":16,"href":"https:\/\/blogsaverroes.juntadeandalucia.es\/centrosbilinguessevilla\/wp-json\/wp\/v2\/pages\/32\/revisions"}],"predecessor-version":[{"id":2224,"href":"https:\/\/blogsaverroes.juntadeandalucia.es\/centrosbilinguessevilla\/wp-json\/wp\/v2\/pages\/32\/revisions\/2224"}],"wp:attachment":[{"href":"https:\/\/blogsaverroes.juntadeandalucia.es\/centrosbilinguessevilla\/wp-json\/wp\/v2\/media?parent=32"}],"curies":[{"name":"wp","href":"https:\/\/api.w.org\/{rel}","templated":true}]}}