{"id":2819,"date":"2017-10-02T11:30:24","date_gmt":"2017-10-02T11:30:24","guid":{"rendered":"https:\/\/blogsaverroes.juntadeandalucia.es\/cepdebaza\/?page_id=2819"},"modified":"2017-10-06T05:33:24","modified_gmt":"2017-10-06T05:33:24","slug":"dando-la-lata-con-las-tics","status":"publish","type":"page","link":"https:\/\/blogsaverroes.juntadeandalucia.es\/cepdebaza\/30-aniversario-del-cep-de-baza\/dando-la-lata-con-las-tics\/","title":{"rendered":"Dando la lata con el patrimonio"},"content":{"rendered":"<p><span style=\"color: #800000\"><strong>Proyecto Alhanda<\/strong><\/span><\/p>\n<p style=\"text-align: center\">[youtube https:\/\/www.youtube.com\/watch?v=DcOx3GUIDwY&amp;w=560&amp;h=314]<\/p>\n<p style=\"text-align: justify\"><strong>&nbsp;&nbsp;&nbsp;&nbsp;&nbsp; Miguel \u00c1valos<\/strong>, docente con gran capacidad art\u00edstica del <strong>CEIP Santo \u00c1ngel de Z\u00fajar<\/strong> nos ha presentado una experiencia-buena pr\u00e1ctica&nbsp; que nos puede servir de modelo del trabajo en el aula a trav\u00e9s de un enfoque competencial, tomando como eje el patrimonio. Dos competencias clave se ponen en juego en esta experiencia: <strong>competencias b\u00e1sicas en ciencia y tecnolog\u00eda<\/strong> y <strong>Conciencia y expresiones culturales<\/strong>. En la primera ha sabido fomentar las destrezas que permiten utilizar y manipular herramientas tecnol\u00f3gicas, as\u00ed como utilizar datos y procesos cient\u00edficos para alcanzar un objetivo; han identificado preguntas, resuelto problemas, han llegado a una conclusi\u00f3n y han tomado decisiones basadas en pruebas y argumentos.<\/p>\n<p style=\"text-align: justify\">&nbsp;&nbsp;&nbsp;&nbsp;&nbsp; Con respecto a la competencia de conciencia y expresi\u00f3n cultural, Miguel, junto con su alumnado, ha sabido asimilar los conocimientos que le han permitido acceder a las distintas manifestaciones sobre la herencia cultural a escala local y nacional, al tiempo que han incorporado el conocimiento b\u00e1sico de las principales t\u00e9cnicas y recursos de los diferentes lenguajes art\u00edsticos, manifestando un gran inter\u00e9s por la participaci\u00f3n en la vida cultural contribuyendo a la conservaci\u00f3n del patrimonio cultural y art\u00edstico, tanto de la propia comunidad como de otras comunidades. En definitiva un buen ejemplo de c\u00f3mo contextualizar el conocimiento, enhorabuena por el trabajo realizado.<\/p>\n<p>&nbsp;<\/p>\n<p><a href=\"https:\/\/blogsaverroes.juntadeandalucia.es\/cepdebaza\/files\/2017\/10\/Fotos-1.jpg\"><img fetchpriority=\"high\" decoding=\"async\" width=\"683\" height=\"698\" class=\"aligncenter wp-image-2889 size-full\" alt=\"\" src=\"https:\/\/blogsaverroes.juntadeandalucia.es\/cepdebaza\/files\/2017\/10\/Fotos-1-e1507267995687.jpg\" srcset=\"https:\/\/blogsaverroes.juntadeandalucia.es\/cepdebaza\/files\/2017\/10\/Fotos-1-e1507267995687.jpg 683w, https:\/\/blogsaverroes.juntadeandalucia.es\/cepdebaza\/files\/2017\/10\/Fotos-1-e1507267995687-294x300.jpg 294w, https:\/\/blogsaverroes.juntadeandalucia.es\/cepdebaza\/files\/2017\/10\/Fotos-1-e1507267995687-24x24.jpg 24w, https:\/\/blogsaverroes.juntadeandalucia.es\/cepdebaza\/files\/2017\/10\/Fotos-1-e1507267995687-36x36.jpg 36w, https:\/\/blogsaverroes.juntadeandalucia.es\/cepdebaza\/files\/2017\/10\/Fotos-1-e1507267995687-48x48.jpg 48w\" sizes=\"(max-width: 683px) 100vw, 683px\" \/><\/a><\/p>\n<p><a href=\"https:\/\/blogsaverroes.juntadeandalucia.es\/cepdebaza\/files\/2017\/10\/Fotos-3.jpg\"><img decoding=\"async\" width=\"720\" height=\"196\" class=\"aligncenter wp-image-2890 size-large\" alt=\"\" src=\"https:\/\/blogsaverroes.juntadeandalucia.es\/cepdebaza\/files\/2017\/10\/Fotos-3-1024x279.jpg\" srcset=\"https:\/\/blogsaverroes.juntadeandalucia.es\/cepdebaza\/files\/2017\/10\/Fotos-3-1024x279.jpg 1024w, https:\/\/blogsaverroes.juntadeandalucia.es\/cepdebaza\/files\/2017\/10\/Fotos-3-300x82.jpg 300w, https:\/\/blogsaverroes.juntadeandalucia.es\/cepdebaza\/files\/2017\/10\/Fotos-3-768x210.jpg 768w, https:\/\/blogsaverroes.juntadeandalucia.es\/cepdebaza\/files\/2017\/10\/Fotos-3-24x7.jpg 24w, https:\/\/blogsaverroes.juntadeandalucia.es\/cepdebaza\/files\/2017\/10\/Fotos-3-36x10.jpg 36w, https:\/\/blogsaverroes.juntadeandalucia.es\/cepdebaza\/files\/2017\/10\/Fotos-3-48x13.jpg 48w, https:\/\/blogsaverroes.juntadeandalucia.es\/cepdebaza\/files\/2017\/10\/Fotos-3.jpg 1600w\" sizes=\"(max-width: 720px) 100vw, 720px\" \/><\/a><\/p>\n<p><a href=\"https:\/\/blogsaverroes.juntadeandalucia.es\/cepdebaza\/files\/2017\/10\/Presentaci\u00f3n-Miguel-J.-\u00c1valos.pdf\">Presentaci\u00f3n Miguel J. \u00c1valos<\/a><\/p>\n","protected":false},"excerpt":{"rendered":"<p>Proyecto Alhanda [youtube https:\/\/www.youtube.com\/watch?v=DcOx3GUIDwY&amp;w=560&amp;h=314] &nbsp;&nbsp;&nbsp;&nbsp;&nbsp; Miguel \u00c1valos, docente con gran capacidad art\u00edstica del CEIP Santo \u00c1ngel de Z\u00fajar nos ha presentado una experiencia-buena pr\u00e1ctica&nbsp; que&hellip;<\/p>\n","protected":false},"author":5198,"featured_media":0,"parent":2697,"menu_order":0,"comment_status":"closed","ping_status":"closed","template":"","meta":{"ngg_post_thumbnail":0,"footnotes":"","_mc_calendar":[]},"aioseo_notices":[],"_links":{"self":[{"href":"https:\/\/blogsaverroes.juntadeandalucia.es\/cepdebaza\/wp-json\/wp\/v2\/pages\/2819"}],"collection":[{"href":"https:\/\/blogsaverroes.juntadeandalucia.es\/cepdebaza\/wp-json\/wp\/v2\/pages"}],"about":[{"href":"https:\/\/blogsaverroes.juntadeandalucia.es\/cepdebaza\/wp-json\/wp\/v2\/types\/page"}],"author":[{"embeddable":true,"href":"https:\/\/blogsaverroes.juntadeandalucia.es\/cepdebaza\/wp-json\/wp\/v2\/users\/5198"}],"replies":[{"embeddable":true,"href":"https:\/\/blogsaverroes.juntadeandalucia.es\/cepdebaza\/wp-json\/wp\/v2\/comments?post=2819"}],"version-history":[{"count":8,"href":"https:\/\/blogsaverroes.juntadeandalucia.es\/cepdebaza\/wp-json\/wp\/v2\/pages\/2819\/revisions"}],"predecessor-version":[{"id":2926,"href":"https:\/\/blogsaverroes.juntadeandalucia.es\/cepdebaza\/wp-json\/wp\/v2\/pages\/2819\/revisions\/2926"}],"up":[{"embeddable":true,"href":"https:\/\/blogsaverroes.juntadeandalucia.es\/cepdebaza\/wp-json\/wp\/v2\/pages\/2697"}],"wp:attachment":[{"href":"https:\/\/blogsaverroes.juntadeandalucia.es\/cepdebaza\/wp-json\/wp\/v2\/media?parent=2819"}],"curies":[{"name":"wp","href":"https:\/\/api.w.org\/{rel}","templated":true}]}}

<p><span style="color: #800000"><strong>Proyecto Alhanda</strong></span></p>
<p style="text-align: center">[youtube https://www.youtube.com/watch?v=DcOx3GUIDwY&amp;w=560&amp;h=314]</p>
<p style="text-align: justify"><strong>&nbsp;&nbsp;&nbsp;&nbsp;&nbsp; Miguel Ávalos</strong>, docente con gran capacidad artística del <strong>CEIP Santo Ángel de Zújar</strong> nos ha presentado una experiencia-buena práctica&nbsp; que nos puede servir de modelo del trabajo en el aula a través de un enfoque competencial, tomando como eje el patrimonio. Dos competencias clave se ponen en juego en esta experiencia: <strong>competencias básicas en ciencia y tecnología</strong> y <strong>Conciencia y expresiones culturales</strong>. En la primera ha sabido fomentar las destrezas que permiten utilizar y manipular herramientas tecnológicas, así como utilizar datos y procesos científicos para alcanzar un objetivo; han identificado preguntas, resuelto problemas, han llegado a una conclusión y han tomado decisiones basadas en pruebas y argumentos.</p>
<p style="text-align: justify">&nbsp;&nbsp;&nbsp;&nbsp;&nbsp; Con respecto a la competencia de conciencia y expresión cultural, Miguel, junto con su alumnado, ha sabido asimilar los conocimientos que le han permitido acceder a las distintas manifestaciones sobre la herencia cultural a escala local y nacional, al tiempo que han incorporado el conocimiento básico de las principales técnicas y recursos de los diferentes lenguajes artísticos, manifestando un gran interés por la participación en la vida cultural contribuyendo a la conservación del patrimonio cultural y artístico, tanto de la propia comunidad como de otras comunidades. En definitiva un buen ejemplo de cómo contextualizar el conocimiento, enhorabuena por el trabajo realizado.</p>
<p>&nbsp;</p>
<p><a href="https://blogsaverroes.juntadeandalucia.es/cepdebaza/files/2017/10/Fotos-1.jpg"><img fetchpriority="high" decoding="async" width="683" height="698" class="aligncenter wp-image-2889 size-full" alt="" src="https://blogsaverroes.juntadeandalucia.es/cepdebaza/files/2017/10/Fotos-1-e1507267995687.jpg" srcset="https://blogsaverroes.juntadeandalucia.es/cepdebaza/files/2017/10/Fotos-1-e1507267995687.jpg 683w, https://blogsaverroes.juntadeandalucia.es/cepdebaza/files/2017/10/Fotos-1-e1507267995687-294x300.jpg 294w, https://blogsaverroes.juntadeandalucia.es/cepdebaza/files/2017/10/Fotos-1-e1507267995687-24x24.jpg 24w, https://blogsaverroes.juntadeandalucia.es/cepdebaza/files/2017/10/Fotos-1-e1507267995687-36x36.jpg 36w, https://blogsaverroes.juntadeandalucia.es/cepdebaza/files/2017/10/Fotos-1-e1507267995687-48x48.jpg 48w" sizes="(max-width: 683px) 100vw, 683px" /></a></p>
<p><a href="https://blogsaverroes.juntadeandalucia.es/cepdebaza/files/2017/10/Fotos-3.jpg"><img decoding="async" width="720" height="196" class="aligncenter wp-image-2890 size-large" alt="" src="https://blogsaverroes.juntadeandalucia.es/cepdebaza/files/2017/10/Fotos-3-1024x279.jpg" srcset="https://blogsaverroes.juntadeandalucia.es/cepdebaza/files/2017/10/Fotos-3-1024x279.jpg 1024w, https://blogsaverroes.juntadeandalucia.es/cepdebaza/files/2017/10/Fotos-3-300x82.jpg 300w, https://blogsaverroes.juntadeandalucia.es/cepdebaza/files/2017/10/Fotos-3-768x210.jpg 768w, https://blogsaverroes.juntadeandalucia.es/cepdebaza/files/2017/10/Fotos-3-24x7.jpg 24w, https://blogsaverroes.juntadeandalucia.es/cepdebaza/files/2017/10/Fotos-3-36x10.jpg 36w, https://blogsaverroes.juntadeandalucia.es/cepdebaza/files/2017/10/Fotos-3-48x13.jpg 48w, https://blogsaverroes.juntadeandalucia.es/cepdebaza/files/2017/10/Fotos-3.jpg 1600w" sizes="(max-width: 720px) 100vw, 720px" /></a></p>
<p><a href="https://blogsaverroes.juntadeandalucia.es/cepdebaza/files/2017/10/Presentación-Miguel-J.-Ávalos.pdf">Presentación Miguel J. Ávalos</a></p>

<p>Proyecto Alhanda [youtube https://www.youtube.com/watch?v=DcOx3GUIDwY&amp;w=560&amp;h=314] &nbsp;&nbsp;&nbsp;&nbsp;&nbsp; Miguel Ávalos, docente con gran capacidad artística del CEIP Santo Ángel de Zújar nos ha presentado una experiencia-buena práctica&nbsp; que&hellip;</p>
