{"id":4576,"date":"2020-09-22T16:11:50","date_gmt":"2020-09-22T16:11:50","guid":{"rendered":"https:\/\/blogsaverroes.juntadeandalucia.es\/cepdebaza\/?page_id=4576"},"modified":"2022-10-15T23:37:46","modified_gmt":"2022-10-15T23:37:46","slug":"autoformacion","status":"publish","type":"page","link":"https:\/\/blogsaverroes.juntadeandalucia.es\/cepdebaza\/autoformacion\/","title":{"rendered":"Autoformaci\u00f3n"},"content":{"rendered":"<p style=\"text-align: justify\">La formaci\u00f3n del profesorado constituye un elemento fundamental para dar respuesta a los nuevos retos educativos que plantea la sociedad actual, siendo el factor clave para conseguir la mejora de la competencia profesional de los docentes y contribuyendo, en consecuencia, al desarrollo de una ense\u00f1anza de calidad y equidad.<\/p>\n<p style=\"text-align: justify\">La formaci\u00f3n permanente del profesorado se desarrollar\u00e1 principalmente mediante estrategias que apoyen la autoformaci\u00f3n para estimular el trabajo cooperativo y el intercambio profesional, la difusi\u00f3n del conocimiento para la creaci\u00f3n de redes profesionales y el aprendizaje a trav\u00e9s de las buenas pr\u00e1cticas. Por consiguiente, las actividades de autoformaci\u00f3n se adaptar\u00e1n a las necesidades y demandas del profesorado de los centros educativos a trav\u00e9s de la constituci\u00f3n de <strong>Grupos de Trabajo<\/strong>, proyectos de <strong>Formaci\u00f3n en Centro<\/strong> o bien de Proyectos de Formaci\u00f3n Espec\u00edfica en Centro vinculados a programas para la innovaci\u00f3n educativa.<\/p>\n<p style=\"text-align: justify\">Las modalidades formativas contextualizadas en el centro y basadas en el an\u00e1lisis y la reflexi\u00f3n para la mejora de la pr\u00e1ctica docente constituir\u00e1n la actuaci\u00f3n preferente de los Centros del Profesorado y las modalidades prioritarias de los planes de formaci\u00f3n de los centros educativos.<\/p>\n<p style=\"text-align: justify\">Esta abierto el plazo para la solicitud de proyectos de autoformaci\u00f3n en el centro para el curso 2022-23, a continuaci\u00f3n <a href=\"https:\/\/drive.google.com\/file\/d\/1MqJDsl0qBTmKGXCjkhQXmWZBQkUzMQO4\/view\"><strong>pinchando aqu\u00ed <\/strong><\/a>&nbsp;podr\u00e1s encontrar un tutorial para constituirlos y el modo de solicitarlos a trav\u00e9s de <a href=\"https:\/\/seneca.juntadeandalucia.es\/seneca\/jsp\/portal\/\">S\u00e9neca<\/a>.<\/p>\n<p style=\"text-align: justify\">&nbsp;<\/p>\n<p>&nbsp;<\/p>\n<p>&nbsp;<\/p>\n<p>&nbsp;<\/p>\n<p>&nbsp;<\/p>\n<p>&nbsp;<\/p>\n<table style=\"border-collapse: collapse;width: 100%\">\n<tbody>\n<tr>\n<td style=\"width: 50%\">&nbsp;<\/td>\n<td style=\"width: 50%\">&nbsp;<\/td>\n<\/tr>\n<tr>\n<td style=\"width: 50%\">&nbsp;<\/td>\n<td style=\"width: 50%\">&nbsp;<\/td>\n<\/tr>\n<\/tbody>\n<\/table>\n<p>&nbsp;<\/p>\n","protected":false},"excerpt":{"rendered":"<p>La formaci\u00f3n del profesorado constituye un elemento fundamental para dar respuesta a los nuevos retos educativos que plantea la sociedad actual, siendo el factor clave&hellip;<\/p>\n","protected":false},"author":5198,"featured_media":0,"parent":0,"menu_order":0,"comment_status":"closed","ping_status":"closed","template":"","meta":{"ngg_post_thumbnail":0,"footnotes":"","_mc_calendar":[]},"aioseo_notices":[],"_links":{"self":[{"href":"https:\/\/blogsaverroes.juntadeandalucia.es\/cepdebaza\/wp-json\/wp\/v2\/pages\/4576"}],"collection":[{"href":"https:\/\/blogsaverroes.juntadeandalucia.es\/cepdebaza\/wp-json\/wp\/v2\/pages"}],"about":[{"href":"https:\/\/blogsaverroes.juntadeandalucia.es\/cepdebaza\/wp-json\/wp\/v2\/types\/page"}],"author":[{"embeddable":true,"href":"https:\/\/blogsaverroes.juntadeandalucia.es\/cepdebaza\/wp-json\/wp\/v2\/users\/5198"}],"replies":[{"embeddable":true,"href":"https:\/\/blogsaverroes.juntadeandalucia.es\/cepdebaza\/wp-json\/wp\/v2\/comments?post=4576"}],"version-history":[{"count":25,"href":"https:\/\/blogsaverroes.juntadeandalucia.es\/cepdebaza\/wp-json\/wp\/v2\/pages\/4576\/revisions"}],"predecessor-version":[{"id":4944,"href":"https:\/\/blogsaverroes.juntadeandalucia.es\/cepdebaza\/wp-json\/wp\/v2\/pages\/4576\/revisions\/4944"}],"wp:attachment":[{"href":"https:\/\/blogsaverroes.juntadeandalucia.es\/cepdebaza\/wp-json\/wp\/v2\/media?parent=4576"}],"curies":[{"name":"wp","href":"https:\/\/api.w.org\/{rel}","templated":true}]}}

Autoformación

<p style="text-align: justify">La formación del profesorado constituye un elemento fundamental para dar respuesta a los nuevos retos educativos que plantea la sociedad actual, siendo el factor clave para conseguir la mejora de la competencia profesional de los docentes y contribuyendo, en consecuencia, al desarrollo de una enseñanza de calidad y equidad.</p>
<p style="text-align: justify">La formación permanente del profesorado se desarrollará principalmente mediante estrategias que apoyen la autoformación para estimular el trabajo cooperativo y el intercambio profesional, la difusión del conocimiento para la creación de redes profesionales y el aprendizaje a través de las buenas prácticas. Por consiguiente, las actividades de autoformación se adaptarán a las necesidades y demandas del profesorado de los centros educativos a través de la constitución de <strong>Grupos de Trabajo</strong>, proyectos de <strong>Formación en Centro</strong> o bien de Proyectos de Formación Específica en Centro vinculados a programas para la innovación educativa.</p>
<p style="text-align: justify">Las modalidades formativas contextualizadas en el centro y basadas en el análisis y la reflexión para la mejora de la práctica docente constituirán la actuación preferente de los Centros del Profesorado y las modalidades prioritarias de los planes de formación de los centros educativos.</p>
<p style="text-align: justify">Esta abierto el plazo para la solicitud de proyectos de autoformación en el centro para el curso 2022-23, a continuación <a href="https://drive.google.com/file/d/1MqJDsl0qBTmKGXCjkhQXmWZBQkUzMQO4/view"><strong>pinchando aquí </strong></a>&nbsp;podrás encontrar un tutorial para constituirlos y el modo de solicitarlos a través de <a href="https://seneca.juntadeandalucia.es/seneca/jsp/portal/">Séneca</a>.</p>
<p style="text-align: justify">&nbsp;</p>
<p>&nbsp;</p>
<p>&nbsp;</p>
<p>&nbsp;</p>
<p>&nbsp;</p>
<p>&nbsp;</p>
<table style="border-collapse: collapse;width: 100%">
<tbody>
<tr>
<td style="width: 50%">&nbsp;</td>
<td style="width: 50%">&nbsp;</td>
</tr>
<tr>
<td style="width: 50%">&nbsp;</td>
<td style="width: 50%">&nbsp;</td>
</tr>
</tbody>
</table>
<p>&nbsp;</p>

<p>La formación del profesorado constituye un elemento fundamental para dar respuesta a los nuevos retos educativos que plantea la sociedad actual, siendo el factor clave&hellip;</p>
