{"id":4849,"date":"2022-03-07T12:04:49","date_gmt":"2022-03-07T12:04:49","guid":{"rendered":"https:\/\/blogsaverroes.juntadeandalucia.es\/cepdebaza\/?page_id=4849"},"modified":"2025-05-07T11:46:12","modified_gmt":"2025-05-07T11:46:12","slug":"ceip-san-jose-de-calasanz","status":"publish","type":"page","link":"https:\/\/blogsaverroes.juntadeandalucia.es\/cepdebaza\/ceip-san-jose-de-calasanz\/","title":{"rendered":"C+ CEIP San Jos\u00e9 de Calasanz 21\/22"},"content":{"rendered":"<table style=\"height: 248px;width: 100%;border-collapse: collapse;border-color: #000000\">\n<tbody>\n<tr style=\"height: 30px\">\n<td style=\"width: 1311px;background-color: #0f38db;height: 43px;text-align: center\"><span style=\"color: #ffffff\"><strong>T\u00cdTULO:<\/strong>&nbsp; &nbsp; FOMENTAMOS&nbsp; CONVIVENCIA<\/span><\/td>\n<\/tr>\n<tr style=\"height: 24px\">\n<td style=\"width: 1311px;background-color: #2390de;height: 24px;text-align: center\"><strong><span style=\"color: #ffffff\">RESPONSABLES:&nbsp; &nbsp;<\/span><\/strong><span style=\"color: #ffffff\">EQUIPO DOCENTE CEIP SAN JOS\u00c9 DE CALASANZ&nbsp; &nbsp; &nbsp;<\/span><\/td>\n<\/tr>\n<tr style=\"height: 37px\">\n<td style=\"width: 1311px;background-color: #c956f0;height: 28px;text-align: left\"><span style=\"color: #ffffff\"><strong>DESCRIPCI\u00d3N:<\/strong><\/span><\/td>\n<\/tr>\n<tr style=\"height: 24px\">\n<td style=\"width: 1311px;height: 24px;text-align: left\"><span style=\"color: #000000\">Son muchas las actividades que se han realizado en el centro con el fin de favorecer en todo momento la convivencia. Estas actividades no est\u00e1n aisladas, se han relacionado con cada una de las efem\u00e9rides a realizar, coordinadas con los dem\u00e1s planes proyectos, programadas en tiempos adecuados y sobre todo con un eje en com\u00fan : LA CONVIVENCIA + Y A RESOLUCI\u00d3N DE CONFLICTOS<\/span><br \/>\n<span style=\"color: #000000\">&#8211; Creamos nuestra sala de yoga con el fin de buscar un espacio donde el alumnado pueda relajarse y meditar ante un conflicto. Posteriormente se dialoga y se proponen las medidas para su soluci\u00f3n.<\/span><br \/>\n<span style=\"color: #000000\">&#8211; Actividades donde la participaci\u00f3n de la familia sea lo principal. Destacar el d\u00eda de la familia y los dem\u00e1s d\u00edas de convivencia con ella a lo largo del curso acad\u00e9mico.<\/span><br \/>\n<span style=\"color: #000000\">&#8211; Canciones y exposiciones donde la lengua de signos est\u00e1 presente. Todas las efem\u00e9rides celebradas en el centro han tenido una adaptaci\u00f3n total.<\/span><br \/>\n<span style=\"color: #000000\">&#8211; Carrera solidaria PARA LA CELEBRACI\u00d3N DEL D\u00cdA DE LA PAZ.<\/span><br \/>\n<span style=\"color: #000000\">&#8211; Visionado de videos, opiniones escritas, asambleas diarias y actividades por clase (todas recogidas en un genially) para destacar el d\u00eda mundial de la infancia, 20 de noviembre.<\/span><\/td>\n<\/tr>\n<tr style=\"height: 36px\">\n<td style=\"width: 1311px;background-color: #b64cd9;height: 27px;text-align: left\"><span style=\"color: #ffffff\"><strong>OBJETIVOS:<\/strong><\/span><\/td>\n<\/tr>\n<tr style=\"height: 24px\">\n<td style=\"width: 1311px;height: 24px;text-align: left\"><span style=\"color: #000000\">-Promover el esp\u00edritu de equipo y el sentimiento de pertenencia a un grupo sobre la base del respeto.<\/span><br \/>\n<span style=\"color: #000000\">-Potenciar el desarrollo de juegos que garanticen la igualdad entre ni\u00f1os y ni\u00f1os.<\/span><br \/>\n<span style=\"color: #000000\">-Fomentar el di\u00e1logo como veh\u00edculo para resolver conflictos.<\/span><br \/>\n<span style=\"color: #000000\">-Evitar los casos de ni\u00f1os\/as aislados en los recreos.<\/span><br \/>\n<span style=\"color: #000000\">-Crear h\u00e1bitos de respeto y convivencia positiva con el entorno.<\/span><\/td>\n<\/tr>\n<tr style=\"height: 39px\">\n<td style=\"width: 1311px;background-color: #b64cd9;height: 30px;text-align: left\"><span style=\"color: #ffffff\"><strong>Enlaces de inter\u00e9s de las actividades desarrolladas a lo <\/strong><strong>largo del proyecto:<\/strong><\/span><\/td>\n<\/tr>\n<tr style=\"height: 24px\">\n<td style=\"width: 1311px;height: 24px;text-align: left\"><strong><a href=\"https:\/\/www.canva.com\/design\/DAFjBmg920g\/uLae-JOKKF7ksRY6oQ1McA\/view? utm_content=DAFjBmg920g&amp;utm_campaign=designshare&amp;utm_medium=link&amp;utm _source=publishsharelink#1\">https:\/\/www.canva.com\/design\/DAFjBmg920g\/uLae-JOKKF7ksRY6oQ1McA\/view utm_content=DAFjBmg920g&amp;utm_campaign=designshare&amp;utm_medium=link&amp;utm_source=publishsharelink#1<\/a><\/strong><\/td>\n<\/tr>\n<tr style=\"height: 24px\">\n<td style=\"width: 1311px;height: 24px\"><a href=\"https:\/\/blogsaverroes.juntadeandalucia.es\/cepdebaza\/files\/2023\/07\/CEIP-SAN-JOSE-DE-CALASANZ.jpg\"><img fetchpriority=\"high\" decoding=\"async\" class=\"wp-image-4987 aligncenter\" src=\"https:\/\/blogsaverroes.juntadeandalucia.es\/cepdebaza\/files\/2023\/07\/CEIP-SAN-JOSE-DE-CALASANZ.jpg\" alt=\"\" width=\"720\" height=\"389\" srcset=\"https:\/\/blogsaverroes.juntadeandalucia.es\/cepdebaza\/files\/2023\/07\/CEIP-SAN-JOSE-DE-CALASANZ.jpg 1600w, https:\/\/blogsaverroes.juntadeandalucia.es\/cepdebaza\/files\/2023\/07\/CEIP-SAN-JOSE-DE-CALASANZ-300x162.jpg 300w, https:\/\/blogsaverroes.juntadeandalucia.es\/cepdebaza\/files\/2023\/07\/CEIP-SAN-JOSE-DE-CALASANZ-1024x553.jpg 1024w, https:\/\/blogsaverroes.juntadeandalucia.es\/cepdebaza\/files\/2023\/07\/CEIP-SAN-JOSE-DE-CALASANZ-768x415.jpg 768w, https:\/\/blogsaverroes.juntadeandalucia.es\/cepdebaza\/files\/2023\/07\/CEIP-SAN-JOSE-DE-CALASANZ-1536x830.jpg 1536w\" sizes=\"(max-width: 720px) 100vw, 720px\" \/><\/a><\/td>\n<\/tr>\n<\/tbody>\n<\/table>\n","protected":false},"excerpt":{"rendered":"<p>T\u00cdTULO:&nbsp; &nbsp; FOMENTAMOS&nbsp; CONVIVENCIA RESPONSABLES:&nbsp; &nbsp;EQUIPO DOCENTE CEIP SAN JOS\u00c9 DE CALASANZ&nbsp; &nbsp; &nbsp; DESCRIPCI\u00d3N: Son muchas las actividades que se han realizado en el&hellip;<\/p>\n","protected":false},"author":5198,"featured_media":0,"parent":0,"menu_order":0,"comment_status":"closed","ping_status":"closed","template":"","meta":{"ngg_post_thumbnail":0,"footnotes":"","_mc_calendar":[]},"aioseo_notices":[],"_links":{"self":[{"href":"https:\/\/blogsaverroes.juntadeandalucia.es\/cepdebaza\/wp-json\/wp\/v2\/pages\/4849"}],"collection":[{"href":"https:\/\/blogsaverroes.juntadeandalucia.es\/cepdebaza\/wp-json\/wp\/v2\/pages"}],"about":[{"href":"https:\/\/blogsaverroes.juntadeandalucia.es\/cepdebaza\/wp-json\/wp\/v2\/types\/page"}],"author":[{"embeddable":true,"href":"https:\/\/blogsaverroes.juntadeandalucia.es\/cepdebaza\/wp-json\/wp\/v2\/users\/5198"}],"replies":[{"embeddable":true,"href":"https:\/\/blogsaverroes.juntadeandalucia.es\/cepdebaza\/wp-json\/wp\/v2\/comments?post=4849"}],"version-history":[{"count":9,"href":"https:\/\/blogsaverroes.juntadeandalucia.es\/cepdebaza\/wp-json\/wp\/v2\/pages\/4849\/revisions"}],"predecessor-version":[{"id":5102,"href":"https:\/\/blogsaverroes.juntadeandalucia.es\/cepdebaza\/wp-json\/wp\/v2\/pages\/4849\/revisions\/5102"}],"wp:attachment":[{"href":"https:\/\/blogsaverroes.juntadeandalucia.es\/cepdebaza\/wp-json\/wp\/v2\/media?parent=4849"}],"curies":[{"name":"wp","href":"https:\/\/api.w.org\/{rel}","templated":true}]}}