{"id":2706,"date":"2020-11-26T19:08:54","date_gmt":"2020-11-26T18:08:54","guid":{"rendered":"https:\/\/blogsaverroes.juntadeandalucia.es\/ceper-alsadif\/?page_id=2706"},"modified":"2020-12-02T18:46:55","modified_gmt":"2020-12-02T17:46:55","slug":"quienes-somos","status":"publish","type":"page","link":"https:\/\/blogsaverroes.juntadeandalucia.es\/ceper-alsadif\/quienes-somos\/","title":{"rendered":"\u00bfQui\u00e9nes somos?"},"content":{"rendered":"<h3 style=\"text-align: center\">\u00bfQui\u00e9nes somos?<\/h3>\n<p style=\"text-align: justify\">Somos un centro educativo p\u00fablico perteneciente a la red de centros de educaci\u00f3n permanente de la Consejer\u00eda de Educaci\u00f3n de la Junta de Andaluc\u00eda.<\/p>\n<p style=\"text-align: justify\">El CEPER al-Sadif est\u00e1 formado por un centro principal en Palma del R\u00edo (C\u00f3rdoba) del que depende una secci\u00f3n&nbsp; en Hornachuelos y un aula anexa en El Moh\u00edno.<\/p>\n<p style=\"text-align: justify\">Ofrecemos desde hace m\u00e1s de 35 a\u00f1os, varias actuaciones que tratan de cubrir las diferentes necesidades de los alumnos\/as seg\u00fan su formaci\u00f3n o conocimientos previos y los objetivos que quieran alcanzar.<\/p>\n<p style=\"text-align: justify\">&nbsp;<\/p>\n<p><a href=\"https:\/\/blogsaverroes.juntadeandalucia.es\/ceper-alsadif\/files\/2020\/11\/Screenshot_1.png\"><img loading=\"lazy\" decoding=\"async\" class=\"size-medium wp-image-2664 aligncenter\" src=\"https:\/\/blogsaverroes.juntadeandalucia.es\/ceper-alsadif\/files\/2020\/11\/Screenshot_1-300x282.png\" alt=\"\" width=\"300\" height=\"282\" srcset=\"https:\/\/blogsaverroes.juntadeandalucia.es\/ceper-alsadif\/files\/2020\/11\/Screenshot_1-300x282.png 300w, https:\/\/blogsaverroes.juntadeandalucia.es\/ceper-alsadif\/files\/2020\/11\/Screenshot_1-24x24.png 24w, https:\/\/blogsaverroes.juntadeandalucia.es\/ceper-alsadif\/files\/2020\/11\/Screenshot_1-36x34.png 36w, https:\/\/blogsaverroes.juntadeandalucia.es\/ceper-alsadif\/files\/2020\/11\/Screenshot_1-48x45.png 48w, https:\/\/blogsaverroes.juntadeandalucia.es\/ceper-alsadif\/files\/2020\/11\/Screenshot_1.png 640w\" sizes=\"(max-width: 300px) 100vw, 300px\" \/><\/a><\/p>\n<p>&nbsp;<\/p>\n","protected":false},"excerpt":{"rendered":"<p>\u00bfQui\u00e9nes somos? Somos un centro educativo p\u00fablico perteneciente a la red de centros de educaci\u00f3n permanente de la Consejer\u00eda de Educaci\u00f3n de la Junta de Andaluc\u00eda. El CEPER al-Sadif est\u00e1 formado por un centro&#46;&#46;&#46;<\/p>\n","protected":false},"author":11457,"featured_media":0,"parent":0,"menu_order":0,"comment_status":"closed","ping_status":"closed","template":"","meta":{"ngg_post_thumbnail":0,"footnotes":"","_mc_calendar":[]},"aioseo_notices":[],"post_mailing_queue_ids":[],"_links":{"self":[{"href":"https:\/\/blogsaverroes.juntadeandalucia.es\/ceper-alsadif\/wp-json\/wp\/v2\/pages\/2706"}],"collection":[{"href":"https:\/\/blogsaverroes.juntadeandalucia.es\/ceper-alsadif\/wp-json\/wp\/v2\/pages"}],"about":[{"href":"https:\/\/blogsaverroes.juntadeandalucia.es\/ceper-alsadif\/wp-json\/wp\/v2\/types\/page"}],"author":[{"embeddable":true,"href":"https:\/\/blogsaverroes.juntadeandalucia.es\/ceper-alsadif\/wp-json\/wp\/v2\/users\/11457"}],"replies":[{"embeddable":true,"href":"https:\/\/blogsaverroes.juntadeandalucia.es\/ceper-alsadif\/wp-json\/wp\/v2\/comments?post=2706"}],"version-history":[{"count":6,"href":"https:\/\/blogsaverroes.juntadeandalucia.es\/ceper-alsadif\/wp-json\/wp\/v2\/pages\/2706\/revisions"}],"predecessor-version":[{"id":2922,"href":"https:\/\/blogsaverroes.juntadeandalucia.es\/ceper-alsadif\/wp-json\/wp\/v2\/pages\/2706\/revisions\/2922"}],"wp:attachment":[{"href":"https:\/\/blogsaverroes.juntadeandalucia.es\/ceper-alsadif\/wp-json\/wp\/v2\/media?parent=2706"}],"curies":[{"name":"wp","href":"https:\/\/api.w.org\/{rel}","templated":true}]}}

¿Quiénes somos?

<h3 style="text-align: center">¿Quiénes somos?</h3>
<p style="text-align: justify">Somos un centro educativo público perteneciente a la red de centros de educación permanente de la Consejería de Educación de la Junta de Andalucía.</p>
<p style="text-align: justify">El CEPER al-Sadif está formado por un centro principal en Palma del Río (Córdoba) del que depende una sección&nbsp; en Hornachuelos y un aula anexa en El Mohíno.</p>
<p style="text-align: justify">Ofrecemos desde hace más de 35 años, varias actuaciones que tratan de cubrir las diferentes necesidades de los alumnos/as según su formación o conocimientos previos y los objetivos que quieran alcanzar.</p>
<p style="text-align: justify">&nbsp;</p>
<p><a href="https://blogsaverroes.juntadeandalucia.es/ceper-alsadif/files/2020/11/Screenshot_1.png"><img loading="lazy" decoding="async" class="size-medium wp-image-2664 aligncenter" src="https://blogsaverroes.juntadeandalucia.es/ceper-alsadif/files/2020/11/Screenshot_1-300x282.png" alt="" width="300" height="282" srcset="https://blogsaverroes.juntadeandalucia.es/ceper-alsadif/files/2020/11/Screenshot_1-300x282.png 300w, https://blogsaverroes.juntadeandalucia.es/ceper-alsadif/files/2020/11/Screenshot_1-24x24.png 24w, https://blogsaverroes.juntadeandalucia.es/ceper-alsadif/files/2020/11/Screenshot_1-36x34.png 36w, https://blogsaverroes.juntadeandalucia.es/ceper-alsadif/files/2020/11/Screenshot_1-48x45.png 48w, https://blogsaverroes.juntadeandalucia.es/ceper-alsadif/files/2020/11/Screenshot_1.png 640w" sizes="(max-width: 300px) 100vw, 300px" /></a></p>
<p>&nbsp;</p>

<p>¿Quiénes somos? Somos un centro educativo público perteneciente a la red de centros de educación permanente de la Consejería de Educación de la Junta de Andalucía. El CEPER al-Sadif está formado por un centro&#46;&#46;&#46;</p>
