{"id":2188,"date":"2026-01-30T13:24:26","date_gmt":"2026-01-30T12:24:26","guid":{"rendered":"https:\/\/blogsaverroes.juntadeandalucia.es\/ceper-el-torcal\/?page_id=2188"},"modified":"2026-03-26T13:19:10","modified_gmt":"2026-03-26T12:19:10","slug":"capacitacion-digital","status":"publish","type":"page","link":"https:\/\/blogsaverroes.juntadeandalucia.es\/ceper-el-torcal\/capacitacion-digital\/","title":{"rendered":"Capacitaci\u00f3n Digital"},"content":{"rendered":"<p>[et_pb_section][et_pb_row][et_pb_column type=&#8221;4_4&#8243;][et_pb_text]<\/p>\n<p>Capacitaci\u00f3n Digital<\/p>\n<p>Nuestro centro forma parte de la Red Andaluza de Capacitaci\u00f3n digital desde el curso 2022<br \/>\nformando a adultos en habilidades digitales&nbsp;que les permiten desenvolverse con normalidad<br \/>\nen el \u00e1mbito telem\u00e1tico, contribuyendo as\u00ed a su desarrollo personal y profesional.<br \/>\nLas&nbsp;acciones formativas&nbsp;son&nbsp;totalmente gratuitas, con una duraci\u00f3n de&nbsp;30 horas, y tienen<br \/>\ncomo principal objetivo reducir la brecha digital entre la ciudadan\u00eda.&nbsp;La formaci\u00f3n,<br \/>\nque&nbsp;continuar\u00e1 en septiembre, est\u00e1&nbsp;abierta a toda la poblaci\u00f3n adulta&nbsp;de Andaluc\u00eda que<br \/>\nquiera mejorar su capacitaci\u00f3n digital,&nbsp;especialmente, a&nbsp;colectivos en riesgo de exclusi\u00f3n<br \/>\ndigital. As\u00ed, los andaluces aprenden a manejar herramientas de comunicaci\u00f3n como el correo<br \/>\nelectr\u00f3nico o las redes sociales, adem\u00e1s de a emplear, entre otras tareas, el certificado digital<br \/>\nen transacciones de la vida cotidiana, desde solicitar una cita m\u00e9dica o el pago de impuestos<br \/>\n\u2018online\u2019.<br \/>\nLeer m\u00e1s<br \/>\nhttps:\/\/www.juntadeandalucia.es\/educacion\/portales\/web\/iacp\/w\/centros-de-capacitacion-<br \/>\ndigital<\/p>\n<p>[\/et_pb_text][\/et_pb_column][\/et_pb_row][\/et_pb_section]<\/p>\n","protected":false},"excerpt":{"rendered":"<p><div class=\"et_pb_section et_pb_section_0 et_section_regular\" >\n\t\t\t\t\n\t\t\t\t\n\t\t\t\t\n\t\t\t\t\n\t\t\t\t\n\t\t\t\t\n\t\t\t\t\n\t\t\t\t\n\t\t\t\t\n\t\t\t<\/div><div class=\"et_pb_row et_pb_row_0 et_pb_row_empty\">\n\t\t\t\t\n\t\t\t\t\n\t\t\t\t\n\t\t\t\t\n\t\t\t\t\n\t\t\t<\/div><div class=\"et_pb_module et_pb_text et_pb_text_0  et_pb_text_align_left et_pb_bg_layout_light\">\n\t\t\t\t\n\t\t\t\t\n\t\t\t\t\n\t\t\t\t\n\t\t\t\t\n\t\t\t<\/div> Capacitaci\u00f3n Digital Nuestro centro forma parte de la Red Andaluza de Capacitaci\u00f3n digital desde el curso 2022 formando a adultos en habilidades digitales&nbsp;que les permiten desenvolverse con normalidad en el \u00e1mbito telem\u00e1tico, contribuyendo as\u00ed a su desarrollo personal y profesional. Las&nbsp;acciones formativas&nbsp;son&nbsp;totalmente gratuitas, con una duraci\u00f3n de&nbsp;30 horas, y tienen como principal objetivo reducir [&hellip;]<\/p>\n","protected":false},"author":17658,"featured_media":0,"parent":0,"menu_order":0,"comment_status":"closed","ping_status":"closed","template":"","meta":{"_et_pb_use_builder":"on","_et_pb_old_content":"<p>Capacitaci\u00f3n Digital<\/p><p>Nuestro centro forma parte de la Red Andaluza de Capacitaci\u00f3n digital desde el curso 2022<br>formando a adultos en habilidades digitales&nbsp;que les permiten desenvolverse con normalidad<br>en el \u00e1mbito telem\u00e1tico, contribuyendo as\u00ed a su desarrollo personal y profesional.<br>Las&nbsp;acciones formativas&nbsp;son&nbsp;totalmente gratuitas, con una duraci\u00f3n de&nbsp;30 horas, y tienen<br>como principal objetivo reducir la brecha digital entre la ciudadan\u00eda.&nbsp;La formaci\u00f3n,<br>que&nbsp;continuar\u00e1 en septiembre, est\u00e1&nbsp;abierta a toda la poblaci\u00f3n adulta&nbsp;de Andaluc\u00eda que<br>quiera mejorar su capacitaci\u00f3n digital,&nbsp;especialmente, a&nbsp;colectivos en riesgo de exclusi\u00f3n<br>digital. As\u00ed, los andaluces aprenden a manejar herramientas de comunicaci\u00f3n como el correo<br>electr\u00f3nico o las redes sociales, adem\u00e1s de a emplear, entre otras tareas, el certificado digital<br>en transacciones de la vida cotidiana, desde solicitar una cita m\u00e9dica o el pago de impuestos<br>\u2018online\u2019.<br>Leer m\u00e1s<br>https:\/\/www.juntadeandalucia.es\/educacion\/portales\/web\/iacp\/w\/centros-de-capacitacion-<br>digital<\/p>","_et_gb_content_width":"","ngg_post_thumbnail":0,"footnotes":""},"aioseo_notices":[],"_links":{"self":[{"href":"https:\/\/blogsaverroes.juntadeandalucia.es\/ceper-el-torcal\/wp-json\/wp\/v2\/pages\/2188"}],"collection":[{"href":"https:\/\/blogsaverroes.juntadeandalucia.es\/ceper-el-torcal\/wp-json\/wp\/v2\/pages"}],"about":[{"href":"https:\/\/blogsaverroes.juntadeandalucia.es\/ceper-el-torcal\/wp-json\/wp\/v2\/types\/page"}],"author":[{"embeddable":true,"href":"https:\/\/blogsaverroes.juntadeandalucia.es\/ceper-el-torcal\/wp-json\/wp\/v2\/users\/17658"}],"replies":[{"embeddable":true,"href":"https:\/\/blogsaverroes.juntadeandalucia.es\/ceper-el-torcal\/wp-json\/wp\/v2\/comments?post=2188"}],"version-history":[{"count":7,"href":"https:\/\/blogsaverroes.juntadeandalucia.es\/ceper-el-torcal\/wp-json\/wp\/v2\/pages\/2188\/revisions"}],"predecessor-version":[{"id":2526,"href":"https:\/\/blogsaverroes.juntadeandalucia.es\/ceper-el-torcal\/wp-json\/wp\/v2\/pages\/2188\/revisions\/2526"}],"wp:attachment":[{"href":"https:\/\/blogsaverroes.juntadeandalucia.es\/ceper-el-torcal\/wp-json\/wp\/v2\/media?parent=2188"}],"curies":[{"name":"wp","href":"https:\/\/api.w.org\/{rel}","templated":true}]}}