{"id":164,"date":"2023-03-21T20:44:05","date_gmt":"2023-03-21T19:44:05","guid":{"rendered":"https:\/\/blogsaverroes.juntadeandalucia.es\/ceper\/?page_id=164"},"modified":"2023-05-27T18:43:16","modified_gmt":"2023-05-27T16:43:16","slug":"ingles","status":"publish","type":"page","link":"https:\/\/blogsaverroes.juntadeandalucia.es\/ceper\/ingles\/","title":{"rendered":"INGL\u00c9S"},"content":{"rendered":"<p><img loading=\"lazy\" decoding=\"async\" class=\"alignnone size-medium wp-image-308 aligncenter\" src=\"https:\/\/blogsaverroes.juntadeandalucia.es\/ceper\/files\/2023\/05\/Captura-de-Pantalla-2023-05-27-a-las-18.02.57-300x161.png\" alt=\"\" width=\"300\" height=\"161\" srcset=\"https:\/\/blogsaverroes.juntadeandalucia.es\/ceper\/files\/2023\/05\/Captura-de-Pantalla-2023-05-27-a-las-18.02.57-300x161.png 300w, https:\/\/blogsaverroes.juntadeandalucia.es\/ceper\/files\/2023\/05\/Captura-de-Pantalla-2023-05-27-a-las-18.02.57-768x413.png 768w, https:\/\/blogsaverroes.juntadeandalucia.es\/ceper\/files\/2023\/05\/Captura-de-Pantalla-2023-05-27-a-las-18.02.57.png 800w\" sizes=\"(max-width: 300px) 100vw, 300px\" \/><\/p>\n<p>En el <span style=\"color: #ff0000\"><strong>CEPER CONCEPCI\u00d3N ARENAL<\/strong><\/span> ofertamos dos niveles de ingl\u00e9s: Ingl\u00e9s B\u00c1SICO e ingl\u00e9s B1 (seg\u00fan marco de referencia europeo de las lenguas). Nuestro objetivo es formar a nuestro alumnado durante uno o dos cursos acad\u00e9micos en Ingl\u00e9s B\u00e1sico para poder dar el salto al nivel B1. En este nivel se forma al alumnado para obtener el certificado B1 mediante las pruebas libres de la EOI de Granada.<\/p>\n<p>M\u00e1s informaci\u00f3n sobre la admisi\u00f3n en la EOI de Granada, aqu\u00ed:&nbsp;<a href=\"https:\/\/www.eoidegranada.org\/secretaria\/admision\/\">https:\/\/www.eoidegranada.org\/secretaria\/admision\/<\/a><\/p>\n<p>Para acceder a m\u00e1s informaci\u00f3n sobre nuestra oferta de ingl\u00e9s b\u00e1sico e ingl\u00e9s B1, pincha en los enlaces:<\/p>\n<p><a href=\"https:\/\/blogsaverroes.juntadeandalucia.es\/ceper\/ingles-basico\/\" target=\"_blank\" rel=\"noopener noreferrer\"><img loading=\"lazy\" decoding=\"async\" class=\"aligncenter wp-image-311\" src=\"https:\/\/blogsaverroes.juntadeandalucia.es\/ceper\/files\/2023\/05\/Captura-de-Pantalla-2023-05-27-a-las-18.10.41-300x204.png\" alt=\"\" width=\"212\" height=\"144\" srcset=\"https:\/\/blogsaverroes.juntadeandalucia.es\/ceper\/files\/2023\/05\/Captura-de-Pantalla-2023-05-27-a-las-18.10.41-300x204.png 300w, https:\/\/blogsaverroes.juntadeandalucia.es\/ceper\/files\/2023\/05\/Captura-de-Pantalla-2023-05-27-a-las-18.10.41.png 504w\" sizes=\"(max-width: 212px) 100vw, 212px\" \/><\/a><\/p>\n<p><a href=\"https:\/\/blogsaverroes.juntadeandalucia.es\/ceper\/ingles-b1\/\" target=\"_blank\" rel=\"noopener noreferrer\"><img loading=\"lazy\" decoding=\"async\" class=\"aligncenter wp-image-313\" src=\"https:\/\/blogsaverroes.juntadeandalucia.es\/ceper\/files\/2023\/05\/Captura-de-Pantalla-2023-05-27-a-las-18.13.46-300x218.png\" alt=\"\" width=\"208\" height=\"152\" srcset=\"https:\/\/blogsaverroes.juntadeandalucia.es\/ceper\/files\/2023\/05\/Captura-de-Pantalla-2023-05-27-a-las-18.13.46-300x218.png 300w, https:\/\/blogsaverroes.juntadeandalucia.es\/ceper\/files\/2023\/05\/Captura-de-Pantalla-2023-05-27-a-las-18.13.46.png 736w\" sizes=\"(max-width: 208px) 100vw, 208px\" \/><\/a><\/p>\n<p>&nbsp;<\/p>\n<hr>\n<p style=\"text-align: center\"><strong><span style=\"color: #000080;font-size: 24pt\">\u00bfQuieres conocer tu nivel de ingl\u00e9s?<\/span><\/strong><\/p>\n<h1 class=\"title\" style=\"text-align: center\">Pincha en la imagen de abajo para poner a prueba tu nivel de ingl\u00e9s.<\/h1>\n<p><a href=\"https:\/\/www.cambridgeenglish.org\/es\/test-your-english\/\"><img loading=\"lazy\" decoding=\"async\" class=\"wp-image-175 size-full aligncenter\" src=\"https:\/\/blogsaverroes.juntadeandalucia.es\/funglishzone\/files\/2020\/10\/Unknown.jpg\" alt=\"\" width=\"259\" height=\"194\"><\/a><\/p>\n","protected":false},"excerpt":{"rendered":"<p>En el CEPER CONCEPCI\u00d3N ARENAL ofertamos dos niveles de ingl\u00e9s: Ingl\u00e9s B\u00c1SICO e ingl\u00e9s B1 (seg\u00fan marco de referencia europeo de las lenguas). Nuestro objetivo es formar a nuestro alumnado durante uno o dos cursos acad\u00e9micos en Ingl\u00e9s B\u00e1sico para poder dar el salto al nivel B1. En este nivel se forma al alumnado para &hellip; <\/p>\n<p><a class=\"more-link btn\" href=\"https:\/\/blogsaverroes.juntadeandalucia.es\/ceper\/ingles\/\">Seguir leyendo<\/a><\/p>\n","protected":false},"author":7857,"featured_media":0,"parent":0,"menu_order":0,"comment_status":"closed","ping_status":"closed","template":"","meta":{"ngg_post_thumbnail":0,"footnotes":""},"aioseo_notices":[],"_links":{"self":[{"href":"https:\/\/blogsaverroes.juntadeandalucia.es\/ceper\/wp-json\/wp\/v2\/pages\/164"}],"collection":[{"href":"https:\/\/blogsaverroes.juntadeandalucia.es\/ceper\/wp-json\/wp\/v2\/pages"}],"about":[{"href":"https:\/\/blogsaverroes.juntadeandalucia.es\/ceper\/wp-json\/wp\/v2\/types\/page"}],"author":[{"embeddable":true,"href":"https:\/\/blogsaverroes.juntadeandalucia.es\/ceper\/wp-json\/wp\/v2\/users\/7857"}],"replies":[{"embeddable":true,"href":"https:\/\/blogsaverroes.juntadeandalucia.es\/ceper\/wp-json\/wp\/v2\/comments?post=164"}],"version-history":[{"count":7,"href":"https:\/\/blogsaverroes.juntadeandalucia.es\/ceper\/wp-json\/wp\/v2\/pages\/164\/revisions"}],"predecessor-version":[{"id":320,"href":"https:\/\/blogsaverroes.juntadeandalucia.es\/ceper\/wp-json\/wp\/v2\/pages\/164\/revisions\/320"}],"wp:attachment":[{"href":"https:\/\/blogsaverroes.juntadeandalucia.es\/ceper\/wp-json\/wp\/v2\/media?parent=164"}],"curies":[{"name":"wp","href":"https:\/\/api.w.org\/{rel}","templated":true}]}}