{"id":111,"date":"2020-10-23T12:55:14","date_gmt":"2020-10-23T10:55:14","guid":{"rendered":"https:\/\/blogsaverroes.juntadeandalucia.es\/ceper500viviendas\/?page_id=111"},"modified":"2021-05-25T10:01:26","modified_gmt":"2021-05-25T08:01:26","slug":"azorin","status":"publish","type":"page","link":"https:\/\/blogsaverroes.juntadeandalucia.es\/ceper500viviendas\/secciones\/azorin\/","title":{"rendered":"SEP Azor\u00edn"},"content":{"rendered":"<p><img loading=\"lazy\" decoding=\"async\" class=\"aligncenter wp-image-246 size-large\" src=\"https:\/\/blogsaverroes.juntadeandalucia.es\/ceper500viviendas\/files\/2020\/10\/Azorin-1024x544.jpg\" alt=\"\" width=\"1024\" height=\"544\" srcset=\"https:\/\/blogsaverroes.juntadeandalucia.es\/ceper500viviendas\/files\/2020\/10\/Azorin-1024x544.jpg 1024w, https:\/\/blogsaverroes.juntadeandalucia.es\/ceper500viviendas\/files\/2020\/10\/Azorin-300x159.jpg 300w, https:\/\/blogsaverroes.juntadeandalucia.es\/ceper500viviendas\/files\/2020\/10\/Azorin-768x408.jpg 768w, https:\/\/blogsaverroes.juntadeandalucia.es\/ceper500viviendas\/files\/2020\/10\/Azorin-24x13.jpg 24w, https:\/\/blogsaverroes.juntadeandalucia.es\/ceper500viviendas\/files\/2020\/10\/Azorin-36x19.jpg 36w, https:\/\/blogsaverroes.juntadeandalucia.es\/ceper500viviendas\/files\/2020\/10\/Azorin-48x25.jpg 48w, https:\/\/blogsaverroes.juntadeandalucia.es\/ceper500viviendas\/files\/2020\/10\/Azorin.jpg 1361w\" sizes=\"(max-width: 1024px) 100vw, 1024px\" \/><\/p>\n<p><strong>La Secci\u00f3n de Educaci\u00f3n Permanente Azor\u00edn<\/strong>&nbsp;est\u00e1 ubicada en el antiguo Colegio de Sordos Rosa Rela\u00f1o y actualmente el edificio pertenece al I.E.S. Azcona, en el barrio de Nueva Andaluc\u00eda, en la calle Arcipreste de Hita, 26. Tlf: 950 15 31 09<\/p>\n<p><a href=\"https:\/\/blogsaverroes.juntadeandalucia.es\/ceper500viviendas\/files\/2021\/05\/Oferta.Azorin.21-22.pdf\"><img loading=\"lazy\" decoding=\"async\" class=\"aligncenter size-large wp-image-421\" src=\"https:\/\/blogsaverroes.juntadeandalucia.es\/ceper500viviendas\/files\/2021\/05\/Oferta.Azorin.21-22-1-724x1024.jpg\" alt=\"\" width=\"724\" height=\"1024\" srcset=\"https:\/\/blogsaverroes.juntadeandalucia.es\/ceper500viviendas\/files\/2021\/05\/Oferta.Azorin.21-22-1-724x1024.jpg 724w, https:\/\/blogsaverroes.juntadeandalucia.es\/ceper500viviendas\/files\/2021\/05\/Oferta.Azorin.21-22-1-212x300.jpg 212w, https:\/\/blogsaverroes.juntadeandalucia.es\/ceper500viviendas\/files\/2021\/05\/Oferta.Azorin.21-22-1-768x1086.jpg 768w, https:\/\/blogsaverroes.juntadeandalucia.es\/ceper500viviendas\/files\/2021\/05\/Oferta.Azorin.21-22-1-1086x1536.jpg 1086w, https:\/\/blogsaverroes.juntadeandalucia.es\/ceper500viviendas\/files\/2021\/05\/Oferta.Azorin.21-22-1-1448x2048.jpg 1448w, https:\/\/blogsaverroes.juntadeandalucia.es\/ceper500viviendas\/files\/2021\/05\/Oferta.Azorin.21-22-1-scaled.jpg 1810w\" sizes=\"(max-width: 724px) 100vw, 724px\" \/><\/a><\/p>\n<p style=\"text-align: center\"><strong>Oferta formativa para el curso 2021-22<\/strong><\/p>\n<p>Esta secci\u00f3n a su vez est\u00e1 formada por tres dependencias: una utilizada como despacho, un aula de inform\u00e1tica y otra para alumnado oyente-sordos.<\/p>\n<p>Forma parte de esta Secci\u00f3n el aula de Verdiblanca en la sede de la Asociaci\u00f3n Verdiblanca<em>, a la que acude alumnado con discapacidad f\u00edsica y ps\u00edquica&nbsp; procedente de distintos puntos de la capital<\/em>&nbsp;<em>y provincia<\/em>.<\/p>\n<p>Desde nuestras dependencias trabajamos con el objetivo de ofrecer a todas las personas con edades desde los 18 a\u00f1os en adelante, un medio para que se desarrollen personal y profesionalmente, y adquieran conocimientos actuales, que complementen y\/o actualicen los que ya poseen.&nbsp;&nbsp;&nbsp;&nbsp;&nbsp;&nbsp;&nbsp;&nbsp;&nbsp;&nbsp;&nbsp;&nbsp;&nbsp;&nbsp;&nbsp;&nbsp;&nbsp;&nbsp;&nbsp;&nbsp;&nbsp;&nbsp;&nbsp;&nbsp;&nbsp;&nbsp;&nbsp;&nbsp;&nbsp;&nbsp;&nbsp;&nbsp;&nbsp;&nbsp;&nbsp;&nbsp;&nbsp;&nbsp;&nbsp;&nbsp;&nbsp;&nbsp;&nbsp;&nbsp;&nbsp;&nbsp;&nbsp;&nbsp;&nbsp;&nbsp;&nbsp;&nbsp;&nbsp;&nbsp;&nbsp;&nbsp;&nbsp;&nbsp;&nbsp;&nbsp;&nbsp;&nbsp;&nbsp;&nbsp;&nbsp;&nbsp;&nbsp;&nbsp;&nbsp;&nbsp;&nbsp;&nbsp;&nbsp;&nbsp;&nbsp;&nbsp;&nbsp;&nbsp;&nbsp;&nbsp;&nbsp;&nbsp;&nbsp;&nbsp;&nbsp;&nbsp;&nbsp;&nbsp;&nbsp;&nbsp;&nbsp;&nbsp;&nbsp;&nbsp;&nbsp;&nbsp;&nbsp;&nbsp;&nbsp;&nbsp;&nbsp;&nbsp;&nbsp;&nbsp;&nbsp;&nbsp;&nbsp;&nbsp;&nbsp;&nbsp;&nbsp;&nbsp;&nbsp;&nbsp;&nbsp;&nbsp;&nbsp;&nbsp;&nbsp;&nbsp;&nbsp;&nbsp;&nbsp;&nbsp;&nbsp;&nbsp;&nbsp;&nbsp;&nbsp;&nbsp;&nbsp;&nbsp;&nbsp;&nbsp;&nbsp;&nbsp;&nbsp;&nbsp; &nbsp;&nbsp;&nbsp;&nbsp;&nbsp;&nbsp;&nbsp;&nbsp;&nbsp;&nbsp;&nbsp;&nbsp;&nbsp;&nbsp;&nbsp;&nbsp;&nbsp;&nbsp;&nbsp;&nbsp;&nbsp;&nbsp;&nbsp;&nbsp;&nbsp;&nbsp;&nbsp;&nbsp;&nbsp;&nbsp;&nbsp;&nbsp;&nbsp;&nbsp;&nbsp;&nbsp;&nbsp;&nbsp;&nbsp;&nbsp;&nbsp;&nbsp;&nbsp;&nbsp;&nbsp;&nbsp;&nbsp;&nbsp;&nbsp;&nbsp;&nbsp;&nbsp;&nbsp;&nbsp;&nbsp;&nbsp;&nbsp;&nbsp;&nbsp;&nbsp;&nbsp;&nbsp;&nbsp;&nbsp;&nbsp;&nbsp;&nbsp;&nbsp;&nbsp;&nbsp;&nbsp;&nbsp;&nbsp;&nbsp;&nbsp;&nbsp;&nbsp;&nbsp;&nbsp;&nbsp;&nbsp;&nbsp;&nbsp;&nbsp;&nbsp;&nbsp;&nbsp;&nbsp;&nbsp;&nbsp;&nbsp;&nbsp;&nbsp;&nbsp;<\/p>\n<p>El barrio \u201cNueva Andaluc\u00eda\u201d est\u00e1 dotado de Centro de Salud, comercios, pabell\u00f3n de deportes&nbsp; \u201cRafael Florido\u201d y otros, Conservatorio de m\u00fasica y danza. &nbsp;&nbsp;&nbsp;&nbsp;&nbsp;&nbsp;&nbsp;&nbsp;&nbsp;El alumnado que asiste pertenece al mismo barrio. Sus motivaciones son diversas:<\/p>\n<ul>\n<li>Personas mayores de 18 a\u00f1os, que no terminaron la ESO, y necesitan el Graduado de Secundaria Obligatoria para buscar empleo. Para ellos se ofrece la \u201cPreparaci\u00f3n de la prueba libre para mayores de 18 a\u00f1os\u201d.<\/li>\n<li>Alumnado de origen extranjero, la gran mayor\u00eda poblaci\u00f3n inmigrante, cuyo objetivo es aprender espa\u00f1ol para poder \/saber desenvolverse en un mundo nuevo. &nbsp;Para ellos se establece un \u201cPrograma de Interculturalidad, Cultura y Lengua Espa\u00f1ola para personas procedentes de otros pa\u00edses\u201d.<\/li>\n<li>\u201cGrupo de Formaci\u00f3n B\u00e1sica\u201d, cuya finalidad es que el alumnado adquiera conocimientos de lectoescritura, desarrollando la <strong>&nbsp;<\/strong><strong>Competencia en Comunicaci\u00f3n Ling\u00fc\u00edstica. Con ello se consigue <\/strong>una interacci\u00f3n social en la que el individuo recibe y crea mensajes en su propia lengua. &nbsp;&nbsp;&nbsp;&nbsp;&nbsp;&nbsp;&nbsp;&nbsp;&nbsp;&nbsp;&nbsp;&nbsp;&nbsp;&nbsp;&nbsp;&nbsp;&nbsp;&nbsp;&nbsp;&nbsp;&nbsp;&nbsp;&nbsp;&nbsp;En n el desarrollo de la Competencia Matem\u00e1tica, buscamos que alcancen el conocimiento de las reglas b\u00e1sicas, operaciones y problemas sencillos para poder ser competentes y capaces de desenvolverse en la vida diaria. Esta competencia implica el conocimiento de n\u00fameros, \u00e1lgebra, geometr\u00eda \u2026<\/li>\n<li>Grupos para el fomento de la ciudadan\u00eda activa: sobre el Patrimonio Andaluz, el uso b\u00e1sico de las nuevas tecnolog\u00edas y el uso b\u00e1sico de ingl\u00e9s. En cuanto al idioma, los contenidos hacen referencia a la adquisici\u00f3n de la competencia en dicho idioma, lo cual es una herramienta muy \u00fatil para el acceso al mundo laboral y para el enriquecimiento personal.<\/li>\n<\/ul>\n<p>&nbsp;<\/p>\n","protected":false},"excerpt":{"rendered":"<p>La Secci\u00f3n de Educaci\u00f3n Permanente Azor\u00edn&nbsp;est\u00e1 ubicada en el antiguo Colegio de Sordos Rosa Rela\u00f1o y actualmente el edificio pertenece al I.E.S. Azcona, en el barrio de Nueva Andaluc\u00eda, en la calle Arcipreste de&#46;&#46;&#46;<\/p>\n","protected":false},"author":10322,"featured_media":0,"parent":98,"menu_order":0,"comment_status":"closed","ping_status":"closed","template":"","meta":{"ngg_post_thumbnail":0,"footnotes":""},"aioseo_notices":[],"_links":{"self":[{"href":"https:\/\/blogsaverroes.juntadeandalucia.es\/ceper500viviendas\/wp-json\/wp\/v2\/pages\/111"}],"collection":[{"href":"https:\/\/blogsaverroes.juntadeandalucia.es\/ceper500viviendas\/wp-json\/wp\/v2\/pages"}],"about":[{"href":"https:\/\/blogsaverroes.juntadeandalucia.es\/ceper500viviendas\/wp-json\/wp\/v2\/types\/page"}],"author":[{"embeddable":true,"href":"https:\/\/blogsaverroes.juntadeandalucia.es\/ceper500viviendas\/wp-json\/wp\/v2\/users\/10322"}],"replies":[{"embeddable":true,"href":"https:\/\/blogsaverroes.juntadeandalucia.es\/ceper500viviendas\/wp-json\/wp\/v2\/comments?post=111"}],"version-history":[{"count":10,"href":"https:\/\/blogsaverroes.juntadeandalucia.es\/ceper500viviendas\/wp-json\/wp\/v2\/pages\/111\/revisions"}],"predecessor-version":[{"id":423,"href":"https:\/\/blogsaverroes.juntadeandalucia.es\/ceper500viviendas\/wp-json\/wp\/v2\/pages\/111\/revisions\/423"}],"up":[{"embeddable":true,"href":"https:\/\/blogsaverroes.juntadeandalucia.es\/ceper500viviendas\/wp-json\/wp\/v2\/pages\/98"}],"wp:attachment":[{"href":"https:\/\/blogsaverroes.juntadeandalucia.es\/ceper500viviendas\/wp-json\/wp\/v2\/media?parent=111"}],"curies":[{"name":"wp","href":"https:\/\/api.w.org\/{rel}","templated":true}]}}