{"id":216,"date":"2020-10-28T19:45:26","date_gmt":"2020-10-28T18:45:26","guid":{"rendered":"https:\/\/blogsaverroes.juntadeandalucia.es\/ceper500viviendas\/?page_id=216"},"modified":"2021-05-25T11:55:35","modified_gmt":"2021-05-25T09:55:35","slug":"plan-de-centro","status":"publish","type":"page","link":"https:\/\/blogsaverroes.juntadeandalucia.es\/ceper500viviendas\/institucional\/documentacion\/plan-de-centro\/","title":{"rendered":"Plan General Anual"},"content":{"rendered":"<p><img loading=\"lazy\" decoding=\"async\" class=\"size-medium wp-image-438 alignleft\" src=\"https:\/\/blogsaverroes.juntadeandalucia.es\/ceper500viviendas\/files\/2021\/05\/PlanGeneralAnual-265x300.jpg\" alt=\"\" width=\"265\" height=\"300\" srcset=\"https:\/\/blogsaverroes.juntadeandalucia.es\/ceper500viviendas\/files\/2021\/05\/PlanGeneralAnual-265x300.jpg 265w, https:\/\/blogsaverroes.juntadeandalucia.es\/ceper500viviendas\/files\/2021\/05\/PlanGeneralAnual.jpg 463w\" sizes=\"(max-width: 265px) 100vw, 265px\" \/>La respuesta a las necesidades y expectativas de la ciudadan\u00eda es el aspecto m\u00e1s destacado de este documento.<\/p>\n<p>&nbsp;<\/p>\n<p>La <a href=\"https:\/\/blogsaverroes.juntadeandalucia.es\/ceper500viviendas\/files\/2021\/05\/IV.-PROGRAMACI\u00d3N-GENERAL-ANUAL.pdf\"><strong>Planificaci\u00f3n General Anual<\/strong><\/a> es el documento donde se recogen los diferentes Planes Educativos que se ofertan cada curso escolar en el CEPER 500 Viviendas y en sus Secciones.<\/p>\n","protected":false},"excerpt":{"rendered":"<p>La respuesta a las necesidades y expectativas de la ciudadan\u00eda es el aspecto m\u00e1s destacado de este documento. &nbsp; La Planificaci\u00f3n General Anual es el documento donde se recogen los diferentes Planes Educativos que&#46;&#46;&#46;<\/p>\n","protected":false},"author":10322,"featured_media":0,"parent":213,"menu_order":1,"comment_status":"closed","ping_status":"closed","template":"","meta":{"ngg_post_thumbnail":0,"footnotes":""},"aioseo_notices":[],"_links":{"self":[{"href":"https:\/\/blogsaverroes.juntadeandalucia.es\/ceper500viviendas\/wp-json\/wp\/v2\/pages\/216"}],"collection":[{"href":"https:\/\/blogsaverroes.juntadeandalucia.es\/ceper500viviendas\/wp-json\/wp\/v2\/pages"}],"about":[{"href":"https:\/\/blogsaverroes.juntadeandalucia.es\/ceper500viviendas\/wp-json\/wp\/v2\/types\/page"}],"author":[{"embeddable":true,"href":"https:\/\/blogsaverroes.juntadeandalucia.es\/ceper500viviendas\/wp-json\/wp\/v2\/users\/10322"}],"replies":[{"embeddable":true,"href":"https:\/\/blogsaverroes.juntadeandalucia.es\/ceper500viviendas\/wp-json\/wp\/v2\/comments?post=216"}],"version-history":[{"count":4,"href":"https:\/\/blogsaverroes.juntadeandalucia.es\/ceper500viviendas\/wp-json\/wp\/v2\/pages\/216\/revisions"}],"predecessor-version":[{"id":439,"href":"https:\/\/blogsaverroes.juntadeandalucia.es\/ceper500viviendas\/wp-json\/wp\/v2\/pages\/216\/revisions\/439"}],"up":[{"embeddable":true,"href":"https:\/\/blogsaverroes.juntadeandalucia.es\/ceper500viviendas\/wp-json\/wp\/v2\/pages\/213"}],"wp:attachment":[{"href":"https:\/\/blogsaverroes.juntadeandalucia.es\/ceper500viviendas\/wp-json\/wp\/v2\/media?parent=216"}],"curies":[{"name":"wp","href":"https:\/\/api.w.org\/{rel}","templated":true}]}}