{"id":228,"date":"2020-10-28T20:03:33","date_gmt":"2020-10-28T19:03:33","guid":{"rendered":"https:\/\/blogsaverroes.juntadeandalucia.es\/ceper500viviendas\/?page_id=228"},"modified":"2021-05-25T12:26:21","modified_gmt":"2021-05-25T10:26:21","slug":"tde","status":"publish","type":"page","link":"https:\/\/blogsaverroes.juntadeandalucia.es\/ceper500viviendas\/institucional\/documentacion\/tde\/","title":{"rendered":"TDE"},"content":{"rendered":"<h4 style=\"text-align: center\"><span style=\"color: #000080\">Plan de Transformaci\u00f3n Digital Educativa 2020-21<\/span><\/h4>\n<p><img loading=\"lazy\" decoding=\"async\" class=\"aligncenter size-full wp-image-229\" src=\"https:\/\/blogsaverroes.juntadeandalucia.es\/ceper500viviendas\/files\/2020\/10\/transformaci\u00f3n-digital-educaci\u00f3n.jpg\" alt=\"\" width=\"835\" height=\"557\" srcset=\"https:\/\/blogsaverroes.juntadeandalucia.es\/ceper500viviendas\/files\/2020\/10\/transformaci\u00f3n-digital-educaci\u00f3n.jpg 835w, https:\/\/blogsaverroes.juntadeandalucia.es\/ceper500viviendas\/files\/2020\/10\/transformaci\u00f3n-digital-educaci\u00f3n-300x200.jpg 300w, https:\/\/blogsaverroes.juntadeandalucia.es\/ceper500viviendas\/files\/2020\/10\/transformaci\u00f3n-digital-educaci\u00f3n-768x512.jpg 768w, https:\/\/blogsaverroes.juntadeandalucia.es\/ceper500viviendas\/files\/2020\/10\/transformaci\u00f3n-digital-educaci\u00f3n-24x16.jpg 24w, https:\/\/blogsaverroes.juntadeandalucia.es\/ceper500viviendas\/files\/2020\/10\/transformaci\u00f3n-digital-educaci\u00f3n-36x24.jpg 36w, https:\/\/blogsaverroes.juntadeandalucia.es\/ceper500viviendas\/files\/2020\/10\/transformaci\u00f3n-digital-educaci\u00f3n-48x32.jpg 48w\" sizes=\"(max-width: 835px) 100vw, 835px\" \/><\/p>\n<p>Nuestro&nbsp; <strong>objetivo&nbsp; principal<\/strong> para el presente curso acad\u00e9mico 2020-21 es <u>mejorar&nbsp; los&nbsp; sistemas&nbsp; de comunicaci\u00f3n&nbsp; interna&nbsp; y&nbsp; externa<\/u> en nuestro Centro, creando&nbsp; una&nbsp; comunicaci\u00f3n&nbsp; abierta&nbsp; y multidireccional&nbsp; entre&nbsp; profesorado, alumnado,&nbsp; Consejo&nbsp; Escolar, personal&nbsp; laboral,&nbsp; otros centros e instituciones de \u00e1mbito local o comarcal,&nbsp; antiguos alumnos y, en general, el entorno social del centro. De manera m\u00e1s concreta, el presente Plan pretende alcanzar algunos de los siguientes <strong>objetivos espec\u00edficos<\/strong>:<\/p>\n<ul>\n<li>El Centro ofrecer\u00e1 a los alumnos los <em>recursos de hardware y software disponibles<\/em> para que sirvan como apoyo en sus actividades acad\u00e9micas. As\u00ed mismo, se compromete a mantener operativos los equipos e instalaciones y resolver los problemas t\u00e9cnicos con la m\u00e1xima rapidez posible.<\/li>\n<li>El Centro favorecer\u00e1 la <em>integraci\u00f3n curricular de las TICs<\/em> y promover\u00e1 su uso y manejo, promoviendo la actualizaci\u00f3n permanente del profesorado en estas materias y contribuyendo a trav\u00e9s de las actividades programadas al desarrollo de la competencia digital de alumnos y docentes.<\/li>\n<li>El equipo educativo establecer\u00e1 un <em>Reglamento Interno de uso correcto de equipos y servicios<\/em>, y lo difundir\u00e1 adecuadamente entre los miembros de la comunidad educativa, vigilando su cumplimiento y estableciendo medidas correctoras que permitan resolver los problemas surgidos en cada momento.<\/li>\n<li>Se avanzar\u00e1 en el <em>aprovechamiento de S\u00e9neca<\/em> en la comunicaci\u00f3n interna y en la gesti\u00f3n del centro a todos los niveles.<\/li>\n<li>Se aportar\u00e1<em> informaci\u00f3n<\/em> relativa a las actividades llevadas a cabo por el centro y sobre su gesti\u00f3n.<\/li>\n<li>Se fomentar\u00e1 el <em>di\u00e1logo<\/em> entre los involucrados en el proceso de ense\u00f1anza\/aprendizaje para construir comunidad.<\/li>\n<li>Se ofrecer\u00e1 <em>recursos did\u00e1cticos de ayuda<\/em> al alumnado.<\/li>\n<li><em>Compartir conocimiento<\/em> a toda la comunidad implicada.<\/li>\n<\/ul>\n<p><!--more--><\/p>\n<p><a href=\"https:\/\/blogsaverroes.juntadeandalucia.es\/ceper500viviendas\/files\/2021\/05\/2020.07.31.Intrucciones.Medidas.Transformacion.Digital.pdf\">Instrucciones<\/a><\/p>\n<p><a href=\"https:\/\/blogsaverroes.juntadeandalucia.es\/ceper500viviendas\/files\/2021\/05\/Proyecto-Transformacion-Digital-CEPER-2020.09.24.pdf\">Plan de Transformaci\u00f3n Digital CEPER 500 Viviendas<\/a><\/p>\n","protected":false},"excerpt":{"rendered":"<p>Plan de Transformaci\u00f3n Digital Educativa 2020-21 Nuestro&nbsp; objetivo&nbsp; principal para el presente curso acad\u00e9mico 2020-21 es mejorar&nbsp; los&nbsp; sistemas&nbsp; de comunicaci\u00f3n&nbsp; interna&nbsp; y&nbsp; externa en nuestro Centro, creando&nbsp; una&nbsp; comunicaci\u00f3n&nbsp; abierta&nbsp; y multidireccional&nbsp; entre&nbsp;&#46;&#46;&#46;<\/p>\n","protected":false},"author":10322,"featured_media":0,"parent":213,"menu_order":7,"comment_status":"closed","ping_status":"closed","template":"","meta":{"ngg_post_thumbnail":0,"footnotes":""},"aioseo_notices":[],"_links":{"self":[{"href":"https:\/\/blogsaverroes.juntadeandalucia.es\/ceper500viviendas\/wp-json\/wp\/v2\/pages\/228"}],"collection":[{"href":"https:\/\/blogsaverroes.juntadeandalucia.es\/ceper500viviendas\/wp-json\/wp\/v2\/pages"}],"about":[{"href":"https:\/\/blogsaverroes.juntadeandalucia.es\/ceper500viviendas\/wp-json\/wp\/v2\/types\/page"}],"author":[{"embeddable":true,"href":"https:\/\/blogsaverroes.juntadeandalucia.es\/ceper500viviendas\/wp-json\/wp\/v2\/users\/10322"}],"replies":[{"embeddable":true,"href":"https:\/\/blogsaverroes.juntadeandalucia.es\/ceper500viviendas\/wp-json\/wp\/v2\/comments?post=228"}],"version-history":[{"count":7,"href":"https:\/\/blogsaverroes.juntadeandalucia.es\/ceper500viviendas\/wp-json\/wp\/v2\/pages\/228\/revisions"}],"predecessor-version":[{"id":459,"href":"https:\/\/blogsaverroes.juntadeandalucia.es\/ceper500viviendas\/wp-json\/wp\/v2\/pages\/228\/revisions\/459"}],"up":[{"embeddable":true,"href":"https:\/\/blogsaverroes.juntadeandalucia.es\/ceper500viviendas\/wp-json\/wp\/v2\/pages\/213"}],"wp:attachment":[{"href":"https:\/\/blogsaverroes.juntadeandalucia.es\/ceper500viviendas\/wp-json\/wp\/v2\/media?parent=228"}],"curies":[{"name":"wp","href":"https:\/\/api.w.org\/{rel}","templated":true}]}}

<h4 style="text-align: center"><span style="color: #000080">Plan de Transformación Digital Educativa 2020-21</span></h4>
<p><img loading="lazy" decoding="async" class="aligncenter size-full wp-image-229" src="https://blogsaverroes.juntadeandalucia.es/ceper500viviendas/files/2020/10/transformación-digital-educación.jpg" alt="" width="835" height="557" srcset="https://blogsaverroes.juntadeandalucia.es/ceper500viviendas/files/2020/10/transformación-digital-educación.jpg 835w, https://blogsaverroes.juntadeandalucia.es/ceper500viviendas/files/2020/10/transformación-digital-educación-300x200.jpg 300w, https://blogsaverroes.juntadeandalucia.es/ceper500viviendas/files/2020/10/transformación-digital-educación-768x512.jpg 768w, https://blogsaverroes.juntadeandalucia.es/ceper500viviendas/files/2020/10/transformación-digital-educación-24x16.jpg 24w, https://blogsaverroes.juntadeandalucia.es/ceper500viviendas/files/2020/10/transformación-digital-educación-36x24.jpg 36w, https://blogsaverroes.juntadeandalucia.es/ceper500viviendas/files/2020/10/transformación-digital-educación-48x32.jpg 48w" sizes="(max-width: 835px) 100vw, 835px" /></p>
<p>Nuestro&nbsp; <strong>objetivo&nbsp; principal</strong> para el presente curso académico 2020-21 es <u>mejorar&nbsp; los&nbsp; sistemas&nbsp; de comunicación&nbsp; interna&nbsp; y&nbsp; externa</u> en nuestro Centro, creando&nbsp; una&nbsp; comunicación&nbsp; abierta&nbsp; y multidireccional&nbsp; entre&nbsp; profesorado, alumnado,&nbsp; Consejo&nbsp; Escolar, personal&nbsp; laboral,&nbsp; otros centros e instituciones de ámbito local o comarcal,&nbsp; antiguos alumnos y, en general, el entorno social del centro. De manera más concreta, el presente Plan pretende alcanzar algunos de los siguientes <strong>objetivos específicos</strong>:</p>
<ul>
<li>El Centro ofrecerá a los alumnos los <em>recursos de hardware y software disponibles</em> para que sirvan como apoyo en sus actividades académicas. Así mismo, se compromete a mantener operativos los equipos e instalaciones y resolver los problemas técnicos con la máxima rapidez posible.</li>
<li>El Centro favorecerá la <em>integración curricular de las TICs</em> y promoverá su uso y manejo, promoviendo la actualización permanente del profesorado en estas materias y contribuyendo a través de las actividades programadas al desarrollo de la competencia digital de alumnos y docentes.</li>
<li>El equipo educativo establecerá un <em>Reglamento Interno de uso correcto de equipos y servicios</em>, y lo difundirá adecuadamente entre los miembros de la comunidad educativa, vigilando su cumplimiento y estableciendo medidas correctoras que permitan resolver los problemas surgidos en cada momento.</li>
<li>Se avanzará en el <em>aprovechamiento de Séneca</em> en la comunicación interna y en la gestión del centro a todos los niveles.</li>
<li>Se aportará<em> información</em> relativa a las actividades llevadas a cabo por el centro y sobre su gestión.</li>
<li>Se fomentará el <em>diálogo</em> entre los involucrados en el proceso de enseñanza/aprendizaje para construir comunidad.</li>
<li>Se ofrecerá <em>recursos didácticos de ayuda</em> al alumnado.</li>
<li><em>Compartir conocimiento</em> a toda la comunidad implicada.</li>
</ul>
<p><!--more--></p>
<p><a href="https://blogsaverroes.juntadeandalucia.es/ceper500viviendas/files/2021/05/2020.07.31.Intrucciones.Medidas.Transformacion.Digital.pdf">Instrucciones</a></p>
<p><a href="https://blogsaverroes.juntadeandalucia.es/ceper500viviendas/files/2021/05/Proyecto-Transformacion-Digital-CEPER-2020.09.24.pdf">Plan de Transformación Digital CEPER 500 Viviendas</a></p>

<p>Plan de Transformación Digital Educativa 2020-21 Nuestro&nbsp; objetivo&nbsp; principal para el presente curso académico 2020-21 es mejorar&nbsp; los&nbsp; sistemas&nbsp; de comunicación&nbsp; interna&nbsp; y&nbsp; externa en nuestro Centro, creando&nbsp; una&nbsp; comunicación&nbsp; abierta&nbsp; y multidireccional&nbsp; entre&nbsp;&#46;&#46;&#46;</p>
