{"id":68,"date":"2020-10-23T10:19:20","date_gmt":"2020-10-23T08:19:20","guid":{"rendered":"https:\/\/blogsaverroes.juntadeandalucia.es\/ceper500viviendas\/?page_id=68"},"modified":"2023-03-31T16:01:22","modified_gmt":"2023-03-31T14:01:22","slug":"ingles","status":"publish","type":"page","link":"https:\/\/blogsaverroes.juntadeandalucia.es\/ceper500viviendas\/planes\/ingles\/","title":{"rendered":"Ingl\u00e9s"},"content":{"rendered":"<p style=\"text-align: center\"><a href=\"https:\/\/drive.google.com\/file\/d\/1jd-y6wsbizAigEcaG8_D_3fzWU2soQGS\/view?usp=share_link\"><span style=\"font-family: impact, sans-serif;font-size: 36pt\">Plan de Ingl\u00e9s 2022-23<\/span><\/a><\/p>\n<p><img loading=\"lazy\" decoding=\"async\" class=\"wp-image-69 size-medium aligncenter\" src=\"https:\/\/blogsaverroes.juntadeandalucia.es\/ceper500viviendas\/files\/2020\/10\/Ingles-300x229.jpg\" alt=\"\" width=\"300\" height=\"229\" srcset=\"https:\/\/blogsaverroes.juntadeandalucia.es\/ceper500viviendas\/files\/2020\/10\/Ingles-300x229.jpg 300w, https:\/\/blogsaverroes.juntadeandalucia.es\/ceper500viviendas\/files\/2020\/10\/Ingles-24x18.jpg 24w, https:\/\/blogsaverroes.juntadeandalucia.es\/ceper500viviendas\/files\/2020\/10\/Ingles-36x27.jpg 36w, https:\/\/blogsaverroes.juntadeandalucia.es\/ceper500viviendas\/files\/2020\/10\/Ingles-48x37.jpg 48w, https:\/\/blogsaverroes.juntadeandalucia.es\/ceper500viviendas\/files\/2020\/10\/Ingles.jpg 761w\" sizes=\"(max-width: 300px) 100vw, 300px\" \/><\/p>\n<p style=\"text-align: center\"><a href=\"https:\/\/sites.google.com\/view\/inglesa1alkayasi\"><span style=\"font-size: 20px\"><span style=\"color: #0000ff\">Google Site de Ingl\u00e9s A1<\/span><\/span><\/a><span style=\"font-size: 20px;color: #0000ff\"> &nbsp;&nbsp; <a style=\"color: #0000ff\" href=\"https:\/\/inglesa1alkayasi.blogspot.com\/\">Blog de Ingl\u00e9s de A1 <\/a><br \/>\n<\/span><\/p>\n<p style=\"text-align: center\"><span style=\"font-size: 20px;color: #0000ff\"><a style=\"color: #0000ff\" href=\"https:\/\/sites.google.com\/view\/inglesa2alkayasi\">Google Site de Ingl\u00e9s A2<\/a> &nbsp;&nbsp; <a style=\"color: #0000ff\" href=\"https:\/\/inglesa2alkayasi.blogspot.com\/\">Blog de Ingl\u00e9s de A2<\/a><\/span><\/p>\n<p><img loading=\"lazy\" decoding=\"async\" class=\"wp-image-506 alignleft\" src=\"https:\/\/blogsaverroes.juntadeandalucia.es\/ceper500viviendas\/files\/2023\/03\/EnglishFlag.jpg\" alt=\"\" width=\"270\" height=\"143\" srcset=\"https:\/\/blogsaverroes.juntadeandalucia.es\/ceper500viviendas\/files\/2023\/03\/EnglishFlag.jpg 770w, https:\/\/blogsaverroes.juntadeandalucia.es\/ceper500viviendas\/files\/2023\/03\/EnglishFlag-300x159.jpg 300w, https:\/\/blogsaverroes.juntadeandalucia.es\/ceper500viviendas\/files\/2023\/03\/EnglishFlag-768x407.jpg 768w\" sizes=\"(max-width: 270px) 100vw, 270px\" \/>La sociedad actual responde a una realidad pluriling\u00fce e intercultural en la que conviven pueblos de distintas culturas que hablan lenguas diversas. El dominio de lenguas extranjeras contribuye al desarrollo integral de las personas, al respeto y al acceso a diferentes culturas, ayud\u00e1ndonos a comprender y apreciar tanto los rasgos de identidad como las diferencias. En esta sociedad globalizada, el tr\u00e1nsito y la movilidad de personas entre diferentes culturas, hace que la adquisici\u00f3n de lenguas extranjeras sea un elemento esencial en su desarrollo.<\/p>\n<p>Andaluc\u00eda como comunidad aut\u00f3noma de Espa\u00f1a, se encuentra tambi\u00e9n comprometida como miembro de la Uni\u00f3n Europea en el fomento del conocimiento de otras lenguas comunitarias. La Uni\u00f3n Europea con el objetivo de promover la conciencia ciudadana europea, ha impulsado una serie de acciones entre las que se encuentra el acuerdo y concreci\u00f3n de una pol\u00edtica ling\u00fc\u00edstica com\u00fan para fomentar el conocimiento de otras lenguas comunitarias. El Consejo de Europa en el marco com\u00fan europeo de referencia para las lenguas: aprendizaje, ense\u00f1anza, evaluaci\u00f3n, (MCER), establece directrices tanto para el aprendizaje de lenguas como para el establecimiento de los niveles del desarrollo de la competencia comunicativa en las diferentes lenguas de un hablante. Estas directrices han sido el eje y la gu\u00eda en la elaboraci\u00f3n de la Lengua extranjera.<\/p>\n<p><!--more--><\/p>\n<p>El \u00e1rea de Lengua extranjera tiene como objeto formar personas que puedan usarla para comprender, hablar, conversar, leer y escribir desde una perspectiva activa y pr\u00e1ctica del aprendizaje desde edades tempranas como punto de partida, es decir el aprendizaje de las destrezas discursivas dirigidas a la consecuci\u00f3n de una competencia comunicativa efectiva oral y escrita, en contextos sociales significativos, que permitan al alumnado expresarse con progresiva eficacia y correcci\u00f3n.<\/p>\n<p>En la adquisici\u00f3n de una lengua, la comunicaci\u00f3n debe ser el referente fundamental en el que se centren los procesos de aprendizajes, favoreciendo el desarrollo de la competencia comunicativa.<\/p>\n<p>La comprensi\u00f3n de las diferentes situaciones de comunicaci\u00f3n y el conocimiento de la estructura de los textos, les ayudar\u00e1 a identificar y adquirir los elementos ling\u00fc\u00edsticos concretos presentes en un acto comunicativo determinado.<\/p>\n<p>Se fomentar\u00e1 un uso de la lengua contextualizado, en el marco de situaciones comunicativas propias de \u00e1mbitos diversos y que permitan un uso de la lengua real y motivadora.<\/p>\n<h4 style=\"text-align: center\"><a href=\"https:\/\/sites.google.com\/view\/hinojolope\/\"><span style=\"font-size: 20px\">Blog de clase del Maestro Julio<\/span><\/a><\/h4>\n<p style=\"text-align: center\">&nbsp;<iframe src=\"https:\/\/old.docente.me\/usuarios\/perfil\/juliohinojo\/widget-reducido\" scrolling=\"no\" frameborder=\"0\"><\/iframe><\/p>\n","protected":false},"excerpt":{"rendered":"<p>Plan de Ingl\u00e9s 2022-23 Google Site de Ingl\u00e9s A1 &nbsp;&nbsp; Blog de Ingl\u00e9s de A1 Google Site de Ingl\u00e9s A2 &nbsp;&nbsp; Blog de Ingl\u00e9s de A2 La sociedad actual responde a una realidad pluriling\u00fce&#46;&#46;&#46;<\/p>\n","protected":false},"author":10322,"featured_media":0,"parent":63,"menu_order":0,"comment_status":"closed","ping_status":"closed","template":"","meta":{"ngg_post_thumbnail":0,"footnotes":""},"aioseo_notices":[],"_links":{"self":[{"href":"https:\/\/blogsaverroes.juntadeandalucia.es\/ceper500viviendas\/wp-json\/wp\/v2\/pages\/68"}],"collection":[{"href":"https:\/\/blogsaverroes.juntadeandalucia.es\/ceper500viviendas\/wp-json\/wp\/v2\/pages"}],"about":[{"href":"https:\/\/blogsaverroes.juntadeandalucia.es\/ceper500viviendas\/wp-json\/wp\/v2\/types\/page"}],"author":[{"embeddable":true,"href":"https:\/\/blogsaverroes.juntadeandalucia.es\/ceper500viviendas\/wp-json\/wp\/v2\/users\/10322"}],"replies":[{"embeddable":true,"href":"https:\/\/blogsaverroes.juntadeandalucia.es\/ceper500viviendas\/wp-json\/wp\/v2\/comments?post=68"}],"version-history":[{"count":7,"href":"https:\/\/blogsaverroes.juntadeandalucia.es\/ceper500viviendas\/wp-json\/wp\/v2\/pages\/68\/revisions"}],"predecessor-version":[{"id":508,"href":"https:\/\/blogsaverroes.juntadeandalucia.es\/ceper500viviendas\/wp-json\/wp\/v2\/pages\/68\/revisions\/508"}],"up":[{"embeddable":true,"href":"https:\/\/blogsaverroes.juntadeandalucia.es\/ceper500viviendas\/wp-json\/wp\/v2\/pages\/63"}],"wp:attachment":[{"href":"https:\/\/blogsaverroes.juntadeandalucia.es\/ceper500viviendas\/wp-json\/wp\/v2\/media?parent=68"}],"curies":[{"name":"wp","href":"https:\/\/api.w.org\/{rel}","templated":true}]}}