{"id":570,"date":"2023-04-18T12:43:03","date_gmt":"2023-04-18T11:43:03","guid":{"rendered":"https:\/\/blogsaverroes.juntadeandalucia.es\/ceperaljibe\/?page_id=570"},"modified":"2023-04-20T20:06:24","modified_gmt":"2023-04-20T19:06:24","slug":"el-centro-de-adultos","status":"publish","type":"page","link":"https:\/\/blogsaverroes.juntadeandalucia.es\/ceperaljibe\/inicio\/el-centro-de-adultos\/","title":{"rendered":"El centro de adultos"},"content":{"rendered":"<div class=\"grid-4\">\n<h1>&nbsp;<\/h1>\n<hr>\n<p>&nbsp;<\/p>\n<p><span style=\"font-family: verdana, geneva, sans-serif;font-size: 18pt\">Si deseas conocer la historia de nuestro Centro, nuestras finalidades educativas, normas de convivencia o cualquier otra p\u00e1gina aqu\u00ed publicada, no dudes en hacer clic en los enlaces que a continuaci\u00f3n aparecen:<\/span><\/p>\n<p>&nbsp;<\/p>\n<p><a href=\"https:\/\/blogsaverroes.juntadeandalucia.es\/ceperaljibe\/files\/2023\/04\/HistoriaDelEdificio.pdf\"><div class='et-box et-download'>\n\t\t\t\t\t<div class='et-box-content'>HISTORIA DEL CENTRO<\/div><\/div><\/a><\/p>\n<p><a href=\"https:\/\/blogsaverroes.juntadeandalucia.es\/ceperaljibe\/files\/2023\/04\/NormasConvivencia.pdf\"><div class='et-box et-download'>\n\t\t\t\t\t<div class='et-box-content'>NORMAS DE CONVIVENCIA<\/div><\/div><\/a><\/p>\n<p><a href=\"https:\/\/blogsaverroes.juntadeandalucia.es\/ceperaljibe\/files\/2023\/04\/FinalidadesEducativas.pdf\"><div class='et-box et-download'>\n\t\t\t\t\t<div class='et-box-content'>FINALIDADES EDUCATIVAS<\/div><\/div><\/a><\/p>\n<div class=\"download-box\">&nbsp;<\/div>\n<\/div>\n<div class=\"grid-2 widgets-container\">\n<div id=\"custom_html-3\" class=\"widget_text widget sidebar-widget widget_custom_html\">\n<div class=\"textwidget custom-html-widget\">&nbsp;<\/div>\n<\/div>\n<\/div>\n","protected":false},"excerpt":{"rendered":"<p>&nbsp; &nbsp; Si deseas conocer la historia de nuestro Centro, nuestras finalidades educativas, normas de convivencia o cualquier otra p\u00e1gina aqu\u00ed publicada, no dudes en hacer clic en los enlaces que a continuaci\u00f3n aparecen: &nbsp; &nbsp; &nbsp;<\/p>\n","protected":false},"author":16925,"featured_media":0,"parent":44,"menu_order":0,"comment_status":"closed","ping_status":"closed","template":"","meta":{"_et_pb_use_builder":"","_et_pb_old_content":"","_et_gb_content_width":"","ngg_post_thumbnail":0,"footnotes":""},"aioseo_notices":[],"_links":{"self":[{"href":"https:\/\/blogsaverroes.juntadeandalucia.es\/ceperaljibe\/wp-json\/wp\/v2\/pages\/570"}],"collection":[{"href":"https:\/\/blogsaverroes.juntadeandalucia.es\/ceperaljibe\/wp-json\/wp\/v2\/pages"}],"about":[{"href":"https:\/\/blogsaverroes.juntadeandalucia.es\/ceperaljibe\/wp-json\/wp\/v2\/types\/page"}],"author":[{"embeddable":true,"href":"https:\/\/blogsaverroes.juntadeandalucia.es\/ceperaljibe\/wp-json\/wp\/v2\/users\/16925"}],"replies":[{"embeddable":true,"href":"https:\/\/blogsaverroes.juntadeandalucia.es\/ceperaljibe\/wp-json\/wp\/v2\/comments?post=570"}],"version-history":[{"count":14,"href":"https:\/\/blogsaverroes.juntadeandalucia.es\/ceperaljibe\/wp-json\/wp\/v2\/pages\/570\/revisions"}],"predecessor-version":[{"id":601,"href":"https:\/\/blogsaverroes.juntadeandalucia.es\/ceperaljibe\/wp-json\/wp\/v2\/pages\/570\/revisions\/601"}],"up":[{"embeddable":true,"href":"https:\/\/blogsaverroes.juntadeandalucia.es\/ceperaljibe\/wp-json\/wp\/v2\/pages\/44"}],"wp:attachment":[{"href":"https:\/\/blogsaverroes.juntadeandalucia.es\/ceperaljibe\/wp-json\/wp\/v2\/media?parent=570"}],"curies":[{"name":"wp","href":"https:\/\/api.w.org\/{rel}","templated":true}]}}