{"id":2512,"date":"2018-07-30T18:46:09","date_gmt":"2018-07-30T18:46:09","guid":{"rendered":"https:\/\/blogsaverroes.juntadeandalucia.es\/ceperalmaden\/?page_id=2512"},"modified":"2022-08-28T22:59:46","modified_gmt":"2022-08-28T22:59:46","slug":"el-centro-y-las-secciones-eper","status":"publish","type":"page","link":"https:\/\/blogsaverroes.juntadeandalucia.es\/ceperalmaden\/el-centro-y-las-secciones-eper\/","title":{"rendered":"Localizaci\u00f3n y entorno"},"content":{"rendered":"<h3 style=\"text-align: center\"><strong><span style=\"color: #ff0000\">LOCALIZACI\u00d3N Y ENTORNO DE NUESTROS CENTROS<\/span><\/strong><\/h3>\n<p style=\"text-align: justify\">Nuestra agrupaci\u00f3n est\u00e1 formada por un Centro de Educaci\u00f3n Permanente (CEPER) ubicado en Ja\u00e9n y las siete Secciones de Educaci\u00f3n Permanente (SEPER) adscritas al centro en Sierra M\u00e1gina. En este mapa se muestra la localizaci\u00f3n de cada uno de estos centros.&nbsp;<\/p>\n<p style=\"text-align: justify\">Haz clic en este icono&nbsp;<img loading=\"lazy\" decoding=\"async\" class=\"wp-image-2661 alignnone\" src=\"https:\/\/blogsaverroes.juntadeandalucia.es\/ceperalmaden\/files\/2018\/07\/Captura-de-pantalla-2018-08-01-a-las-1.23.04.png\" alt=\"\" width=\"29\" height=\"19\" srcset=\"https:\/\/blogsaverroes.juntadeandalucia.es\/ceperalmaden\/files\/2018\/07\/Captura-de-pantalla-2018-08-01-a-las-1.23.04.png 86w, https:\/\/blogsaverroes.juntadeandalucia.es\/ceperalmaden\/files\/2018\/07\/Captura-de-pantalla-2018-08-01-a-las-1.23.04-24x16.png 24w, https:\/\/blogsaverroes.juntadeandalucia.es\/ceperalmaden\/files\/2018\/07\/Captura-de-pantalla-2018-08-01-a-las-1.23.04-36x23.png 36w, https:\/\/blogsaverroes.juntadeandalucia.es\/ceperalmaden\/files\/2018\/07\/Captura-de-pantalla-2018-08-01-a-las-1.23.04-48x31.png 48w\" sizes=\"(max-width: 29px) 100vw, 29px\" \/> en la parte superior del mapa para ver el listado de centros. Al hacer clic en alguno de los nombres, tendr\u00e1s informaci\u00f3n sobre su direcci\u00f3n.<\/p>\n<p style=\"text-align: center\"><iframe loading=\"lazy\" src=\"https:\/\/www.google.com\/maps\/d\/u\/1\/embed?mid=1ZLXIGv6SEC81V_jxeRWa1RT2dXxK2NUK&amp;ehbc=2E312F\" width=\"640\" height=\"480\"><\/iframe><\/p>\n","protected":false},"excerpt":{"rendered":"<p>LOCALIZACI\u00d3N Y ENTORNO DE NUESTROS CENTROS Nuestra agrupaci\u00f3n est\u00e1 formada por un Centro de Educaci\u00f3n Permanente (CEPER) ubicado en Ja\u00e9n y las siete Secciones de Educaci\u00f3n Permanente (SEPER) adscritas al centro en Sierra M\u00e1gina. En&#46;&#46;&#46;<\/p>\n","protected":false},"author":6371,"featured_media":0,"parent":0,"menu_order":0,"comment_status":"closed","ping_status":"closed","template":"","meta":{"ngg_post_thumbnail":0,"footnotes":"","_mc_calendar":[]},"aioseo_notices":[],"_links":{"self":[{"href":"https:\/\/blogsaverroes.juntadeandalucia.es\/ceperalmaden\/wp-json\/wp\/v2\/pages\/2512"}],"collection":[{"href":"https:\/\/blogsaverroes.juntadeandalucia.es\/ceperalmaden\/wp-json\/wp\/v2\/pages"}],"about":[{"href":"https:\/\/blogsaverroes.juntadeandalucia.es\/ceperalmaden\/wp-json\/wp\/v2\/types\/page"}],"author":[{"embeddable":true,"href":"https:\/\/blogsaverroes.juntadeandalucia.es\/ceperalmaden\/wp-json\/wp\/v2\/users\/6371"}],"replies":[{"embeddable":true,"href":"https:\/\/blogsaverroes.juntadeandalucia.es\/ceperalmaden\/wp-json\/wp\/v2\/comments?post=2512"}],"version-history":[{"count":22,"href":"https:\/\/blogsaverroes.juntadeandalucia.es\/ceperalmaden\/wp-json\/wp\/v2\/pages\/2512\/revisions"}],"predecessor-version":[{"id":7307,"href":"https:\/\/blogsaverroes.juntadeandalucia.es\/ceperalmaden\/wp-json\/wp\/v2\/pages\/2512\/revisions\/7307"}],"wp:attachment":[{"href":"https:\/\/blogsaverroes.juntadeandalucia.es\/ceperalmaden\/wp-json\/wp\/v2\/media?parent=2512"}],"curies":[{"name":"wp","href":"https:\/\/api.w.org\/{rel}","templated":true}]}}

Localización y entorno

<h3 style="text-align: center"><strong><span style="color: #ff0000">LOCALIZACIÓN Y ENTORNO DE NUESTROS CENTROS</span></strong></h3>
<p style="text-align: justify">Nuestra agrupación está formada por un Centro de Educación Permanente (CEPER) ubicado en Jaén y las siete Secciones de Educación Permanente (SEPER) adscritas al centro en Sierra Mágina. En este mapa se muestra la localización de cada uno de estos centros.&nbsp;</p>
<p style="text-align: justify">Haz clic en este icono&nbsp;<img loading="lazy" decoding="async" class="wp-image-2661 alignnone" src="https://blogsaverroes.juntadeandalucia.es/ceperalmaden/files/2018/07/Captura-de-pantalla-2018-08-01-a-las-1.23.04.png" alt="" width="29" height="19" srcset="https://blogsaverroes.juntadeandalucia.es/ceperalmaden/files/2018/07/Captura-de-pantalla-2018-08-01-a-las-1.23.04.png 86w, https://blogsaverroes.juntadeandalucia.es/ceperalmaden/files/2018/07/Captura-de-pantalla-2018-08-01-a-las-1.23.04-24x16.png 24w, https://blogsaverroes.juntadeandalucia.es/ceperalmaden/files/2018/07/Captura-de-pantalla-2018-08-01-a-las-1.23.04-36x23.png 36w, https://blogsaverroes.juntadeandalucia.es/ceperalmaden/files/2018/07/Captura-de-pantalla-2018-08-01-a-las-1.23.04-48x31.png 48w" sizes="(max-width: 29px) 100vw, 29px" /> en la parte superior del mapa para ver el listado de centros. Al hacer clic en alguno de los nombres, tendrás información sobre su dirección.</p>
<p style="text-align: center"><iframe loading="lazy" src="https://www.google.com/maps/d/u/1/embed?mid=1ZLXIGv6SEC81V_jxeRWa1RT2dXxK2NUK&amp;ehbc=2E312F" width="640" height="480"></iframe></p>

<p>LOCALIZACIÓN Y ENTORNO DE NUESTROS CENTROS Nuestra agrupación está formada por un Centro de Educación Permanente (CEPER) ubicado en Jaén y las siete Secciones de Educación Permanente (SEPER) adscritas al centro en Sierra Mágina. En&#46;&#46;&#46;</p>
