{"id":2914,"date":"2018-09-02T23:35:31","date_gmt":"2018-09-02T23:35:31","guid":{"rendered":"https:\/\/blogsaverroes.juntadeandalucia.es\/ceperalmaden\/?page_id=2914"},"modified":"2018-09-02T23:35:31","modified_gmt":"2018-09-02T23:35:31","slug":"localizacion-ceper-y-secciones","status":"publish","type":"page","link":"https:\/\/blogsaverroes.juntadeandalucia.es\/ceperalmaden\/localizacion-ceper-y-secciones\/","title":{"rendered":"Localizaci\u00f3n CEPer y Secciones"},"content":{"rendered":"<h3>Nuestros centros:<\/h3>\n<p>Nuestra agrupaci\u00f3n est\u00e1 formada por un Centro de Educaci\u00f3n Permanente (CEPER) ubicado en Ja\u00e9n y las siete Secciones de Educaci\u00f3n Permanente (SEPER) adscritas al centro en Sierra M\u00e1gina. En este mapa se muestra la localizaci\u00f3n de cada uno de estos centros.&nbsp;<\/p>\n<p>Haz clic en este icono&nbsp;<img loading=\"lazy\" decoding=\"async\" class=\"wp-image-2661 alignnone\" src=\"https:\/\/blogsaverroes.juntadeandalucia.es\/ceperalmaden\/files\/2018\/07\/Captura-de-pantalla-2018-08-01-a-las-1.23.04.png\" alt=\"\" width=\"29\" height=\"19\" srcset=\"https:\/\/blogsaverroes.juntadeandalucia.es\/ceperalmaden\/files\/2018\/07\/Captura-de-pantalla-2018-08-01-a-las-1.23.04.png 86w, https:\/\/blogsaverroes.juntadeandalucia.es\/ceperalmaden\/files\/2018\/07\/Captura-de-pantalla-2018-08-01-a-las-1.23.04-24x16.png 24w, https:\/\/blogsaverroes.juntadeandalucia.es\/ceperalmaden\/files\/2018\/07\/Captura-de-pantalla-2018-08-01-a-las-1.23.04-36x23.png 36w, https:\/\/blogsaverroes.juntadeandalucia.es\/ceperalmaden\/files\/2018\/07\/Captura-de-pantalla-2018-08-01-a-las-1.23.04-48x31.png 48w\" sizes=\"(max-width: 29px) 100vw, 29px\" \/>&nbsp;en la parte superior del mapa para ver el listado de centros. Al hacer clic en alguno de los nombres, tendr\u00e1s informaci\u00f3n sobre: su direcci\u00f3n, tel\u00e9fono y correo electr\u00f3nico.<\/p>\n<p>[googlemaps https:\/\/www.google.com\/maps\/d\/u\/0\/embed?mid=1XI7RVdd9mJ4U22QHP8M_o-KW_1o5CwxO&amp;w=640&amp;h=480]<\/p>\n","protected":false},"excerpt":{"rendered":"<p>Nuestros centros: Nuestra agrupaci\u00f3n est\u00e1 formada por un Centro de Educaci\u00f3n Permanente (CEPER) ubicado en Ja\u00e9n y las siete Secciones de Educaci\u00f3n Permanente (SEPER) adscritas al centro en Sierra M\u00e1gina. En este mapa se muestra&#46;&#46;&#46;<\/p>\n","protected":false},"author":6371,"featured_media":0,"parent":0,"menu_order":0,"comment_status":"closed","ping_status":"closed","template":"","meta":{"ngg_post_thumbnail":0,"footnotes":"","_mc_calendar":[]},"aioseo_notices":[],"_links":{"self":[{"href":"https:\/\/blogsaverroes.juntadeandalucia.es\/ceperalmaden\/wp-json\/wp\/v2\/pages\/2914"}],"collection":[{"href":"https:\/\/blogsaverroes.juntadeandalucia.es\/ceperalmaden\/wp-json\/wp\/v2\/pages"}],"about":[{"href":"https:\/\/blogsaverroes.juntadeandalucia.es\/ceperalmaden\/wp-json\/wp\/v2\/types\/page"}],"author":[{"embeddable":true,"href":"https:\/\/blogsaverroes.juntadeandalucia.es\/ceperalmaden\/wp-json\/wp\/v2\/users\/6371"}],"replies":[{"embeddable":true,"href":"https:\/\/blogsaverroes.juntadeandalucia.es\/ceperalmaden\/wp-json\/wp\/v2\/comments?post=2914"}],"version-history":[{"count":1,"href":"https:\/\/blogsaverroes.juntadeandalucia.es\/ceperalmaden\/wp-json\/wp\/v2\/pages\/2914\/revisions"}],"predecessor-version":[{"id":2915,"href":"https:\/\/blogsaverroes.juntadeandalucia.es\/ceperalmaden\/wp-json\/wp\/v2\/pages\/2914\/revisions\/2915"}],"wp:attachment":[{"href":"https:\/\/blogsaverroes.juntadeandalucia.es\/ceperalmaden\/wp-json\/wp\/v2\/media?parent=2914"}],"curies":[{"name":"wp","href":"https:\/\/api.w.org\/{rel}","templated":true}]}}

Localización CEPer y Secciones

<h3>Nuestros centros:</h3>
<p>Nuestra agrupación está formada por un Centro de Educación Permanente (CEPER) ubicado en Jaén y las siete Secciones de Educación Permanente (SEPER) adscritas al centro en Sierra Mágina. En este mapa se muestra la localización de cada uno de estos centros.&nbsp;</p>
<p>Haz clic en este icono&nbsp;<img loading="lazy" decoding="async" class="wp-image-2661 alignnone" src="https://blogsaverroes.juntadeandalucia.es/ceperalmaden/files/2018/07/Captura-de-pantalla-2018-08-01-a-las-1.23.04.png" alt="" width="29" height="19" srcset="https://blogsaverroes.juntadeandalucia.es/ceperalmaden/files/2018/07/Captura-de-pantalla-2018-08-01-a-las-1.23.04.png 86w, https://blogsaverroes.juntadeandalucia.es/ceperalmaden/files/2018/07/Captura-de-pantalla-2018-08-01-a-las-1.23.04-24x16.png 24w, https://blogsaverroes.juntadeandalucia.es/ceperalmaden/files/2018/07/Captura-de-pantalla-2018-08-01-a-las-1.23.04-36x23.png 36w, https://blogsaverroes.juntadeandalucia.es/ceperalmaden/files/2018/07/Captura-de-pantalla-2018-08-01-a-las-1.23.04-48x31.png 48w" sizes="(max-width: 29px) 100vw, 29px" />&nbsp;en la parte superior del mapa para ver el listado de centros. Al hacer clic en alguno de los nombres, tendrás información sobre: su dirección, teléfono y correo electrónico.</p>
<p>[googlemaps https://www.google.com/maps/d/u/0/embed?mid=1XI7RVdd9mJ4U22QHP8M_o-KW_1o5CwxO&amp;w=640&amp;h=480]</p>

<p>Nuestros centros: Nuestra agrupación está formada por un Centro de Educación Permanente (CEPER) ubicado en Jaén y las siete Secciones de Educación Permanente (SEPER) adscritas al centro en Sierra Mágina. En este mapa se muestra&#46;&#46;&#46;</p>
