{"id":3123,"date":"2018-10-31T22:22:41","date_gmt":"2018-10-31T22:22:41","guid":{"rendered":"https:\/\/blogsaverroes.juntadeandalucia.es\/ceperalmaden\/?page_id=3123"},"modified":"2018-12-05T22:11:34","modified_gmt":"2018-12-05T22:11:34","slug":"proeducar-reincorporate","status":"publish","type":"page","link":"https:\/\/blogsaverroes.juntadeandalucia.es\/ceperalmaden\/proeducar-reincorporate\/","title":{"rendered":"Proeducar: Reincorp\u00f3rate"},"content":{"rendered":"<h3 style=\"text-align: center\">Programa de Cooperaci\u00f3n Territorial \u201cProeducar: Reincorp\u00f3rate\u201d<\/h3>\n<p>&nbsp;<\/p>\n<p class=\"Standard\"><strong>OBJETIVO.&nbsp;<\/strong>Ofertar acciones formativas dirigidas especialmente a facilitar la reincorporaci\u00f3n al sistema educativo de las personas j\u00f3venes del entorno sin titulaci\u00f3n en secundaria; as\u00ed como impulsar herramientas de autoconocimiento y de descubrimiento de habilidades que potencien la autoconfianza en la elecci\u00f3n de itinerarios formativos adecuados.<\/p>\n<p><img loading=\"lazy\" decoding=\"async\" class=\"wp-image-3110 alignright\" src=\"https:\/\/blogsaverroes.juntadeandalucia.es\/ceperalmaden\/files\/2018\/10\/CARTEL-690x1024.jpg\" alt=\"\" width=\"299\" height=\"444\" srcset=\"https:\/\/blogsaverroes.juntadeandalucia.es\/ceperalmaden\/files\/2018\/10\/CARTEL-690x1024.jpg 690w, https:\/\/blogsaverroes.juntadeandalucia.es\/ceperalmaden\/files\/2018\/10\/CARTEL-e1541008615620-101x150.jpg 101w, https:\/\/blogsaverroes.juntadeandalucia.es\/ceperalmaden\/files\/2018\/10\/CARTEL-202x300.jpg 202w, https:\/\/blogsaverroes.juntadeandalucia.es\/ceperalmaden\/files\/2018\/10\/CARTEL-16x24.jpg 16w, https:\/\/blogsaverroes.juntadeandalucia.es\/ceperalmaden\/files\/2018\/10\/CARTEL-24x36.jpg 24w, https:\/\/blogsaverroes.juntadeandalucia.es\/ceperalmaden\/files\/2018\/10\/CARTEL-32x48.jpg 32w, https:\/\/blogsaverroes.juntadeandalucia.es\/ceperalmaden\/files\/2018\/10\/CARTEL.jpg 1078w\" sizes=\"(max-width: 299px) 100vw, 299px\" \/><\/p>\n<p><strong>DESTINATARIOS.&nbsp;<\/strong>J\u00f3venes de&nbsp;18 a 24 a\u00f1os que han abandonado el Sistema Educativo y quieren obtener la titulaci\u00f3n en secundaria.<\/p>\n<p><strong>\u00c1MBITOS DE INTERVENCI\u00d3N (Contenido de los talleres)<\/strong><\/p>\n<ul>\n<li>Bloque de orientaci\u00f3n personal encaminado al autoconocimiento, al an\u00e1lisis de las debilidades y fortalezas individuales, al descubrimiento de las habilidades potenciales para el desarrollo de la autoconfianza, la autoestima, y la inteligencia emocional, as\u00ed como al desarrollo de las competencias comunicativas.<\/li>\n<li>Bloque de orientaci\u00f3n profesional dirigido al estudio de las motivaciones e intereses personales en la b\u00fasqueda activa de empleo.&nbsp;<\/li>\n<li>Bloque de orientaci\u00f3n acad\u00e9mica que permita descubrir los posibles itinerarios que ofrece el sistema educativo para alcanzar los objetivos definidos en los bloques anteriores.<\/li>\n<\/ul>\n<p><strong>CONVOCATORIAS.&nbsp;<\/strong>Una sola convocatoria durante los meses de noviembre y diciembre de 2018<\/p>\n<p><strong>PLAZOS DE INSCRIPCI\u00d3N.&nbsp;<\/strong>Del 5 al 9 de noviembre de 2018.<\/p>\n<p><strong>SOLICITUDES.<\/strong>&nbsp;En cualquiera de los siguientes centros de educaci\u00f3n permanente:<\/p>\n<ul>\n<li>CEPer Almad\u00e9n, Calle Mart\u00ednez Molina, 50, Ja\u00e9n.<\/li>\n<li>SEP Puerta de M\u00e1gina (Jimena, Bedmar y Garciez)<\/li>\n<li>SEP Guadalijar (Huelma y Cambil)<\/li>\n<li>IPEP de Ja\u00e9n.<\/li>\n<\/ul>\n<p><strong>ADMISI\u00d3N:<\/strong>&nbsp;Hasta cubrir plazas, por orden de llegada.<\/p>\n<p><strong>TALLERES:&nbsp;<\/strong>El programa est\u00e1 organizado en 10 talleres gratuitos de 3 horas cad<\/p>\n<p>a uno. Los talleres son impartidos por expertos en cada una de los \u00e1mbitos tem\u00e1ticos de los talleres. (<a href=\"https:\/\/drive.google.com\/file\/d\/10N1lM2x18pvYC7-VrsuSglroEGSrAx44\/view?usp=sharing\" target=\"_blank\" rel=\"noopener\">Haz clic para ver el tema de los talleres<\/a>).<\/p>\n<p><strong>FECHAS Y LUGAR de los talleres:<\/strong>&nbsp;Por determinar<\/p>\n<p><strong>M\u00c1S INFORMACI\u00d3N:&nbsp;<\/strong>CEPer Almad\u00e9n, Calle Mart\u00ednez Molina, 50, Ja\u00e9n. Tel\u00e9fono&nbsp;953 366 130&nbsp;<\/p>\n<p><strong>COLABORA:<\/strong>&nbsp;Ministerio de Educaci\u00f3n y Consejer\u00eda de Educaci\u00f3n.<\/p>\n<p><a href=\"https:\/\/www.juntadeandalucia.es\/export\/drupaljda\/otras_disposiciones\/18\/07\/EP_180706_Instrucciones_Reincorp%C3%B3rate.%20Firmada.pdf\" target=\"_blank\" rel=\"noopener\">Acceso a la informaci\u00f3n completa.<\/a><\/p>\n","protected":false},"excerpt":{"rendered":"<p>Programa de Cooperaci\u00f3n Territorial \u201cProeducar: Reincorp\u00f3rate\u201d &nbsp; OBJETIVO.&nbsp;Ofertar acciones formativas dirigidas especialmente a facilitar la reincorporaci\u00f3n al sistema educativo de las personas j\u00f3venes del entorno sin titulaci\u00f3n en secundaria; as\u00ed como impulsar herramientas de autoconocimiento&#46;&#46;&#46;<\/p>\n","protected":false},"author":6371,"featured_media":0,"parent":0,"menu_order":0,"comment_status":"closed","ping_status":"closed","template":"","meta":{"ngg_post_thumbnail":0,"footnotes":"","_mc_calendar":[]},"aioseo_notices":[],"_links":{"self":[{"href":"https:\/\/blogsaverroes.juntadeandalucia.es\/ceperalmaden\/wp-json\/wp\/v2\/pages\/3123"}],"collection":[{"href":"https:\/\/blogsaverroes.juntadeandalucia.es\/ceperalmaden\/wp-json\/wp\/v2\/pages"}],"about":[{"href":"https:\/\/blogsaverroes.juntadeandalucia.es\/ceperalmaden\/wp-json\/wp\/v2\/types\/page"}],"author":[{"embeddable":true,"href":"https:\/\/blogsaverroes.juntadeandalucia.es\/ceperalmaden\/wp-json\/wp\/v2\/users\/6371"}],"replies":[{"embeddable":true,"href":"https:\/\/blogsaverroes.juntadeandalucia.es\/ceperalmaden\/wp-json\/wp\/v2\/comments?post=3123"}],"version-history":[{"count":8,"href":"https:\/\/blogsaverroes.juntadeandalucia.es\/ceperalmaden\/wp-json\/wp\/v2\/pages\/3123\/revisions"}],"predecessor-version":[{"id":3302,"href":"https:\/\/blogsaverroes.juntadeandalucia.es\/ceperalmaden\/wp-json\/wp\/v2\/pages\/3123\/revisions\/3302"}],"wp:attachment":[{"href":"https:\/\/blogsaverroes.juntadeandalucia.es\/ceperalmaden\/wp-json\/wp\/v2\/media?parent=3123"}],"curies":[{"name":"wp","href":"https:\/\/api.w.org\/{rel}","templated":true}]}}