{"id":3294,"date":"2018-12-05T21:01:34","date_gmt":"2018-12-05T21:01:34","guid":{"rendered":"https:\/\/blogsaverroes.juntadeandalucia.es\/ceperalmaden\/?page_id=3294"},"modified":"2018-12-05T22:07:25","modified_gmt":"2018-12-05T22:07:25","slug":"plan-de-igualdad-de-genero-en-educacion","status":"publish","type":"page","link":"https:\/\/blogsaverroes.juntadeandalucia.es\/ceperalmaden\/plan-de-igualdad-de-genero-en-educacion\/","title":{"rendered":"Plan de igualdad de g\u00e9nero en educaci\u00f3n"},"content":{"rendered":"<p>Incorporamos a nuestra tarea educativa las l\u00edneas de actuaci\u00f3n del <a href=\"https:\/\/view.genial.ly\/57b87b245e34d612c4d56b75\" target=\"_blank\" rel=\"noopener\">II Plan estrat\u00e9gico de igualdad de g\u00e9nero en educaci\u00f3n<\/a>.<\/p>\n","protected":false},"excerpt":{"rendered":"<p>Incorporamos a nuestra tarea educativa las l\u00edneas de actuaci\u00f3n del II Plan estrat\u00e9gico de igualdad de g\u00e9nero en educaci\u00f3n.<\/p>\n","protected":false},"author":6371,"featured_media":0,"parent":0,"menu_order":0,"comment_status":"closed","ping_status":"closed","template":"","meta":{"ngg_post_thumbnail":0,"footnotes":"","_mc_calendar":[]},"aioseo_notices":[],"_links":{"self":[{"href":"https:\/\/blogsaverroes.juntadeandalucia.es\/ceperalmaden\/wp-json\/wp\/v2\/pages\/3294"}],"collection":[{"href":"https:\/\/blogsaverroes.juntadeandalucia.es\/ceperalmaden\/wp-json\/wp\/v2\/pages"}],"about":[{"href":"https:\/\/blogsaverroes.juntadeandalucia.es\/ceperalmaden\/wp-json\/wp\/v2\/types\/page"}],"author":[{"embeddable":true,"href":"https:\/\/blogsaverroes.juntadeandalucia.es\/ceperalmaden\/wp-json\/wp\/v2\/users\/6371"}],"replies":[{"embeddable":true,"href":"https:\/\/blogsaverroes.juntadeandalucia.es\/ceperalmaden\/wp-json\/wp\/v2\/comments?post=3294"}],"version-history":[{"count":5,"href":"https:\/\/blogsaverroes.juntadeandalucia.es\/ceperalmaden\/wp-json\/wp\/v2\/pages\/3294\/revisions"}],"predecessor-version":[{"id":3300,"href":"https:\/\/blogsaverroes.juntadeandalucia.es\/ceperalmaden\/wp-json\/wp\/v2\/pages\/3294\/revisions\/3300"}],"wp:attachment":[{"href":"https:\/\/blogsaverroes.juntadeandalucia.es\/ceperalmaden\/wp-json\/wp\/v2\/media?parent=3294"}],"curies":[{"name":"wp","href":"https:\/\/api.w.org\/{rel}","templated":true}]}}

Plan de igualdad de género en educación

<p>Incorporamos a nuestra tarea educativa las líneas de actuación del <a href="https://view.genial.ly/57b87b245e34d612c4d56b75" target="_blank" rel="noopener">II Plan estratégico de igualdad de género en educación</a>.</p>

<p>Incorporamos a nuestra tarea educativa las líneas de actuación del II Plan estratégico de igualdad de género en educación.</p>
