{"id":3768,"date":"2019-02-01T22:10:54","date_gmt":"2019-02-01T22:10:54","guid":{"rendered":"https:\/\/blogsaverroes.juntadeandalucia.es\/ceperalmaden\/?page_id=3768"},"modified":"2019-02-01T23:18:11","modified_gmt":"2019-02-01T23:18:11","slug":"policia-local","status":"publish","type":"page","link":"https:\/\/blogsaverroes.juntadeandalucia.es\/ceperalmaden\/empleo\/policia-local\/","title":{"rendered":"Polic\u00eda Local"},"content":{"rendered":"<p style=\"text-align: justify\">El Cuerpo de Polic\u00eda Local es un instituto armado,&nbsp;<sup id=\"cite_ref-1\" class=\"reference separada\"><\/sup>de naturaleza civil con estructura y organizaci\u00f3n jerarquizada, rigi\u00e9ndose, en cuanto a su r\u00e9gimen estatutario, por los principios generales de los Cap\u00edtulos II y III del T\u00edtulo I y por la secci\u00f3n cuarta del Cap\u00edtulo IV del T\u00edtulo II de la Ley Org\u00e1nica 2\/86&nbsp;de Fuerzas y Cuerpos de Seguridad, con adecuaci\u00f3n que exija la dependencia de la administraci\u00f3n correspondiente, las disposiciones dictadas al respecto por las Comunidades Aut\u00f3nomas y los reglamentos espec\u00edficos para cada cuerpo y dem\u00e1s normas dictadas por los correspondientes ayuntamientos (<a href=\"https:\/\/es.wikipedia.org\/wiki\/Polic%C3%ADa_local_de_Espa\u00f1a\" target=\"_blank\" rel=\"noopener\">wikipedia<\/a>).<\/p>\n<table style=\"width: 755px\">\n<tbody>\n<tr style=\"height: 24px\">\n<td style=\"width: 229.53125px;height: 24px;text-align: left\"><strong>Enlaces:<\/strong><\/td>\n<td style=\"width: 529.46875px;height: 24px;text-align: left\">&nbsp;<\/td>\n<\/tr>\n<tr style=\"height: 24px\">\n<td style=\"width: 229.53125px;height: 24px;text-align: left\"><a href=\"https:\/\/ws054.juntadeandalucia.es\/eureka2\/eureka-demandantes\/listadoOfertasPublicas.do?seleccionado=\/es\/empleo\/ofertasEmpleo\/&amp;linkActivo=ofertasEmpleoPublico\" target=\"_blank\" rel=\"noopener\">Oferta empleo Polic\u00eda Local<\/a><\/td>\n<td style=\"width: 529.46875px;height: 24px;text-align: left\">Listado de oferta de empleo p\u00fablico de Polic\u00eda Local en el \u00e1mbito regional.<\/td>\n<\/tr>\n<tr style=\"height: 24px\">\n<td style=\"width: 229.53125px;height: 24px;text-align: left\"><a href=\"https:\/\/www.policia.es\/cnp\/normativa\/normativa_lo_1986_02_tit_5_cap_1.html\" target=\"_blank\" rel=\"noopener\">Ley Polic\u00eda Local<\/a><\/td>\n<td style=\"width: 529.46875px;height: 24px;text-align: left\">La Polic\u00eda Local en la&nbsp;Ley Org\u00e1nica 2\/86, de 13 de Marzo, de Fuerzas y Cuerpos de Seguridad<\/td>\n<\/tr>\n<tr style=\"height: 24.82501220703125px\">\n<td style=\"width: 229.53125px;height: 24.82501220703125px;text-align: left\"><a href=\"http:\/\/www.aytojaen.es\/portal\/p_20_contenedor1.jsp?seccion=s_ldes_d1_v1.jsp&amp;codbusqueda=160&amp;language=es&amp;codResi=1&amp;codMenuPN=4&amp;codMenuSN=110&amp;codMenu=203&amp;layout=p_20_contenedor1.jsp\" target=\"_blank\" rel=\"noopener\">Polic\u00eda Local Ja\u00e9n<\/a><\/td>\n<td style=\"width: 529.46875px;height: 24.82501220703125px;text-align: left\">&nbsp;Informaci\u00f3n sobre la Polic\u00eda Local de Ja\u00e9n<\/td>\n<\/tr>\n<\/tbody>\n<\/table>\n","protected":false},"excerpt":{"rendered":"<p>El Cuerpo de Polic\u00eda Local es un instituto armado,&nbsp;de naturaleza civil con estructura y organizaci\u00f3n jerarquizada, rigi\u00e9ndose, en cuanto a su r\u00e9gimen estatutario, por los principios generales de los Cap\u00edtulos II y III del T\u00edtulo&#46;&#46;&#46;<\/p>\n","protected":false},"author":6371,"featured_media":0,"parent":3750,"menu_order":0,"comment_status":"closed","ping_status":"closed","template":"","meta":{"ngg_post_thumbnail":0,"footnotes":"","_mc_calendar":[]},"aioseo_notices":[],"_links":{"self":[{"href":"https:\/\/blogsaverroes.juntadeandalucia.es\/ceperalmaden\/wp-json\/wp\/v2\/pages\/3768"}],"collection":[{"href":"https:\/\/blogsaverroes.juntadeandalucia.es\/ceperalmaden\/wp-json\/wp\/v2\/pages"}],"about":[{"href":"https:\/\/blogsaverroes.juntadeandalucia.es\/ceperalmaden\/wp-json\/wp\/v2\/types\/page"}],"author":[{"embeddable":true,"href":"https:\/\/blogsaverroes.juntadeandalucia.es\/ceperalmaden\/wp-json\/wp\/v2\/users\/6371"}],"replies":[{"embeddable":true,"href":"https:\/\/blogsaverroes.juntadeandalucia.es\/ceperalmaden\/wp-json\/wp\/v2\/comments?post=3768"}],"version-history":[{"count":7,"href":"https:\/\/blogsaverroes.juntadeandalucia.es\/ceperalmaden\/wp-json\/wp\/v2\/pages\/3768\/revisions"}],"predecessor-version":[{"id":3807,"href":"https:\/\/blogsaverroes.juntadeandalucia.es\/ceperalmaden\/wp-json\/wp\/v2\/pages\/3768\/revisions\/3807"}],"up":[{"embeddable":true,"href":"https:\/\/blogsaverroes.juntadeandalucia.es\/ceperalmaden\/wp-json\/wp\/v2\/pages\/3750"}],"wp:attachment":[{"href":"https:\/\/blogsaverroes.juntadeandalucia.es\/ceperalmaden\/wp-json\/wp\/v2\/media?parent=3768"}],"curies":[{"name":"wp","href":"https:\/\/api.w.org\/{rel}","templated":true}]}}

Policía Local

<p style="text-align: justify">El Cuerpo de Policía Local es un instituto armado,&nbsp;<sup id="cite_ref-1" class="reference separada"></sup>de naturaleza civil con estructura y organización jerarquizada, rigiéndose, en cuanto a su régimen estatutario, por los principios generales de los Capítulos II y III del Título I y por la sección cuarta del Capítulo IV del Título II de la Ley Orgánica 2/86&nbsp;de Fuerzas y Cuerpos de Seguridad, con adecuación que exija la dependencia de la administración correspondiente, las disposiciones dictadas al respecto por las Comunidades Autónomas y los reglamentos específicos para cada cuerpo y demás normas dictadas por los correspondientes ayuntamientos (<a href="https://es.wikipedia.org/wiki/Polic%C3%ADa_local_de_España" target="_blank" rel="noopener">wikipedia</a>).</p>
<table style="width: 755px">
<tbody>
<tr style="height: 24px">
<td style="width: 229.53125px;height: 24px;text-align: left"><strong>Enlaces:</strong></td>
<td style="width: 529.46875px;height: 24px;text-align: left">&nbsp;</td>
</tr>
<tr style="height: 24px">
<td style="width: 229.53125px;height: 24px;text-align: left"><a href="https://ws054.juntadeandalucia.es/eureka2/eureka-demandantes/listadoOfertasPublicas.do?seleccionado=/es/empleo/ofertasEmpleo/&amp;linkActivo=ofertasEmpleoPublico" target="_blank" rel="noopener">Oferta empleo Policía Local</a></td>
<td style="width: 529.46875px;height: 24px;text-align: left">Listado de oferta de empleo público de Policía Local en el ámbito regional.</td>
</tr>
<tr style="height: 24px">
<td style="width: 229.53125px;height: 24px;text-align: left"><a href="https://www.policia.es/cnp/normativa/normativa_lo_1986_02_tit_5_cap_1.html" target="_blank" rel="noopener">Ley Policía Local</a></td>
<td style="width: 529.46875px;height: 24px;text-align: left">La Policía Local en la&nbsp;Ley Orgánica 2/86, de 13 de Marzo, de Fuerzas y Cuerpos de Seguridad</td>
</tr>
<tr style="height: 24.82501220703125px">
<td style="width: 229.53125px;height: 24.82501220703125px;text-align: left"><a href="http://www.aytojaen.es/portal/p_20_contenedor1.jsp?seccion=s_ldes_d1_v1.jsp&amp;codbusqueda=160&amp;language=es&amp;codResi=1&amp;codMenuPN=4&amp;codMenuSN=110&amp;codMenu=203&amp;layout=p_20_contenedor1.jsp" target="_blank" rel="noopener">Policía Local Jaén</a></td>
<td style="width: 529.46875px;height: 24.82501220703125px;text-align: left">&nbsp;Información sobre la Policía Local de Jaén</td>
</tr>
</tbody>
</table>

<p>El Cuerpo de Policía Local es un instituto armado,&nbsp;de naturaleza civil con estructura y organización jerarquizada, rigiéndose, en cuanto a su régimen estatutario, por los principios generales de los Capítulos II y III del Título&#46;&#46;&#46;</p>
