{"id":3771,"date":"2019-02-01T22:17:12","date_gmt":"2019-02-01T22:17:12","guid":{"rendered":"https:\/\/blogsaverroes.juntadeandalucia.es\/ceperalmaden\/?page_id=3771"},"modified":"2019-02-01T23:16:53","modified_gmt":"2019-02-01T23:16:53","slug":"fuerzas-armadas","status":"publish","type":"page","link":"https:\/\/blogsaverroes.juntadeandalucia.es\/ceperalmaden\/empleo\/fuerzas-armadas\/","title":{"rendered":"Fuerzas Armadas"},"content":{"rendered":"<p style=\"text-align: justify\">Tienes tres opciones: Ej\u00e9rcito de Tierra, Armada y Ej\u00e9rcito del Aire.<\/p>\n<p style=\"text-align: justify\">En los tres casos puedes elegir dos modalidades de acceso: escala b\u00e1sica: tropa y mariner\u00eda o escala superior: suboficiales y oficiales. Una vez dentro del ej\u00e9rcito y terminada tu formaci\u00f3n podr\u00e1s desarrollar tu carrera militar por ciclos de 2 a 6 a\u00f1os definitivamente o volver a la vida civil. La formaci\u00f3n obtenida en el ej\u00e9rcito es oficial y equivalente a la de T\u00e9cnico en Formaci\u00f3n Profesional de grado medio (caso de tropa y mariner\u00eda) o titulaci\u00f3n universitaria (caso de suboficiales y oficiales). Al salir como oficial de las fuerzas armadas, adem\u00e1s obtendr\u00e1s la titulaci\u00f3n de graduado en ingenier\u00eda industrial.<\/p>\n<table style=\"width: 753px\">\n<tbody>\n<tr style=\"height: 48.225006103515625px\">\n<td style=\"width: 174.546875px;height: 48.225006103515625px;text-align: left\"><strong>Enlaces:<\/strong><\/td>\n<td style=\"width: 585.453125px;height: 48.225006103515625px;text-align: left\">&nbsp;<\/td>\n<\/tr>\n<tr style=\"height: 48.225006103515625px\">\n<td style=\"width: 174.546875px;height: 48.225006103515625px;text-align: left\"><a href=\"http:\/\/www.reclutamiento.defensa.gob.es\/como-ingresar\/\" target=\"_blank\" rel=\"noopener\">Ingreso y requisitos<\/a><\/td>\n<td style=\"width: 585.453125px;height: 48.225006103515625px;text-align: left\">Formas de ingreso en las Fuerzas Armadas<\/td>\n<\/tr>\n<tr style=\"height: 24px\">\n<td style=\"width: 174.546875px;height: 24px;text-align: left\"><a href=\"http:\/\/www.reclutamiento.defensa.gob.es\/upload\/la-profesion-militar-2018.pdf\" target=\"_blank\" rel=\"noopener\">Informaci\u00f3n general<\/a><\/td>\n<td style=\"width: 585.453125px;height: 24px;text-align: left\">Informaci\u00f3n sobre las Fuerzas Armadas, qu\u00e9 ofrecen y c\u00f3mo ingresar<\/td>\n<\/tr>\n<tr style=\"height: 24px\">\n<td style=\"width: 174.546875px;height: 24px;text-align: left\"><a href=\"https:\/\/www.youtube.com\/watch?v=aWH7EPN-NPw&amp;feature=youtu.be\" target=\"_blank\" rel=\"noopener\">Video Tropa<\/a><\/td>\n<td style=\"width: 585.453125px;height: 24px;text-align: left\">Video sobre el trabajo profesional de Tropa<\/td>\n<\/tr>\n<tr style=\"height: 24px\">\n<td style=\"width: 174.546875px;height: 24px;text-align: left\"><a href=\"https:\/\/www.youtube.com\/watch?v=UFfIyfFvrrY&amp;feature=youtu.be\" target=\"_blank\" rel=\"noopener\">Video Oficial<\/a><\/td>\n<td style=\"width: 585.453125px;height: 24px;text-align: left\">Video sobre el trabajo profesional de Oficial<\/td>\n<\/tr>\n<\/tbody>\n<\/table>\n","protected":false},"excerpt":{"rendered":"<p>Tienes tres opciones: Ej\u00e9rcito de Tierra, Armada y Ej\u00e9rcito del Aire. En los tres casos puedes elegir dos modalidades de acceso: escala b\u00e1sica: tropa y mariner\u00eda o escala superior: suboficiales y oficiales. Una vez dentro&#46;&#46;&#46;<\/p>\n","protected":false},"author":6371,"featured_media":0,"parent":3750,"menu_order":0,"comment_status":"closed","ping_status":"closed","template":"","meta":{"ngg_post_thumbnail":0,"footnotes":"","_mc_calendar":[]},"aioseo_notices":[],"_links":{"self":[{"href":"https:\/\/blogsaverroes.juntadeandalucia.es\/ceperalmaden\/wp-json\/wp\/v2\/pages\/3771"}],"collection":[{"href":"https:\/\/blogsaverroes.juntadeandalucia.es\/ceperalmaden\/wp-json\/wp\/v2\/pages"}],"about":[{"href":"https:\/\/blogsaverroes.juntadeandalucia.es\/ceperalmaden\/wp-json\/wp\/v2\/types\/page"}],"author":[{"embeddable":true,"href":"https:\/\/blogsaverroes.juntadeandalucia.es\/ceperalmaden\/wp-json\/wp\/v2\/users\/6371"}],"replies":[{"embeddable":true,"href":"https:\/\/blogsaverroes.juntadeandalucia.es\/ceperalmaden\/wp-json\/wp\/v2\/comments?post=3771"}],"version-history":[{"count":8,"href":"https:\/\/blogsaverroes.juntadeandalucia.es\/ceperalmaden\/wp-json\/wp\/v2\/pages\/3771\/revisions"}],"predecessor-version":[{"id":3805,"href":"https:\/\/blogsaverroes.juntadeandalucia.es\/ceperalmaden\/wp-json\/wp\/v2\/pages\/3771\/revisions\/3805"}],"up":[{"embeddable":true,"href":"https:\/\/blogsaverroes.juntadeandalucia.es\/ceperalmaden\/wp-json\/wp\/v2\/pages\/3750"}],"wp:attachment":[{"href":"https:\/\/blogsaverroes.juntadeandalucia.es\/ceperalmaden\/wp-json\/wp\/v2\/media?parent=3771"}],"curies":[{"name":"wp","href":"https:\/\/api.w.org\/{rel}","templated":true}]}}

<p style="text-align: justify">Tienes tres opciones: Ejército de Tierra, Armada y Ejército del Aire.</p>
<p style="text-align: justify">En los tres casos puedes elegir dos modalidades de acceso: escala básica: tropa y marinería o escala superior: suboficiales y oficiales. Una vez dentro del ejército y terminada tu formación podrás desarrollar tu carrera militar por ciclos de 2 a 6 años definitivamente o volver a la vida civil. La formación obtenida en el ejército es oficial y equivalente a la de Técnico en Formación Profesional de grado medio (caso de tropa y marinería) o titulación universitaria (caso de suboficiales y oficiales). Al salir como oficial de las fuerzas armadas, además obtendrás la titulación de graduado en ingeniería industrial.</p>
<table style="width: 753px">
<tbody>
<tr style="height: 48.225006103515625px">
<td style="width: 174.546875px;height: 48.225006103515625px;text-align: left"><strong>Enlaces:</strong></td>
<td style="width: 585.453125px;height: 48.225006103515625px;text-align: left">&nbsp;</td>
</tr>
<tr style="height: 48.225006103515625px">
<td style="width: 174.546875px;height: 48.225006103515625px;text-align: left"><a href="http://www.reclutamiento.defensa.gob.es/como-ingresar/" target="_blank" rel="noopener">Ingreso y requisitos</a></td>
<td style="width: 585.453125px;height: 48.225006103515625px;text-align: left">Formas de ingreso en las Fuerzas Armadas</td>
</tr>
<tr style="height: 24px">
<td style="width: 174.546875px;height: 24px;text-align: left"><a href="http://www.reclutamiento.defensa.gob.es/upload/la-profesion-militar-2018.pdf" target="_blank" rel="noopener">Información general</a></td>
<td style="width: 585.453125px;height: 24px;text-align: left">Información sobre las Fuerzas Armadas, qué ofrecen y cómo ingresar</td>
</tr>
<tr style="height: 24px">
<td style="width: 174.546875px;height: 24px;text-align: left"><a href="https://www.youtube.com/watch?v=aWH7EPN-NPw&amp;feature=youtu.be" target="_blank" rel="noopener">Video Tropa</a></td>
<td style="width: 585.453125px;height: 24px;text-align: left">Video sobre el trabajo profesional de Tropa</td>
</tr>
<tr style="height: 24px">
<td style="width: 174.546875px;height: 24px;text-align: left"><a href="https://www.youtube.com/watch?v=UFfIyfFvrrY&amp;feature=youtu.be" target="_blank" rel="noopener">Video Oficial</a></td>
<td style="width: 585.453125px;height: 24px;text-align: left">Video sobre el trabajo profesional de Oficial</td>
</tr>
</tbody>
</table>

<p>Tienes tres opciones: Ejército de Tierra, Armada y Ejército del Aire. En los tres casos puedes elegir dos modalidades de acceso: escala básica: tropa y marinería o escala superior: suboficiales y oficiales. Una vez dentro&#46;&#46;&#46;</p>
